000
CXUS54 KMEG 010900
CF6JBR
PRELIMINARY LOCAL CLIMATOLOGICAL DATA (WS FORM: F-6)
STATION: JONESBORO
MONTH: SEPTEMBER
YEAR: 2023
LATITUDE: 35 49 N
LONGITUDE: 90 39 W
TEMPERATURE IN F: :PCPN: SNOW: WIND :SUNSHINE: SKY :PK WND
================================================================================
1 2 3 4 5 6A 6B 7 8 9 10 11 12 13 14 15 16 17 18
12Z AVG MX 2MIN
DY MAX MIN AVG DEP HDD CDD WTR SNW DPTH SPD SPD DIR MIN PSBL S-S WX SPD DR
================================================================================
1 87 60 74 -3 0 9 0.00 M M 5.3 12 90 M M 0 8 14 30
2 90 65 78 1 0 13 0.00 M M 4.8 15 130 M M 4 17 100
3 89 71 80 3 0 15 0.00 M M 3.3 9 170 M M 6 12 180
4 96 72 84 7 0 19 1.53 M M 6.7 20 270 M M 4 13 27 280
5 90 72 81 5 0 16 T M M 8.3 16 240 M M 4 3 22 220
6 93 69 81 5 0 16 0.32 M M 7.5 22 320 M M 2 13 32 310
7 87 66 77 1 0 12 0.00 M M 3.9 10 60 M M 0 17 310
8 85 63 74 -2 0 9 0.00 M M 5.0 14 360 M M 0 18 19 50
9 84 64 74 -1 0 9 0.00 M M 8.0 17 10 M M 1 23 20
10 86 62 74 -1 0 9 0.00 M M 7.0 14 40 M M 1 18 50
11 87 61 74 -1 0 9 0.00 M M 2.6 9 320 M M 0 12 310
12 81 68 75 1 0 10 0.05 M M 7.1 14 40 M M 5 17 50
13 84 60 72 -2 0 7 0.00 M M 8.4 16 50 M M 4 25 70
14 85 59 72 -2 0 7 0.00 M M 8.3 21 70 M M 0 25 70
15 85 55 70 -4 0 5 0.00 M M 5.8 13 10 M M 0 17 30
16 87 59 73 0 0 8 0.00 M M 3.8 13 20 M M 1 16 30
17 87 60 74 1 0 9 0.00 M M 6.1 15 290 M M 2 21 290
18 84 54 69 -4 0 4 0.00 M M 2.5 9 40 M M 0 8 11 70
19 88 53 71 -1 0 6 0.00 M M 5.1 16 180 M M 0 1 24 180
20 77 63 70 -2 0 5 0.04 M M 4.8 15 140 M M 5 8 19 130
21 91 62 77 5 0 12 0.00 M M 6.2 15 120 M M 2 1 19 210
22 88 66 77 6 0 12 0.00 M M 3.7 13 290 M M 2 8 16 280
23 91 62 77 6 0 12 0.00 M M 3.4 10 150 M M 0 15 120
24 84 69 77 6 0 12 T M M 5.3 14 60 M M 4 8 18 60
25 93 68 81 11 0 16 0.00 M M 4.0 10 30 M M 3 13 20
26 94 61 78 8 0 13 0.00 M M 0.7 8 70 M M 1 8 12 50
27 96 63 80 10 0 15 0.00 M M 2.6 12 250 M M 0 15 230
28 94 67 81 12 0 16 0.00 M M 5.2 17 200 M M 1 20 230
29 95 68 82 13 0 17 0.00 M M 4.0 13 230 M M 1 8 17 240
30 95 65 80 12 0 15 0.00 M M 3.6 10 60 M M 1 8 13 130
================================================================================
SM 2653 1907 0 337 1.94 M 153.0 M 54
================================================================================
AV 88.4 63.6 5.1 FASTST M M 2 MAX(MPH)
MISC ----> 22 320 32 310
================================================================================
NOTES:
# LAST OF SEVERAL OCCURRENCES
COLUMN 17 PEAK WIND IN M.P.H.
PRELIMINARY LOCAL CLIMATOLOGICAL DATA (WS FORM: F-6) , PAGE 2
STATION: JONESBORO
MONTH: SEPTEMBER
YEAR: 2023
LATITUDE: 35 49 N
LONGITUDE: 90 39 W
[TEMPERATURE DATA] [PRECIPITATION DATA] SYMBOLS USED IN COLUMN 16
AVERAGE MONTHLY: 76.0 TOTAL FOR MONTH: 1.94 1 = FOG OR MIST
DPTR FM NORMAL: 2.8 DPTR FM NORMAL: -1.36 2 = FOG REDUCING VISIBILITY
HIGHEST: 96 ON 27, 4 GRTST 24HR 1.53 ON 4- 4 TO 1/4 MILE OR LESS
LOWEST: 53 ON 19 3 = THUNDER
SNOW, ICE PELLETS, HAIL 4 = ICE PELLETS
TOTAL MONTH: 0.0 INCH 5 = HAIL
GRTST 24HR M ON M 6 = FREEZING RAIN OR DRIZZLE
GRTST DEPTH: 0 7 = DUSTSTORM OR SANDSTORM:
VSBY 1/2 MILE OR LESS
8 = SMOKE OR HAZE
[NO. OF DAYS WITH] [WEATHER - DAYS WITH] 9 = BLOWING SNOW
X = TORNADO
MAX 32 OR BELOW: 0 0.01 INCH OR MORE: 4
MAX 90 OR ABOVE: 12 0.10 INCH OR MORE: 2
MIN 32 OR BELOW: 0 0.50 INCH OR MORE: 1
MIN 0 OR BELOW: 0 1.00 INCH OR MORE: 1
[HDD (BASE 65) ]
TOTAL THIS MO. 0 CLEAR (SCALE 0-3) 22
DPTR FM NORMAL -13 PTCLDY (SCALE 4-7) 8
TOTAL FM JUL 1 0 CLOUDY (SCALE 8-10) 0
DPTR FM NORMAL -11
[CDD (BASE 65) ]
TOTAL THIS MO. 337
DPTR FM NORMAL 77 [PRESSURE DATA]
TOTAL FM JAN 1 2005 HIGHEST SLP 30.16 ON 30
DPTR FM NORMAL 85 LOWEST SLP 29.83 ON 4
[REMARKS]
#FINAL-09-23#