000
CXUS55 KGGW 010810
CF6JDN
PRELIMINARY LOCAL CLIMATOLOGICAL DATA (WS FORM: F-6)
STATION: JORDAN ASOS MT
MONTH: MARCH
YEAR: 2022
LATITUDE: 47 19 N
LONGITUDE: 106 50 W
TEMPERATURE IN F: :PCPN: SNOW: WIND :SUNSHINE: SKY :PK WND
================================================================================
1 2 3 4 5 6A 6B 7 8 9 10 11 12 13 14 15 16 17 18
12Z AVG MX 2MIN
DY MAX MIN AVG DEP HDD CDD WTR SNW DPTH SPD SPD DIR MIN PSBL S-S WX SPD DR
================================================================================
1 65 35 50 23 15 0 0.00 M M 6.2 20 290 M M 0 27 280
2 42 32 37 9 28 0 0.07 M M 8.7 17 50 M M 0 22 40
3 36 31 34 6 31 0 0.09 M M 12.4 20 130 M M 0 25 130
4 34 19 27 -1 38 0 0.00 M M 12.2 23 340 M M 0 30 340
5 24 13 19 -10 46 0 0.00 M M 15.0 26 320 M M 0 33 310
6 31 10 21 -8 44 0 0.00 M M 7.8 18 330 M M 0 24 330
7 47 13 30 0 35 0 0.02 M M 13.4 29 330 M M 0 39 350
8 26 6 16 -14 49 0 0.00 M M 16.9 30 330 M M 0 38 310
9 18 2 10 -21 55 0 0.00 M M 10.1 25 310 M M 0 32 300
10 32 1 17 -14 48 0 0.00 M M 16.4 38 320 M M 0 53 300
11 29 -3 13 -19 52 0 0.00 M M 5.6 16 170 M M 0 20 170
12 58 28 43 11 22 0 0.00 M M 8.2 30 320 M M 0 45 280
13 44 25 35 3 30 0 0.00 M M 7.0 16 60 M M 0 22 70
14 60 29 45 12 20 0 0.00 M M 8.8 23 260 M M 0 34 270
15 70 32 51 18 14 0 0.00 M M 10.3 26 270 M M 0 38 290
16 53 30 42 8 23 0 0.05 M M 10.5 22 310 M M 0 29 310
17 58 29 44 10 21 0 0.00 M M 9.3 18 280 M M 0 24 250
18 59 27 43 9 22 0 0.00 M M 9.5 28 310 M M 0 39 280
19 66 25 46 11 19 0 0.00 M M 5.3 17 200 M M 0 23 200
20 54 32 43 8 22 0 0.00 M M 13.9 32 290 M M 0 47 290
21 55 28 42 6 23 0 0.00 M M 11.6 25 300 M M 0 34 290
22 60 24 42 6 23 0 0.00 M M 11.6 25 330 M M 0 33 320
23 70 20 45 9 20 0 0.00 M M 4.7 15 220 M M 0 23 230
24 58 25 42 5 23 0 0.00 M M 16.9 36 310 M M 0 61 290
25 54 20 37 0 28 0 0.00 M M 7.1 18 90 M M 0 26 80
26 54 29 42 4 23 0 0.00 M M 14.0 26 120 M M 0 34 120
27 67 30 49 11 16 0 0.00 M M 8.4 15 110 M M 0 22 140
28 82 37 60 22 5 0 0.00 M M 8.7 22 320 M M 0 30 320
29 58 23 41 2 24 0 0.00 M M 19.1 32 330 M M 0 41 340
30 58 16 37 -2 28 0 0.00 M M 4.0 9 100 M M 0 14 110
31 57 29 43 4 22 0 0.00 M M 12.1 24 330 M M 0 36 310
================================================================================
SM 1579 697 869 0 0.23 M 325.7 M 0
================================================================================
AV 50.9 22.5 10.5 FASTST M M 0 MAX(MPH)
MISC ----> 38 320 61 290
================================================================================
NOTES:
# LAST OF SEVERAL OCCURRENCES
COLUMN 17 PEAK WIND IN M.P.H.
PRELIMINARY LOCAL CLIMATOLOGICAL DATA (WS FORM: F-6) , PAGE 2
STATION: JORDAN ASOS MT
MONTH: MARCH
YEAR: 2022
LATITUDE: 47 19 N
LONGITUDE: 106 50 W
[TEMPERATURE DATA] [PRECIPITATION DATA] SYMBOLS USED IN COLUMN 16
AVERAGE MONTHLY: 36.7 TOTAL FOR MONTH: 0.23 1 = FOG OR MIST
DPTR FM NORMAL: 3.2 DPTR FM NORMAL: -0.22 2 = FOG REDUCING VISIBILITY
HIGHEST: 82 ON 28 GRTST 24HR 0.16 ON 2- 3 TO 1/4 MILE OR LESS
LOWEST: -3 ON 11 3 = THUNDER
SNOW, ICE PELLETS, HAIL 4 = ICE PELLETS
TOTAL MONTH: M 5 = HAIL
GRTST 24HR M ON M 6 = FREEZING RAIN OR DRIZZLE
GRTST DEPTH: M ON M 7 = DUSTSTORM OR SANDSTORM:
VSBY 1/2 MILE OR LESS
8 = SMOKE OR HAZE
[NO. OF DAYS WITH] [WEATHER - DAYS WITH] 9 = BLOWING SNOW
X = TORNADO
MAX 32 OR BELOW: 6 0.01 INCH OR MORE: 4
MAX 90 OR ABOVE: 0 0.10 INCH OR MORE: 0
MIN 32 OR BELOW: 29 0.50 INCH OR MORE: 0
MIN 0 OR BELOW: 1 1.00 INCH OR MORE: 0
[HDD (BASE 65) ]
TOTAL THIS MO. 869 CLEAR (SCALE 0-3) 31
DPTR FM NORMAL -106 PTCLDY (SCALE 4-7) 0
TOTAL FM JUL 1 6065 CLOUDY (SCALE 8-10) 0
DPTR FM NORMAL -862
[CDD (BASE 65) ]
TOTAL THIS MO. 0
DPTR FM NORMAL 0 [PRESSURE DATA]
TOTAL FM JAN 1 0 HIGHEST SLP M ON M
DPTR FM NORMAL 0 LOWEST SLP 29.42 ON 28
[REMARKS]
#FINAL-03-22#