000
CXUS53 KJKL 011310
CF6JKL
PRELIMINARY LOCAL CLIMATOLOGICAL DATA (WS FORM: F-6)
STATION: JACKSON KY
MONTH: MARCH
YEAR: 2023
LATITUDE: 37 35 N
LONGITUDE: 83 19 W
TEMPERATURE IN F: :PCPN: SNOW: WIND :SUNSHINE: SKY :PK WND
================================================================================
1 2 3 4 5 6A 6B 7 8 9 10 11 12 13 14 15 16 17 18
12Z AVG MX 2MIN
DY MAX MIN AVG DEP HDD CDD WTR SNW DPTH SPD SPD DIR MIN PSBL S-S WX SPD DR
================================================================================
1 79 51 65 22 0 0 0.13 0.0 0 7.4 20 280 M M 1 13 36 280
2 60 51 56 12 9 0 0.28 0.0 0 2.5 8 50 M M 7 12 14 50
3 71 45 58 14 7 0 0.48 0.0 0 10.3 29 240 M M 9 13 65 250
4 57 41 49 5 16 0 0.00 0.0 0 5.2 18 260 M M 6 41 250
5 64 39 52 8 13 0 0.00 0.0 0 1.8 8 70 M M 0 14 90
6 76 47 62 17 3 0 0.00 0.0 0 5.9 14 190 M M 0 24 180
7 64 37 51 6 14 0 0.00 0.0 0 5.4 14 330 M M 4 24 310
8 46 29 38 -7 27 0 0.00 0.0 0 4.4 9 60 M M 2 17 60
9 63 37 50 4 15 0 0.06 0.0 0 3.8 9 60 M M 9 17 30
10 49 37 43 -3 22 0 0.13 T 0 8.4 22 300 M M 10 12 33 250
11 49 34 42 -4 23 0 T 0.0 0 3.1 13 330 M M 6 1 20 330
12 39 33 36 -10 29 0 0.09 T 0 4.2 10 300 M M 10 12 17 310
13 38 30 34 -13 31 0 0.03 T 0 5.3 17 300 M M 10 1 27 280
14 34 27 31 -16 34 0 0.01 0.1 T 7.2 16 330 M M 8 1 29 300
15 52 22 37 -10 28 0 0.00 0.0 0 1.8 7 230 M M 0 11 170
16 65 34 50 2 15 0 0.00 0.0 0 6.5 14 200 M M 0 28 180
17 58 32 45 -3 20 0 0.35 0.0 0 7.7 21 310 M M 10 1 33 210
18 44 24 34 -14 31 0 T T 0 7.4 20 290 M M 4 30 300
19 35 20 28 -21 37 0 T 0.2 T 4.5 12 300 M M 5 17 240
20 51 20 36 -13 29 0 0.00 0.0 0 2.7 8 180 M M 0 13 320
21 65 32 49 0 16 0 T 0.0 0 4.2 14 240 M M 3 24 200
22 56 44 50 0 15 0 0.11 0.0 0 6.4 13 220 M M 10 1 22 220
23 81 55 68 18 0 3 0.00 0.0 0 8.1 17 250 M M 9 32 270
24 69 56 63 13 2 0 0.49 0.0 0 4.0 10 350 M M 8 1 20 350
25 75 51 63 12 2 0 0.56 0.0 0 10.0 26 230 M M 3 13 55 260
26 72 43 58 7 7 0 0.00 0.0 0 3.8 9 240 M M 0 15 270
27 68 46 57 6 8 0 0.00 0.0 0 6.4 18 310 M M 1 27 310
28 57 38 48 -4 17 0 T 0.0 0 3.9 14 320 M M 5 24 330
29 60 35 48 -4 17 0 0.00 0.0 0 2.9 14 300 M M 0 21 240
30 66 37 52 0 13 0 0.00 0.0 0 3.5 9 200 M M 0 14 170
31 64 47 56 3 9 0 1.37 0.0 0 8.2 17 200 M M 8 13 32 180
================================================================================
SM 1827 1174 509 3 4.09 0.3 166.9 M 148
================================================================================
AV 58.9 37.9 5.4 FASTST M M 5 MAX(MPH)
MISC ----> 29 240 65 250
================================================================================
NOTES:
# LAST OF SEVERAL OCCURRENCES
COLUMN 17 PEAK WIND IN M.P.H.
PRELIMINARY LOCAL CLIMATOLOGICAL DATA (WS FORM: F-6) , PAGE 2
STATION: JACKSON KY
MONTH: MARCH
YEAR: 2023
LATITUDE: 37 35 N
LONGITUDE: 83 19 W
[TEMPERATURE DATA] [PRECIPITATION DATA] SYMBOLS USED IN COLUMN 16
AVERAGE MONTHLY: 48.4 TOTAL FOR MONTH: 4.09 1 = FOG OR MIST
DPTR FM NORMAL: 0.6 DPTR FM NORMAL: -0.62 2 = FOG REDUCING VISIBILITY
HIGHEST: 81 ON 23 GRTST 24HR 1.37 ON 31-31 TO 1/4 MILE OR LESS
LOWEST: 20 ON 20,19 3 = THUNDER
SNOW, ICE PELLETS, HAIL 4 = ICE PELLETS
TOTAL MONTH: 0.3 INCH 5 = HAIL
GRTST 24HR 0.2 ON 19-19 6 = FREEZING RAIN OR DRIZZLE
GRTST DEPTH: T 7 = DUSTSTORM OR SANDSTORM:
VSBY 1/2 MILE OR LESS
8 = SMOKE OR HAZE
[NO. OF DAYS WITH] [WEATHER - DAYS WITH] 9 = BLOWING SNOW
X = TORNADO
MAX 32 OR BELOW: 0 0.01 INCH OR MORE: 13
MAX 90 OR ABOVE: 0 0.10 INCH OR MORE: 9
MIN 32 OR BELOW: 9 0.50 INCH OR MORE: 2
MIN 0 OR BELOW: 0 1.00 INCH OR MORE: 1
[HDD (BASE 65) ]
TOTAL THIS MO. 509 CLEAR (SCALE 0-3) 12
DPTR FM NORMAL -32 PTCLDY (SCALE 4-7) 9
TOTAL FM JUL 1 3145 CLOUDY (SCALE 8-10) 10
DPTR FM NORMAL -580
[CDD (BASE 65) ]
TOTAL THIS MO. 3
DPTR FM NORMAL -5 [PRESSURE DATA]
TOTAL FM JAN 1 6 HIGHEST SLP 30.46 ON 8
DPTR FM NORMAL -3 LOWEST SLP 29.02 ON 3
[REMARKS]
#FINAL-03-23#