000
CXUS53 KJKL 011411
CF6JKL
PRELIMINARY LOCAL CLIMATOLOGICAL DATA (WS FORM: F-6)
STATION: JACKSON KY
MONTH: NOVEMBER
YEAR: 2023
LATITUDE: 37 35 N
LONGITUDE: 83 19 W
TEMPERATURE IN F: :PCPN: SNOW: WIND :SUNSHINE: SKY :PK WND
================================================================================
1 2 3 4 5 6A 6B 7 8 9 10 11 12 13 14 15 16 17 18
12Z AVG MX 2MIN
DY MAX MIN AVG DEP HDD CDD WTR SNW DPTH SPD SPD DIR MIN PSBL S-S WX SPD DR
================================================================================
1 45 28 37 -16 28 0 0.00 0.0 0 2.4 9 340 M M 3 16 280
2 55 29 42 -11 23 0 0.00 0.0 0 2.6 10 170 M M 0 16 170
3 64 39 52 0 13 0 0.00 0.0 0 4.7 13 170 M M 0 20 170
4 71 47 59 7 6 0 0.00 0.0 0 4.6 12 250 M M 0 8 19 280
5 67 50 59 7 6 0 0.00 0.0 0 2.4 8 300 M M 1 8 13 300
6 73 42 58 7 7 0 0.00 0.0 0 4.0 12 210 M M 0 8 20 210
7 76 62 69 18 0 4 0.00 0.0 0 3.5 10 180 M M 6 17 200
8 80 57 69 19 0 4 0.00 0.0 0 5.3 16 180 M M 2 18 26 160
9 74 52 63 13 2 0 T 0.0 0 5.3 13 310 M M 9 18 23 200
10 55 44 50 0 15 0 0.30 0.0 0 2.1 8 30 M M 6 1 16 40
11 58 38 48 -2 17 0 0.00 0.0 0 2.7 6 50 M M 0 1 12 60
12 60 37 49 0 16 0 0.00 0.0 0 3.1 7 50 M M 0 12 40
13 65 38 52 3 13 0 0.00 0.0 0 3.6 9 250 M M 0 16 290
14 60 42 51 3 14 0 0.00 0.0 0 3.5 7 50 M M 0 12 60
15 70 46 58 10 7 0 0.00 0.0 0 2.1 7 310 M M 0 12 310
16 73 49 61 13 4 0 0.00 0.0 0 3.0 8 130 M M 0 17 140
17 72 57 65 17 0 0 0.52 0.0 0 5.2 12 230 M M 8 12 26 220
18 57 40 49 2 16 0 T 0.0 0 2.9 9 10 M M 5 1 17 20
19 58 33 46 -1 19 0 0.00 0.0 0 2.2 7 50 M M 0 13 50
20 59 43 51 5 14 0 0.01 0.0 0 3.8 10 140 M M 5 20 140
21 57 44 51 5 14 0 0.79 0.0 0 4.9 15 300 M M 10 12 23 300
22 44 39 42 -4 23 0 T 0.0 0 3.4 16 300 M M 10 1 26 300
23 51 34 43 -3 22 0 0.00 0.0 0 2.9 8 260 M M 2 12 14 190
24 54 36 45 0 20 0 0.00 0.0 0 2.5 8 40 M M 2 16 30
25 53 30 42 -3 23 0 0.00 0.0 0 2.9 8 50 M M 0 15 50
26 54 42 48 3 17 0 0.10 0.0 0 5.7 17 290 M M 5 1 34 330
27 42 30 36 -8 29 0 T T 0 6.7 18 290 M M 7 33 280
28 35 24 30 -14 35 0 0.00 0.0 0 6.0 17 280 M M 3 30 280
29 51 20 36 -8 29 0 0.00 0.0 0 5.6 15 230 M M 0 25 210
30 60 39 50 6 15 0 0.00 0.0 0 5.9 12 180 M M 0 22 230
================================================================================
SM 1793 1211 447 8 1.72 T 115.5 M 84
================================================================================
AV 59.8 40.4 3.8 FASTST M M 3 MAX(MPH)
MISC ----> 18 290 34 330
================================================================================
NOTES:
# LAST OF SEVERAL OCCURRENCES
COLUMN 17 PEAK WIND IN M.P.H.
PRELIMINARY LOCAL CLIMATOLOGICAL DATA (WS FORM: F-6) , PAGE 2
STATION: JACKSON KY
MONTH: NOVEMBER
YEAR: 2023
LATITUDE: 37 35 N
LONGITUDE: 83 19 W
[TEMPERATURE DATA] [PRECIPITATION DATA] SYMBOLS USED IN COLUMN 16
AVERAGE MONTHLY: 50.1 TOTAL FOR MONTH: 1.72 1 = FOG OR MIST
DPTR FM NORMAL: 2.0 DPTR FM NORMAL: -1.78 2 = FOG REDUCING VISIBILITY
HIGHEST: 80 ON 8 GRTST 24HR 0.79 ON 21-21 TO 1/4 MILE OR LESS
LOWEST: 20 ON 29 3 = THUNDER
SNOW, ICE PELLETS, HAIL 4 = ICE PELLETS
TOTAL MONTH: T 5 = HAIL
GRTST 24HR T ON 27-27 6 = FREEZING RAIN OR DRIZZLE
GRTST DEPTH: 0 7 = DUSTSTORM OR SANDSTORM:
VSBY 1/2 MILE OR LESS
8 = SMOKE OR HAZE
[NO. OF DAYS WITH] [WEATHER - DAYS WITH] 9 = BLOWING SNOW
X = TORNADO
MAX 32 OR BELOW: 0 0.01 INCH OR MORE: 5
MAX 90 OR ABOVE: 0 0.10 INCH OR MORE: 4
MIN 32 OR BELOW: 6 0.50 INCH OR MORE: 2
MIN 0 OR BELOW: 0 1.00 INCH OR MORE: 0
[HDD (BASE 65) ]
TOTAL THIS MO. 447 CLEAR (SCALE 0-3) 19
DPTR FM NORMAL -64 PTCLDY (SCALE 4-7) 7
TOTAL FM JUL 1 647 CLOUDY (SCALE 8-10) 4
DPTR FM NORMAL -137
[CDD (BASE 65) ]
TOTAL THIS MO. 8
DPTR FM NORMAL 4 [PRESSURE DATA]
TOTAL FM JAN 1 1122 HIGHEST SLP 30.50 ON 2
DPTR FM NORMAL -113 LOWEST SLP 29.79 ON 21
[REMARKS]
#FINAL-11-23#