000
CXUS53 KJKL 011435
CLSJKL
CLIMATE REPORT
NATIONAL WEATHER SERVICE JACKSON KY
1035 AM EDT THU SEP 01 2022
...................................
...THE JACKSON KY CLIMATE SUMMARY FOR THE SEASON, FROM
6/1/2022 TO 8/31/2022...
CLIMATE NORMAL PERIOD 1991 TO 2020
CLIMATE RECORD PERIOD 1981 TO 2022
WEATHER OBSERVED NORMAL DEPART LAST YEAR`S
VALUE DATE(S) VALUE FROM VALUE DATE(S)
NORMAL
................................................................
TEMPERATURE (F)
RECORD
HIGH 104 06/29/2012
LOW 44 06/07/1998
06/01/1993
06/10/1988
HIGHEST 95 06/16 MM MM 92 06/29
06/22
08/25
LOWEST 53 06/19 MM MM 52 06/23
AVG. MAXIMUM 84.9 83.9 1.0 84.1
AVG. MINIMUM 66.7 64.9 1.8 67.0
MEAN 75.8 74.4 1.4 75.5
DAYS MAX >= 90 15 11.6 3.4 11
DAYS MAX <= 32 0 0.0 0.0 0
DAYS MIN <= 32 0 0.0 0.0 0
DAYS MIN <= 0 0 0.0 0.0 0
PRECIPITATION (INCHES)
RECORD
MAXIMUM 23.02 2013
MINIMUM 7.37 1986
TOTALS 21.94 14.61 7.33 20.14
DAILY AVG. 0.24 0.16 0.08 0.22
DAYS >= .01 41 35.8 5.2 38
DAYS >= .10 32 24.5 7.5 28
DAYS >= .50 15 11.0 4.0 15
DAYS >= 1.00 6 3.9 2.1 8
GREATEST
24 HR. TOTAL 4.94 07/27 TO 07/28 2.92
SNOWFALL (INCHES)
RECORDS
TOTAL 0.0
24 HR TOTAL 0.0
TOTALS 0.0 0.0 0.0 0.0
SINCE 7/1 0.0 0.0 0.0 0.0
SNOWDEPTH AVG. 0 0
DAYS >= 1.0 0 0.0 0.0 0
GREATEST
24 HR TOTAL 0.0 0.0
DEGREE DAYS
HEATING TOTAL 0 10 -10 0
SINCE 7/1 0 0 0 0
COOLING TOTAL 1024 875 149 986
SINCE 1/1 1214 1034 180 1122
................................................................
WIND (MPH)
AVERAGE WIND SPEED 1.4
RESULTANT WIND SPEED/DIRECTION 1/110
HIGHEST WIND SPEED/DIRECTION 24/310 DATE 07/08
HIGHEST GUST SPEED/DIRECTION 40/220 DATE 06/17
SKY COVER
POSSIBLE SUNSHINE (PERCENT) MM
NUMBER OF DAYS FAIR 56
NUMBER OF DAYS PC 32
NUMBER OF DAYS CLOUDY 4
AVERAGE RH (PERCENT) 74
WEATHER CONDITIONS. NUMBER OF DAYS WITH
THUNDERSTORM 34 MIXED PRECIP 0
HEAVY RAIN 31 RAIN 25
LIGHT RAIN 45 FREEZING RAIN 0
LT FREEZING RAIN 0 HAIL 0
HEAVY SNOW 0 SNOW 0
LIGHT SNOW 0 SLEET 0
FOG 59 FOG W/VIS <= 1/4 MILE 27
HAZE 3
- INDICATES NEGATIVE NUMBERS.
R INDICATES RECORD WAS SET OR TIED.
MM INDICATES DATA IS MISSING.
T INDICATES TRACE AMOUNT.
$$
CARICO