000
CXUS51 KCTP 010900
CF6JST
PRELIMINARY LOCAL CLIMATOLOGICAL DATA (WS FORM: F-6)
STATION: JOHNSTOWN
MONTH: DECEMBER
YEAR: 2020
LATITUDE: 40 18 N
LONGITUDE: 78 50 W
TEMPERATURE IN F: :PCPN: SNOW: WIND :SUNSHINE: SKY :PK WND
================================================================================
1 2 3 4 5 6A 6B 7 8 9 10 11 12 13 14 15 16 17 18
12Z AVG MX 2MIN
DY MAX MIN AVG DEP HDD CDD WTR SNW DPTH SPD SPD DIR MIN PSBL S-S WX SPD DR
================================================================================
1 32 24 28 -5 37 0 0.06 M M 17.7 30 270 M M 10 12 40 240
2 29 25 27 -6 38 0 0.01 M M 19.8 31 270 M M 6 168 40 250
3 39 26 33 1 32 0 0.00 M M 11.4 22 240 M M 2 26 240
4 41 36 39 7 26 0 0.09 M M 6.7 21 240 M M 9 128 28 240
5 36 28 32 1 33 0 T M M 13.7 23 300 M M 10 1268 29 300
6 28 24 26 -5 39 0 0.00 M M 11.0 18 300 M M 10 24 300
7 25 22 24 -7 41 0 0.02 M M 10.6 20 300 M M 10 18 25 330
8 29 24 27 -3 38 0 0.00 M M 17.3 32 300 M M 10 39 290
9 34 25 30 0 35 0 0.00 M M 14.4 25 260 M M 9 18 33 250
10 45 32 39 9 26 0 0.00 M M 6.3 14 300 M M 5 18 18 300
11 59 36 48 18 17 0 0.00 M M 7.9 20 250 M M 0 27 240
12 59 40 50 21 15 0 0.05 M M 7.7 20 200 M M 5 25 200
13 52 34 43 14 22 0 0.01 M M 11.1 22 260 M M 10 1 29 270
14 34 24 29 0 36 0 0.07 M M 11.5 29 300 M M 10 12 38 300
15 28 22 25 -3 40 0 0.00 M M 8.6 24 300 M M 5 29 310
16 25 22 24 -4 41 0 0.70 M M 9.2 17 80 M M 7 128 27 130
17 29 22 26 -2 39 0 0.05 M M 4.6 10 280 M M 10 18 14 290
18 27 24 26 -2 39 0 T M M 9.4 21 300 M M 10 1268 24 300
19 32 23 28 0 37 0 0.00 M M 6.3 14 160 M M 7 17 160
20 35 29 32 5 33 0 0.21 M M 7.7 14 240 M M 10 128 17 240
21 37 31 34 7 31 0 0.15 M M 8.6 21 250 M M 9 128 26 250
22 34 30 32 5 33 0 0.03 M M 13.4 24 280 M M 10 126 35 270
23 39 26 33 6 32 0 0.00 M M 10.6 20 160 M M 1 1 27 160
24 48 26 37 10 28 0 1.01 M M 16.2 26 270 M M 9 126 36 280
25 26 11 19 -8 46 0 T M M 16.1 25 240 M M 10 18 34 240
26 19 10 15 -12 50 0 T M M 13.5 23 240 M M 10 8 34 240
27 35 17 26 0 39 0 0.00 M M 8.2 16 170 M M 2 23 160
28 44 29 37 11 28 0 T M M 15.7 25 290 M M 8 35 290
29 29 20 25 -1 40 0 T M M 9.6 22 280 M M 6 1 32 260
30 48 22 35 9 30 0 T M M 12.6 20 170 M M 8 25 230
31 48 27 38 12 27 0 0.15 M M 9.4 22 310 M M 10 18 29 290
================================================================================
SM 1125 791 1048 0 2.61 M 346.8 M 238
================================================================================
AV 36.3 25.5 11.2 FASTST M M 8 MAX(MPH)
MISC ----> 32 300 # 40 240
================================================================================
NOTES:
# LAST OF SEVERAL OCCURRENCES
COLUMN 17 PEAK WIND IN M.P.H.
PRELIMINARY LOCAL CLIMATOLOGICAL DATA (WS FORM: F-6) , PAGE 2
STATION: JOHNSTOWN
MONTH: DECEMBER
YEAR: 2020
LATITUDE: 40 18 N
LONGITUDE: 78 50 W
[TEMPERATURE DATA] [PRECIPITATION DATA] SYMBOLS USED IN COLUMN 16
AVERAGE MONTHLY: 30.9 TOTAL FOR MONTH: 2.61 1 = FOG OR MIST
DPTR FM NORMAL: 2.2 DPTR FM NORMAL: 0.04 2 = FOG REDUCING VISIBILITY
HIGHEST: 59 ON 12,11 GRTST 24HR 1.01 ON 24-24 TO 1/4 MILE OR LESS
LOWEST: 10 ON 26 3 = THUNDER
SNOW, ICE PELLETS, HAIL 4 = ICE PELLETS
TOTAL MONTH: M 5 = HAIL
GRTST 24HR M ON M 6 = FREEZING RAIN OR DRIZZLE
GRTST DEPTH: M ON M 7 = DUSTSTORM OR SANDSTORM:
VSBY 1/2 MILE OR LESS
8 = SMOKE OR HAZE
[NO. OF DAYS WITH] [WEATHER - DAYS WITH] 9 = BLOWING SNOW
X = TORNADO
MAX 32 OR BELOW: 13 0.01 INCH OR MORE: 14
MAX 90 OR ABOVE: 0 0.10 INCH OR MORE: 5
MIN 32 OR BELOW: 27 0.50 INCH OR MORE: 2
MIN 0 OR BELOW: 0 1.00 INCH OR MORE: 1
[HDD (BASE 65) ]
TOTAL THIS MO. 1048 CLEAR (SCALE 0-3) 4
DPTR FM NORMAL -79 PTCLDY (SCALE 4-7) 9
TOTAL FM JUL 1 2175 CLOUDY (SCALE 8-10) 18
DPTR FM NORMAL -415
[CDD (BASE 65) ]
TOTAL THIS MO. 0
DPTR FM NORMAL 0 [PRESSURE DATA]
TOTAL FM JAN 1 645 HIGHEST SLP 30.53 ON 29
DPTR FM NORMAL 257 LOWEST SLP 29.39 ON 24
[REMARKS]
#FINAL-12-20#