000
CXUS53 KIND 010600
CF6LAF
PRELIMINARY LOCAL CLIMATOLOGICAL DATA (WS FORM: F-6)
STATION: LAFAYETTE IN
MONTH: SEPTEMBER
YEAR: 2021
LATITUDE: 40 25 N
LONGITUDE: 86 56 W
TEMPERATURE IN F: :PCPN: SNOW: WIND :SUNSHINE: SKY :PK WND
================================================================================
1 2 3 4 5 6A 6B 7 8 9 10 11 12 13 14 15 16 17 18
12Z AVG MX 2MIN
DY MAX MIN AVG DEP HDD CDD WTR SNW DPTH SPD SPD DIR MIN PSBL S-S WX SPD DR
================================================================================
1 81 M M M M M 0.00 M M M M M M M M M M
2 79 56 68 -2 0 3 0.00 M M 5.9 15 100 M M 0 21 100
3 79 58 69 -1 0 4 0.00 M M 3.4 12 140 M M 1 16 120
4 70 62 66 -3 0 1 0.32 M M 4.4 15 250 M M 10 1 24 250
5 82 59 71 2 0 6 0.00 M M 5.9 16 290 M M 3 1 25 290
6 86 55 71 2 0 6 0.09 M M 4.6 20 280 M M 3 26 260
7 86 63 75 7 0 10 0.12 M M 6.3 29 350 M M 2 13 41 350
8 81 57 69 1 0 4 0.00 M M 7.1 18 290 M M 3 12 27 280
9 78 51 65 -3 0 0 0.00 M M 4.2 14 290 M M 2 1 22 300
10 80 50 65 -3 0 0 0.00 M M 2.5 10 190 M M 1 1 17 180
11 85 62 74 7 0 9 0.00 M M 7.5 16 230 M M 2 8 27 220
12 90 70 80 13 0 15 0.00 M M 10.4 20 220 M M 0 8 31 250
13 88 68 78 11 0 13 0.00 M M 6.1 15 230 M M 0 24 230
14 91 69 80 14 0 15 0.12 M M 7.6 20 270 M M 4 3 34 220
15 80 60 70 4 0 5 0.00 M M 6.1 14 10 M M 1 18 20
16 84 53 69 3 0 4 0.00 M M 2.9 14 110 M M 0 19 120
17 89 62 76 11 0 11 0.00 M M 2.4 10 280 M M 1 1 14 260
18 91 63 77 12 0 12 0.00 M M 3.5 12 60 M M 2 16 70
19 91 64 78 14 0 13 T M M 5.0 13 140 M M 1 17 150
20 82 69 76 12 0 11 0.20 M M 7.7 17 190 M M 8 1 29 190
21 73 59 66 2 0 1 0.73 M M 7.8 20 350 M M 9 1 28 350
22 60 53 57 -6 8 0 0.87 M M 9.8 20 360 M M 9 1 27 10
23 68 44 56 -7 9 0 0.00 M M 7.6 18 290 M M 3 27 280
24 77 42 60 -3 5 0 0.00 M M 5.7 15 180 M M 0 23 190
25 70 50 60 -2 5 0 0.30 M M 7.0 20 290 M M 4 1 29 270
26 80 45 63 1 2 0 0.00 M M 6.9 16 220 M M 0 28 210
27 90 63 77 16 0 12 0.00 M M 9.6 22 240 M M 0 35 250
28 82 58 70 9 0 5 0.00 M M 3.7 10 30 M M 2 12 15 30
29 85 56 71 10 0 6 0.00 M M 5.1 9 70 M M 0 12 60
30 85 54 70 10 0 5 0.00 M M 5.1 13 50 M M 0 17 60
================================================================================
SM 2443 1675 29 171 2.75 M 171.8 M 71
================================================================================
AV 81.4 57.8 5.9 FASTST M M 2 MAX(MPH)
MISC ----> 29 350 41 350
================================================================================
NOTES:
# LAST OF SEVERAL OCCURRENCES
COLUMN 17 PEAK WIND IN M.P.H.
PRELIMINARY LOCAL CLIMATOLOGICAL DATA (WS FORM: F-6) , PAGE 2
STATION: LAFAYETTE IN
MONTH: SEPTEMBER
YEAR: 2021
LATITUDE: 40 25 N
LONGITUDE: 86 56 W
[TEMPERATURE DATA] [PRECIPITATION DATA] SYMBOLS USED IN COLUMN 16
AVERAGE MONTHLY: 69.6 TOTAL FOR MONTH: 2.75 1 = FOG OR MIST
DPTR FM NORMAL: 4.1 DPTR FM NORMAL: 0.16 2 = FOG REDUCING VISIBILITY
HIGHEST: 91 ON 19,18 GRTST 24HR 1.28 ON 21-22 TO 1/4 MILE OR LESS
LOWEST: 42 ON 24 3 = THUNDER
SNOW, ICE PELLETS, HAIL 4 = ICE PELLETS
TOTAL MONTH: M 5 = HAIL
GRTST 24HR M ON M 6 = FREEZING RAIN OR DRIZZLE
GRTST DEPTH: M ON M 7 = DUSTSTORM OR SANDSTORM:
VSBY 1/2 MILE OR LESS
8 = SMOKE OR HAZE
[NO. OF DAYS WITH] [WEATHER - DAYS WITH] 9 = BLOWING SNOW
X = TORNADO
MAX 32 OR BELOW: 0 0.01 INCH OR MORE: 8
MAX 90 OR ABOVE: 5 0.10 INCH OR MORE: 7
MIN 32 OR BELOW: 0 0.50 INCH OR MORE: 2
MIN 0 OR BELOW: 0 1.00 INCH OR MORE: 0
[HDD (BASE 65) ]
TOTAL THIS MO. 29 CLEAR (SCALE 0-3) 22
DPTR FM NORMAL -54 PTCLDY (SCALE 4-7) 4
TOTAL FM JUL 1 29 CLOUDY (SCALE 8-10) 4
DPTR FM NORMAL -65
[CDD (BASE 65) ]
TOTAL THIS MO. 171
DPTR FM NORMAL 71 [PRESSURE DATA]
TOTAL FM JAN 1 1310 HIGHEST SLP M ON M
DPTR FM NORMAL 443 LOWEST SLP 29.68 ON 7
[REMARKS]
#FINAL-09-21#