624
CXUS52 KTBW 071552
CF6LAL
PRELIMINARY LOCAL CLIMATOLOGICAL DATA (WS FORM: F-6)
STATION: Lakeland Linder
MONTH: MARCH
YEAR: 2020
LATITUDE: 28 0 N
LONGITUDE: 82 3 W
TEMPERATURE IN F: :PCPN: SNOW: WIND :SUNSHINE: SKY :PK WND
================================================================================
1 2 3 4 5 6A 6B 7 8 9 10 11 12 13 14 15 16 17 18
12Z AVG MX 2MIN
DY MAX MIN AVG DEP HDD CDD WTR SNW DPTH SPD SPD DIR MIN PSBL S-S WX SPD DR
================================================================================
1 72 40 56 -11 9 0 0.00 0.0 0 6.6 13 60 M M 0 20 90
2 79 40 60 -7 5 0 0.00 0.0 0 6.9 15 150 M M 3 22 150
3 85 58 72 5 0 7 0.00 0.0 0 7.6 15 230 M M 2 1 22 230
4 89 63 76 9 0 11 0.00 0.0 0 8.0 18 240 M M 5 12 25 240
5 91 68 80 13 0 15 0.00 0.0 0 11.3 21 230 M M 8 12 30 250
6 86 64 75 8 0 10 0.00 0.0 0 10.7 17 290 M M 5 1 23 300
7 74 44 59 -9 6 0 0.00 0.0 0 10.2 18 30 M M 0 23 20
8 75 44 60 -8 5 0 0.00 0.0 0 11.6 21 80 M M 4 33 100
9 77 54 66 -2 0 1 0.00 0.0 0 11.1 17 100 M M 8 25 90
10 80 62 71 3 0 6 0.00 0.0 0 6.3 16 120 M M 7 21 120
11 83 59 71 3 0 6 0.00 0.0 0 3.1 10 320 M M 3 M M
12 85 63 74 6 0 9 0.00 0.0 0 1.2 5 40 M M 5 M M
13 87 61 74 6 0 9 0.00 0.0 0 3.5 10 130 M M 2 M M
14 87 62 75 7 0 10 0.00 0.0 0 5.3 13 90 M M 2 17 60
15 87 65 76 8 0 11 0.00 0.0 0 1.8 6 120 M M 3 1 M M
16 87 65 76 7 0 11 0.00 0.0 0 8.3 14 90 M M 3 21 80
17 86 65 76 7 0 11 0.00 0.0 0 5.1 9 330 M M 5 M M
18 86 65 76 7 0 11 0.00 0.0 0 8.0 14 90 M M 3 M M
19 87 64 76 7 0 11 0.00 0.0 0 7.4 15 140 M M 4 21 140
20 88 65 77 8 0 12 0.00 0.0 0 5.9 12 130 M M 3 M M
21 88 65 77 8 0 12 0.00 0.0 0 3.0 12 330 M M 3 M M
22 87 65 76 7 0 11 0.00 0.0 0 4.3 12 300 M M 4 M M
23 86 64 75 5 0 10 0.00 0.0 0 5.3 12 290 M M 4 1 M M
24 89 65 77 7 0 12 0.00 0.0 0 5.9 14 280 M M 5 21 280
25 87 68 78 8 0 13 0.00 0.0 0 8.4 16 280 M M 6 12 23 260
26 91 66 79 9 0 14 0.00 0.0 0 2.0 8 320 M M 4 12 M M
27 90 68 79 9 0 14 0.00 0.0 0 3.8 8 110 M M 5 M M
28 92 67 80 10 0 15 0.00 0.0 0 6.1 10 180 M M 0 17 140
29 92 67 80 10 0 15 0.00 0.0 0 3.5 13 150 M M 4 1 M M
30 91 67 79 9 0 14 0.00 0.0 0 4.2 12 270 M M 5 18 270
31 91 69 80 10 0 15 0.00 0.0 0 13.1 23 260 M M 6 32 260
================================================================================
SM 2655 1902 25 296 0.00 0.0 199.5 M 121
================================================================================
AV 85.7 61.4 6.4 FASTST M M 4 MAX(MPH)
MISC ----> # 23 260 # 33 100
================================================================================
NOTES:
# LAST OF SEVERAL OCCURRENCES
COLUMN 17 PEAK WIND IN M.P.H.
PRELIMINARY LOCAL CLIMATOLOGICAL DATA (WS FORM: F-6) , PAGE 2
STATION: Lakeland Linder
MONTH: MARCH
YEAR: 2020
LATITUDE: 28 0 N
LONGITUDE: 82 3 W
[TEMPERATURE DATA] [PRECIPITATION DATA] SYMBOLS USED IN COLUMN 16
AVERAGE MONTHLY: 73.5 TOTAL FOR MONTH: 0.00 1 = FOG OR MIST
DPTR FM NORMAL: 6.7 DPTR FM NORMAL: -3.89 2 = FOG REDUCING VISIBILITY
HIGHEST: 92 ON 29,28 GRTST 24HR 0.00 ON 31-31 TO 1/4 MILE OR LESS
LOWEST: 40 ON 2, 1 3 = THUNDER
SNOW, ICE PELLETS, HAIL 4 = ICE PELLETS
TOTAL MONTH: 0.0 INCH 5 = HAIL
GRTST 24HR 0.0 6 = FREEZING RAIN OR DRIZZLE
GRTST DEPTH: 0 7 = DUSTSTORM OR SANDSTORM:
VSBY 1/2 MILE OR LESS
8 = SMOKE OR HAZE
[NO. OF DAYS WITH] [WEATHER - DAYS WITH] 9 = BLOWING SNOW
X = TORNADO
MAX 32 OR BELOW: 0 0.01 INCH OR MORE: 0
MAX 90 OR ABOVE: 7 0.10 INCH OR MORE: 0
MIN 32 OR BELOW: 0 0.50 INCH OR MORE: 0
MIN 0 OR BELOW: 0 1.00 INCH OR MORE: 0
[HDD (BASE 65) ]
TOTAL THIS MO. 25 CLEAR (SCALE 0-3) 11
DPTR FM NORMAL -12 PTCLDY (SCALE 4-7) 19
TOTAL FM JUL 1 290 CLOUDY (SCALE 8-10) 1
DPTR FM NORMAL -150
[CDD (BASE 65) ]
TOTAL THIS MO. 296
DPTR FM NORMAL 148 [PRESSURE DATA]
TOTAL FM JAN 1 554 HIGHEST SLP M ON M
DPTR FM NORMAL 273 LOWEST SLP M ON M
[REMARKS]
#FINAL-03-20#