000
CXUS55 KCYS 050103
CF6LAR
PRELIMINARY LOCAL CLIMATOLOGICAL DATA (WS FORM: F-6)
STATION: LARAMIE WYOMING AIRPORT
MONTH: AUGUST
YEAR: 2023
LATITUDE: 41 18 N
LONGITUDE: 105 40 W
TEMPERATURE IN F: :PCPN: SNOW: WIND :SUNSHINE: SKY :PK WND
================================================================================
1 2 3 4 5 6A 6B 7 8 9 10 11 12 13 14 15 16 17 18
12Z AVG MX 2MIN
DY MAX MIN AVG DEP HDD CDD WTR SNW DPTH SPD SPD DIR MIN PSBL S-S WX SPD DR
================================================================================
1 81 55 68 3 0 3 0.12 M M 8.4 23 330 M M 4 13 30 320
2 77 54 66 1 0 1 0.13 M M 6.7 20 140 M M 3 3 25 40
3 79 51 65 0 0 0 0.13 M M 9.5 30 270 M M 3 13 45 270
4 79 50 65 0 0 0 0.00 M M 13.5 37 260 M M 2 3 47 260
5 77 47 62 -3 3 0 0.00 M M 11.3 28 320 M M 1 41 320
6 71 41 56 -9 9 0 T M M 8.4 22 170 M M 2 29 160
7 73 41 57 -7 8 0 0.16 M M 10.0 33 270 M M 2 3 43 300
8 73 46 60 -4 5 0 0.01 M M 11.1 44 280 M M 3 3 57 280
9 76 43 60 -4 5 0 0.00 M M 9.0 20 270 M M 1 26 260
10 83 48 66 2 0 1 T M M 14.7 37 260 M M 1 46 260
11 84 51 68 4 0 3 0.00 M M 12.5 30 310 M M 2 41 320
12 83 53 68 4 0 3 0.00 M M 9.1 22 310 M M 4 32 340
13 68 43 56 -8 9 0 0.00 M M 8.9 18 350 M M 4 26 10
14 77 35 56 -7 9 0 0.00 M M 5.6 14 150 M M 0 19 150
15 88 40 64 1 1 0 0.00 M M 8.0 20 330 M M 0 26 330
16 89 50 70 7 0 5 0.00 M M 9.9 23 330 M M 0 35 340
17 89 51 70 7 0 5 T M M 12.1 26 150 M M 1 35 150
18 86 58 72 10 0 7 T M M 16.1 31 250 M M 1 3 40 250
19 85 56 71 9 0 6 0.01 M M 10.2 29 210 M M 3 3 38 200
20 87 58 73 11 0 8 0.00 M M 16.4 26 150 M M 1 35 140
21 90 50 70 8 0 5 0.00 M M 7.5 18 160 M M 0 23 150
22 85 54 70 8 0 5 T M M 7.2 29 190 M M 2 3 44 170
23 85 48 67 6 0 2 0.06 M M 9.9 30 210 M M 3 1 39 210
24 80 57 69 8 0 4 0.14 M M 7.4 24 300 M M 8 13 31 300
25 59 51 55 -6 10 0 0.14 M M 8.1 25 60 M M 9 1 36 70
26 72 50 61 0 4 0 0.00 M M 14.6 23 150 M M 3 28 150
27 77 49 63 3 2 0 0.02 M M 6.6 21 80 M M 3 123 24 70
28 73 46 60 0 5 0 T M M 5.9 28 60 M M 4 123 37 70
29 77 43 60 0 5 0 0.00 M M 10.6 24 140 M M 0 32 140
30 86 52 69 9 0 4 0.00 M M 12.3 26 240 M M 2 35 250
31 85 49 67 7 0 2 0.00 M M 12.0 28 260 M M 0 39 250
================================================================================
SM 2474 1520 75 64 0.92 M 313.5 M 72
================================================================================
AV 79.8 49.0 10.1 FASTST M M 2 MAX(MPH)
MISC ----> 44 280 57 280
================================================================================
NOTES:
# LAST OF SEVERAL OCCURRENCES
COLUMN 17 PEAK WIND IN M.P.H.
PRELIMINARY LOCAL CLIMATOLOGICAL DATA (WS FORM: F-6) , PAGE 2
STATION: LARAMIE WYOMING AIRPORT
MONTH: AUGUST
YEAR: 2023
LATITUDE: 41 18 N
LONGITUDE: 105 40 W
[TEMPERATURE DATA] [PRECIPITATION DATA] SYMBOLS USED IN COLUMN 16
AVERAGE MONTHLY: 64.4 TOTAL FOR MONTH: 0.92 1 = FOG OR MIST
DPTR FM NORMAL: 1.6 DPTR FM NORMAL: -0.22 2 = FOG REDUCING VISIBILITY
HIGHEST: 90 ON 21 GRTST 24HR 0.28 ON 24-25 TO 1/4 MILE OR LESS
LOWEST: 35 ON 14 3 = THUNDER
SNOW, ICE PELLETS, HAIL 4 = ICE PELLETS
TOTAL MONTH: M 5 = HAIL
GRTST 24HR M ON M 6 = FREEZING RAIN OR DRIZZLE
GRTST DEPTH: M ON M 7 = DUSTSTORM OR SANDSTORM:
VSBY 1/2 MILE OR LESS
8 = SMOKE OR HAZE
[NO. OF DAYS WITH] [WEATHER - DAYS WITH] 9 = BLOWING SNOW
X = TORNADO
MAX 32 OR BELOW: 0 0.01 INCH OR MORE: 10
MAX 90 OR ABOVE: 1 0.10 INCH OR MORE: 6
MIN 32 OR BELOW: 0 0.50 INCH OR MORE: 0
MIN 0 OR BELOW: 0 1.00 INCH OR MORE: 0
[HDD (BASE 65) ]
TOTAL THIS MO. 75 CLEAR (SCALE 0-3) 24
DPTR FM NORMAL -19 PTCLDY (SCALE 4-7) 6
TOTAL FM JUL 1 125 CLOUDY (SCALE 8-10) 1
DPTR FM NORMAL -24
[CDD (BASE 65) ]
TOTAL THIS MO. 64
DPTR FM NORMAL 40 [PRESSURE DATA]
TOTAL FM JAN 1 136 HIGHEST SLP 30.31 ON 14
DPTR FM NORMAL 53 LOWEST SLP 29.72 ON 18
[REMARKS]
#FINAL-08-23#
AUGUST 14... RECORD LOW TEMPERATURE: 35F (PREVIOUS: 39F IN 1976 AND 2004)
AUGUST 15... RECORD HIGH TEMPERATURE: 88F (PREVIOUS: 86F IN 1960, 1988, AND 2015)
AUGUST 17... RECORD HIGH TEMPERATURE: 89F (PREVIOUS: 88F IN 1948 AND 2020)
AUGUST 18... TIED RECORD HIGH MINIMUM TEMPERATURE: 58F (PREVIOUS IN 1973)
AUGUST 20... RECORD HIGH MINIMUM TEMPERATURE: 58F (PREVIOUS: 56F IN 1973)
AUGUST 21... RECORD HIGH TEMPERATURE: 90F (PREVIOUS: 89F IN 1960)
AUGUST 24... RECORD HIGH MINIMUM TEMPERATURE: 57F (PREVIOUS: 56F IN 1995)
AUGUST 30... TIED RECORD HIGH MINIMUM TEMPERATURE: 52F (PREVIOUS IN 1961)