000
CXUS55 KCYS 052324
CLMLAR
CLIMATE REPORT
NATIONAL WEATHER SERVICE CHEYENNE WY
524 PM MDT SAT AUG 05 2023
...................................
...THE LARAMIE WYOMING AIRPORT CLIMATE SUMMARY FOR THE MONTH OF JULY 2023...
CLIMATE NORMAL PERIOD 1991 TO 2020
CLIMATE RECORD PERIOD 1948 TO 2023
WEATHER OBSERVED NORMAL DEPART LAST YEAR`S
VALUE DATE(S) VALUE FROM VALUE DATE(S)
NORMAL
................................................................
TEMPERATURE (F)
RECORD
HIGH 94 07/22/1982
LOW 32 07/07/1993
07/07/1952
HIGHEST 93 07/17 MM MM 91
LOWEST 42 07/01 MM MM 47
07/07
AVG. MAXIMUM 81.8 81.1 0.7 83.6
AVG. MINIMUM 49.2 48.5 0.7 51.5
MEAN 65.5 64.8 0.7 67.6
DAYS MAX >= 90 1 1.7 -0.7 3
DAYS MAX <= 32 0 0.0 0.0 0
DAYS MIN <= 32 0 0.0 0.0 0
DAYS MIN <= 0 0 0.0 0.0 0
PRECIPITATION (INCHES)
RECORD
MAXIMUM 4.43 1998
TOTALS 1.47 1.34 0.13 0.96
DAYS >= .01 11 9.3 1.7 10
DAYS >= .10 3 4.0 -1.0 4
DAYS >= .50 1 0.5 0.5 0
DAYS >= 1.00 0 0.1 -0.1 0
GREATEST
24 HR. TOTAL 0.64 07/20 TO 07/20 0.77 06/30 TO 07/01
DEGREE DAYS
HEATING TOTAL 50 56 -6 13
SINCE 7/1 50 52 -2 MM
COOLING TOTAL 72 49 23 100
SINCE 1/1 72 59 13 MM
................................................................
WIND (MPH)
AVERAGE WIND SPEED 9.8
HIGHEST WIND SPEED/DIRECTION 39/210 DATE 07/24
HIGHEST GUST SPEED/DIRECTION 57/330 DATE 07/18
SKY COVER
POSSIBLE SUNSHINE (PERCENT) MM
AVERAGE SKY COVER 0.20
NUMBER OF DAYS FAIR 25
NUMBER OF DAYS PC 6
NUMBER OF DAYS CLOUDY 0
AVERAGE RH (PERCENT) 53
WEATHER CONDITIONS. NUMBER OF DAYS WITH
THUNDERSTORM 16 MIXED PRECIP 0
HEAVY RAIN 2 RAIN 5
LIGHT RAIN 19 FREEZING RAIN 0
LT FREEZING RAIN 0 HAIL 0
HEAVY SNOW 0 SNOW 0
LIGHT SNOW 0 SLEET 0
FOG 4 FOG W/VIS <= 1/4 MILE 1
HAZE 1
- INDICATES NEGATIVE NUMBERS.
R INDICATES RECORD WAS SET OR TIED.
MM INDICATES DATA IS MISSING.
T INDICATES TRACE AMOUNT.
$$