000
CXUS54 KOUN 011351
CF6LAW
PRELIMINARY LOCAL CLIMATOLOGICAL DATA (WS FORM: F-6)
STATION: LAWTON
MONTH: MAY
YEAR: 2023
LATITUDE: 34 34 N
LONGITUDE: 98 25 W
TEMPERATURE IN F: :PCPN: SNOW: WIND :SUNSHINE: SKY :PK WND
================================================================================
1 2 3 4 5 6A 6B 7 8 9 10 11 12 13 14 15 16 17 18
12Z AVG MX 2MIN
DY MAX MIN AVG DEP HDD CDD WTR SNW DPTH SPD SPD DIR MIN PSBL S-S WX SPD DR
================================================================================
1 73 45 59 -7 6 0 0.00 0.0 0 4.3 12 20 M M 0 19 60
2 81 45 63 -3 2 0 0.00 0.0 0 5.7 14 110 M M 1 17 120
3 71 53 62 -4 3 0 0.20 0.0 0 7.5 15 110 M M 6 13 20 90
4 77 56 67 0 0 2 0.68 0.0 0 6.9 17 130 M M 5 13 25 280
5 95 60 78 11 0 13 0.00 0.0 0 8.4 16 150 M M 1 12 22 210
6 93 56 75 8 0 10 0.05 0.0 0 10.0 40 130 M M 0 3 50 130
7 87 60 74 6 0 9 0.00 0.0 0 8.1 22 170 M M 4 8 27 130
8 87 58 73 5 0 8 0.00 0.0 0 6.6 15 160 M M 0 24 110
9 89 67 78 10 0 13 0.00 0.0 0 9.2 21 160 M M 2 1 28 160
10 83 65 74 5 0 9 0.00 0.0 0 7.2 16 110 M M 2 1 23 150
11 82 64 73 4 0 8 0.21 0.0 0 8.7 18 120 M M 5 13 25 160
12 92 66 79 9 0 14 T 0.0 0 8.5 20 170 M M 4 138 26 170
13 79 63 71 1 0 6 0.42 0.0 0 7.4 25 20 M M 5 13 31 20
14 79 66 73 3 0 8 1.04 0.0 0 5.1 13 110 M M 7 13 15 120
15 77 65 71 0 0 6 0.14 0.0 0 7.6 17 360 M M 8 1 23 20
16 78 60 69 -2 0 4 0.00 0.0 0 6.9 14 350 M M 6 21 360
17 82 56 69 -2 0 4 0.00 0.0 0 5.9 13 80 M M 0 1 15 80
18 81 64 73 1 0 8 T 0.0 0 7.4 16 60 M M 4 21 70
19 84 59 72 0 0 7 0.03 0.0 0 11.4 32 360 M M 5 18 39 360
20 76 54 65 -8 0 0 0.00 0.0 0 8.3 18 40 M M 0 8 24 360
21 77 53 65 -8 0 0 0.00 0.0 0 3.5 13 120 M M 0 1 16 160
22 81 50 66 -7 0 1 0.01 0.0 0 5.9 16 130 M M 2 1 20 120
23 84 60 72 -2 0 7 0.00 0.0 0 8.7 20 100 M M 2 24 110
24 84 63 74 0 0 9 0.13 0.0 0 7.7 16 110 M M 4 13 21 110
25 78 66 72 -2 0 7 0.52 0.0 M 7.1 16 130 M M 8 13 20 110
26 79 62 71 -4 0 6 T 0.0 0 4.1 12 180 M M 5 1 15 180
27 83 62 73 -2 0 8 0.00 0.0 0 6.7 17 130 M M 2 1 21 140
28 80 64 72 -4 0 7 0.88 0.0 0 7.7 16 320 M M 3 138 25 320
29 86 63 75 -1 0 10 0.02 0.0 0 6.1 16 110 M M 3 13 21 110
30 88 64 76 0 0 11 0.00 0.0 0 7.0 14 130 M M 0 1 20 120
31 88 65 77 1 0 12 0.00 0.0 0 8.1 21 170 M M 1 1 25 160
================================================================================
SM 2554 1854 11 207 4.33 0.0 223.7 M 95
================================================================================
AV 82.4 59.8 7.2 FASTST M M 3 MAX(MPH)
MISC ----> 40 130 50 130
================================================================================
NOTES:
# LAST OF SEVERAL OCCURRENCES
COLUMN 17 PEAK WIND IN M.P.H.
PRELIMINARY LOCAL CLIMATOLOGICAL DATA (WS FORM: F-6) , PAGE 2
STATION: LAWTON
MONTH: MAY
YEAR: 2023
LATITUDE: 34 34 N
LONGITUDE: 98 25 W
[TEMPERATURE DATA] [PRECIPITATION DATA] SYMBOLS USED IN COLUMN 16
AVERAGE MONTHLY: 71.1 TOTAL FOR MONTH: 4.33 1 = FOG OR MIST
DPTR FM NORMAL: 0.1 DPTR FM NORMAL: 0.61 2 = FOG REDUCING VISIBILITY
HIGHEST: 95 ON 5 GRTST 24HR 1.35 ON 13-14 TO 1/4 MILE OR LESS
LOWEST: 45 ON 2, 1 3 = THUNDER
SNOW, ICE PELLETS, HAIL 4 = ICE PELLETS
TOTAL MONTH: 0.0 INCH 5 = HAIL
GRTST 24HR 0.0 6 = FREEZING RAIN OR DRIZZLE
GRTST DEPTH: 0 7 = DUSTSTORM OR SANDSTORM:
VSBY 1/2 MILE OR LESS
8 = SMOKE OR HAZE
[NO. OF DAYS WITH] [WEATHER - DAYS WITH] 9 = BLOWING SNOW
X = TORNADO
MAX 32 OR BELOW: 0 0.01 INCH OR MORE: 13
MAX 90 OR ABOVE: 3 0.10 INCH OR MORE: 9
MIN 32 OR BELOW: 0 0.50 INCH OR MORE: 4
MIN 0 OR BELOW: 0 1.00 INCH OR MORE: 1
[HDD (BASE 65) ]
TOTAL THIS MO. 11 CLEAR (SCALE 0-3) 16
DPTR FM NORMAL -17 PTCLDY (SCALE 4-7) 15
TOTAL FM JUL 1 2979 CLOUDY (SCALE 8-10) 0
DPTR FM NORMAL -183
[CDD (BASE 65) ]
TOTAL THIS MO. 207
DPTR FM NORMAL -9 [PRESSURE DATA]
TOTAL FM JAN 1 253 HIGHEST SLP 30.29 ON 20
DPTR FM NORMAL -37 LOWEST SLP 29.67 ON 11
[REMARKS]
#FINAL-05-23#