000
CXUS56 KLOX 011255
CF6LAX
PRELIMINARY LOCAL CLIMATOLOGICAL DATA (WS FORM: F-6)
STATION: LOS ANGELES INTL AIRPORT CA
MONTH: FEBRUARY
YEAR: 2023
LATITUDE: 33 55 N
LONGITUDE: 118 24 W
TEMPERATURE IN F: :PCPN: SNOW: WIND :SUNSHINE: SKY :PK WND
================================================================================
1 2 3 4 5 6A 6B 7 8 9 10 11 12 13 14 15 16 17 18
12Z AVG MX 2MIN
DY MAX MIN AVG DEP HDD CDD WTR SNW DPTH SPD SPD DIR MIN PSBL S-S WX SPD DR
================================================================================
1 65 41 53 -5 12 0 0.00 M M 4.9 14 270 M M 1 17 270
2 67 44 56 -2 9 0 0.00 M M 5.0 13 270 M M 6 1 15 270
3 67 50 59 1 6 0 0.00 M M 5.5 17 260 M M 6 20 260
4 66 46 56 -2 9 0 0.00 M M 5.8 13 250 M M 2 15 250
5 63 50 57 -1 8 0 0.01 M M 11.2 28 260 M M 5 1 32 260
6 71 53 62 4 3 0 0.00 M M 10.0 21 260 M M 1 30 320
7 67 47 57 -1 8 0 0.00 M M 4.5 15 230 M M 2 20 210
8 71 47 59 1 6 0 0.00 M M 5.0 15 270 M M 2 17 260
9 76 48 62 4 3 0 0.00 M M 4.2 12 260 M M 0 15 290
10 78 52 65 7 0 0 0.00 M M 6.8 16 260 M M 5 20 280
11 60 49 55 -3 10 0 0.00 M M 9.0 23 250 M M 5 27 250
12 59 45 52 -6 13 0 0.00 M M 6.1 17 250 M M 5 21 240
13 63 48 56 -2 9 0 0.00 M M 6.4 13 180 M M 6 20 140
14 59 49 54 -4 11 0 0.00 M M 12.8 31 260 M M 5 36 260
15 62 46 54 -4 11 0 0.00 M M 10.5 24 260 M M 1 28 350
16 63 41 52 -6 13 0 0.00 M M 5.2 15 270 M M 6 19 270
17 68 47 58 0 7 0 0.00 M M 6.1 13 270 M M 7 16 240
18 68 47 58 0 7 0 0.00 M M 6.9 15 280 M M 7 19 220
19 66 43 55 -3 10 0 0.00 M M 4.9 14 260 M M 3 16 250
20 68 46 57 -1 8 0 0.00 M M 6.2 16 260 M M 4 19 270
21 63 49 56 -2 9 0 T M M 12.6 45 260 M M 7 54 270
22 57 48 53 -5 12 0 0.00 M M 26.1 44 270 M M 3 49 270
23 53 41 47 -11 18 0 0.28 M M 8.5 36 250 M M 7 138 42 250
24 56 46 51 -7 14 0 2.04 M M 16.1 29 140 M M 10 1 41 140
25 54 43 49 -9 16 0 1.77 M M 9.1 21 100 M M 10 13 27 220
26 55 41 48 -10 17 0 0.08 M M 6.3 15 220 M M 5 1 21 220
27 54 46 50 -8 15 0 0.20 M M 7.6 16 140 M M 8 1 24 160
28 57 46 52 -6 13 0 0.20 M M 9.8 21 250 M M 7 18 27 210
================================================================================
SM 1776 1299 277 0 4.58 M 233.1 M 136
================================================================================
AV 63.4 46.4 8.3 FASTST M M 5 MAX(MPH)
MISC ----> 45 260 54 270
================================================================================
NOTES:
# LAST OF SEVERAL OCCURRENCES
COLUMN 17 PEAK WIND IN M.P.H.
PRELIMINARY LOCAL CLIMATOLOGICAL DATA (WS FORM: F-6) , PAGE 2
STATION: LOS ANGELES INTL AIRPORT CA
MONTH: FEBRUARY
YEAR: 2023
LATITUDE: 33 55 N
LONGITUDE: 118 24 W
[TEMPERATURE DATA] [PRECIPITATION DATA] SYMBOLS USED IN COLUMN 16
AVERAGE MONTHLY: 54.9 TOTAL FOR MONTH: 4.58 1 = FOG OR MIST
DPTR FM NORMAL: -3.0 DPTR FM NORMAL: 1.59 2 = FOG REDUCING VISIBILITY
HIGHEST: 78 ON 10 GRTST 24HR 3.11 ON 24-25 TO 1/4 MILE OR LESS
LOWEST: 41 ON 26,23 3 = THUNDER
SNOW, ICE PELLETS, HAIL 4 = ICE PELLETS
TOTAL MONTH: M 5 = HAIL
GRTST 24HR M ON M 6 = FREEZING RAIN OR DRIZZLE
GRTST DEPTH: M ON M 7 = DUSTSTORM OR SANDSTORM:
VSBY 1/2 MILE OR LESS
8 = SMOKE OR HAZE
[NO. OF DAYS WITH] [WEATHER - DAYS WITH] 9 = BLOWING SNOW
X = TORNADO
MAX 32 OR BELOW: 0 0.01 INCH OR MORE: 7
MAX 90 OR ABOVE: 0 0.10 INCH OR MORE: 5
MIN 32 OR BELOW: 0 0.50 INCH OR MORE: 2
MIN 0 OR BELOW: 0 1.00 INCH OR MORE: 2
[HDD (BASE 65) ]
TOTAL THIS MO. 277 CLEAR (SCALE 0-3) 8
DPTR FM NORMAL 70 PTCLDY (SCALE 4-7) 17
TOTAL FM JUL 1 972 CLOUDY (SCALE 8-10) 3
DPTR FM NORMAL 160
[CDD (BASE 65) ]
TOTAL THIS MO. 0
DPTR FM NORMAL -7 [PRESSURE DATA]
TOTAL FM JAN 1 0 HIGHEST SLP 30.35 ON 2
DPTR FM NORMAL -6 LOWEST SLP 29.61 ON 21
[REMARKS]
#FINAL-02-23#