000
CXUS56 KLOX 011255
CF6LAX
PRELIMINARY LOCAL CLIMATOLOGICAL DATA (WS FORM: F-6)
STATION: LOS ANGELES INTL AIRPORT CA
MONTH: FEBRUARY
YEAR: 2021
LATITUDE: 33 55 N
LONGITUDE: 118 24 W
TEMPERATURE IN F: :PCPN: SNOW: WIND :SUNSHINE: SKY :PK WND
================================================================================
1 2 3 4 5 6A 6B 7 8 9 10 11 12 13 14 15 16 17 18
12Z AVG MX 2MIN
DY MAX MIN AVG DEP HDD CDD WTR SNW DPTH SPD SPD DIR MIN PSBL S-S WX SPD DR
================================================================================
1 69 56 63 6 2 0 T M M 6.5 14 260 M M 8 19 240
2 64 53 59 2 6 0 T M M 6.2 17 260 M M 4 21 270
3 61 49 55 -2 10 0 0.00 M M 6.6 M M M M 7 128 M M
4 62 51 57 0 8 0 0.00 M M 5.6 16 280 M M 4 19 270
5 62 47 55 -2 10 0 0.00 M M 5.0 14 250 M M 1 1 19 230
6 63 46 55 -2 10 0 0.00 M M 4.7 13 270 M M 0 18 14 250
7 63 46 55 -2 10 0 0.00 M M 5.1 14 270 M M 6 128 17 260
8 60 51 56 -1 9 0 0.00 M M 5.4 14 230 M M 8 18 17 250
9 59 53 56 -1 9 0 0.00 M M 6.6 14 260 M M 9 18 180
10 59 51 55 -2 10 0 0.00 M M 4.9 14 250 M M 5 18 18 240
11 63 47 55 -2 10 0 0.00 M M 5.8 17 270 M M 6 18 32 120
12 64 53 59 2 6 0 0.02 M M 10.6 30 270 M M 5 18 34 270
13 61 51 56 -1 9 0 0.00 M M 8.3 25 270 M M 7 31 280
14 69 56 63 6 2 0 0.00 M M 15.4 31 260 M M 5 36 260
15 64 49 57 0 8 0 0.00 M M 5.4 17 330 M M 7 28 310
16 63 52 58 1 7 0 0.00 M M 11.5 21 330 M M 6 28 340
17 68 47 58 1 7 0 0.00 M M 9.8 26 250 M M 2 30 280
18 67 48 58 1 7 0 0.00 M M 6.6 17 250 M M 1 20 270
19 66 46 56 -1 9 0 0.00 M M 5.3 14 270 M M 1 8 16 260
20 67 47 57 0 8 0 0.00 M M 10.0 23 330 M M 2 37 360
21 71 44 58 1 7 0 0.00 M M 4.8 14 270 M M 0 19 220
22 81 49 65 8 0 0 0.00 M M 4.9 16 250 M M 0 19 260
23 74 50 62 5 3 0 0.00 M M 5.6 16 260 M M 2 19 260
24 70 50 60 3 5 0 0.00 M M 6.0 16 270 M M 2 12 19 260
25 72 49 61 4 4 0 0.00 M M 4.9 15 260 M M 2 18 17 240
26 69 47 58 0 7 0 0.00 M M 4.7 15 260 M M 2 17 250
27 73 47 60 2 5 0 0.00 M M 10.0 28 270 M M 0 32 330
28 72 48 60 2 5 0 0.00 M M 5.1 15 260 M M 2 17 260
================================================================================
SM 1856 1383 193 0 0.02 M 191.3 M 104
================================================================================
AV 66.3 49.4 6.8 FASTST M M 4 MAX(MPH)
MISC ----> 31 260 37 360
================================================================================
NOTES:
# LAST OF SEVERAL OCCURRENCES
COLUMN 17 PEAK WIND IN M.P.H.
PRELIMINARY LOCAL CLIMATOLOGICAL DATA (WS FORM: F-6) , PAGE 2
STATION: LOS ANGELES INTL AIRPORT CA
MONTH: FEBRUARY
YEAR: 2021
LATITUDE: 33 55 N
LONGITUDE: 118 24 W
[TEMPERATURE DATA] [PRECIPITATION DATA] SYMBOLS USED IN COLUMN 16
AVERAGE MONTHLY: 57.8 TOTAL FOR MONTH: 0.02 1 = FOG OR MIST
DPTR FM NORMAL: 0.7 DPTR FM NORMAL: -3.23 2 = FOG REDUCING VISIBILITY
HIGHEST: 81 ON 22 GRTST 24HR 0.02 ON 12-12 TO 1/4 MILE OR LESS
LOWEST: 44 ON 21 3 = THUNDER
SNOW, ICE PELLETS, HAIL 4 = ICE PELLETS
TOTAL MONTH: M 5 = HAIL
GRTST 24HR M ON M 6 = FREEZING RAIN OR DRIZZLE
GRTST DEPTH: M ON M 7 = DUSTSTORM OR SANDSTORM:
VSBY 1/2 MILE OR LESS
8 = SMOKE OR HAZE
[NO. OF DAYS WITH] [WEATHER - DAYS WITH] 9 = BLOWING SNOW
X = TORNADO
MAX 32 OR BELOW: 0 0.01 INCH OR MORE: 1
MAX 90 OR ABOVE: 0 0.10 INCH OR MORE: 0
MIN 32 OR BELOW: 0 0.50 INCH OR MORE: 0
MIN 0 OR BELOW: 0 1.00 INCH OR MORE: 0
[HDD (BASE 65) ]
TOTAL THIS MO. 193 CLEAR (SCALE 0-3) 14
DPTR FM NORMAL -32 PTCLDY (SCALE 4-7) 13
TOTAL FM JUL 1 783 CLOUDY (SCALE 8-10) 1
DPTR FM NORMAL -145
[CDD (BASE 65) ]
TOTAL THIS MO. 0
DPTR FM NORMAL -5 [PRESSURE DATA]
TOTAL FM JAN 1 14 HIGHEST SLP 30.34 ON 18
DPTR FM NORMAL 10 LOWEST SLP 29.81 ON 13
[REMARKS]
#FINAL-02-21#