000
CXUS52 KMLB 010732
CF6LEE
PRELIMINARY LOCAL CLIMATOLOGICAL DATA (WS FORM: F-6)
STATION: LEESBURG
MONTH: FEBRUARY
YEAR: 2023
LATITUDE: 28 49 N
LONGITUDE: 81 49 W
TEMPERATURE IN F: :PCPN: SNOW: WIND :SUNSHINE: SKY :PK WND
================================================================================
1 2 3 4 5 6A 6B 7 8 9 10 11 12 13 14 15 16 17 18
12Z AVG MX 2MIN
DY MAX MIN AVG DEP HDD CDD WTR SNW DPTH SPD SPD DIR MIN PSBL S-S WX SPD DR
================================================================================
1 83 62 73 12 0 8 0.00 0.0 0 3.3 10 280 M M 5 12 17 280
2 84 63 74 13 0 9 0.00 0.0 0 3.4 10 190 M M 3 19 170
3 78 51 65 4 0 0 0.01 0.0 0 10.2 30 360 M M 6 1 41 10
4 74 48 61 0 4 0 0.00 0.0 0 9.8 22 50 M M 1 29 50
5 76 52 64 3 1 0 0.00 0.0 0 5.7 12 50 M M 4 1 15 50
6 76 53 65 4 0 0 0.00 0.0 0 4.6 13 90 M M 0 1 17 80
7 79 51 65 3 0 0 0.00 0.0 0 7.5 15 100 M M 0 18 110
8 79 55 67 5 0 2 0.00 0.0 0 5.8 12 110 M M 0 16 150
9 83 56 70 8 0 5 0.01 0.0 0 5.1 13 150 M M 5 1 18 160
10 83 68 76 14 0 11 0.23 0.0 0 6.5 17 170 M M 6 1 22 170
11 81 64 73 11 0 8 0.02 0.0 0 7.7 22 260 M M 6 1 29 260
12 65 53 59 -3 6 0 0.02 0.0 0 13.6 28 260 M M 9 1 38 280
13 72 47 60 -2 5 0 0.00 0.0 0 6.9 16 300 M M 0 24 310
14 77 46 62 -1 3 0 0.00 0.0 0 5.2 13 160 M M 0 1 16 160
15 82 54 68 5 0 3 0.00 0.0 0 4.3 12 150 M M 1 1 16 150
16 85 59 72 9 0 7 0.00 0.0 0 3.5 16 180 M M 2 22 190
17 87 63 75 12 0 10 0.01 0.0 0 10.3 21 290 M M 4 1 27 290
18 71 50 61 -2 4 0 0.00 0.0 0 11.5 21 50 M M 1 26 50
19 83 51 67 4 0 2 0.00 0.0 0 4.4 13 290 M M 3 17 280
20 81 56 69 5 0 4 0.00 0.0 0 5.8 16 260 M M 0 1 23 260
21 84 65 75 11 0 10 0.00 0.0 0 7.6 15 240 M M 2 21 250
22 87 62 75 11 0 10 0.00 0.0 0 4.1 16 190 M M 3 12 22 170
23 88 65 77 13 0 12 0.00 0.0 0 4.5 9 280 M M 1 13 270
24 87 68 78 14 0 13 0.00 0.0 0 2.7 10 90 M M 3 128 13 90
25 88 64 76 12 0 11 0.00 0.0 0 4.0 12 290 M M 2 128 17 310
26 85 63 74 10 0 9 0.00 0.0 0 4.8 10 280 M M 2 1 16 270
27 83 62 73 9 0 8 0.00 0.0 0 6.4 18 270 M M 4 12 26 260
28 85 68 77 13 0 12 0.00 0.0 0 8.6 17 280 M M 4 1 26 270
================================================================================
SM 2266 1619 23 154 0.30 0.0 177.8 M 77
================================================================================
AV 80.9 57.8 6.4 FASTST M M 3 MAX(MPH)
MISC ----> 30 360 41 10
================================================================================
NOTES:
# LAST OF SEVERAL OCCURRENCES
COLUMN 17 PEAK WIND IN M.P.H.
PRELIMINARY LOCAL CLIMATOLOGICAL DATA (WS FORM: F-6) , PAGE 2
STATION: LEESBURG
MONTH: FEBRUARY
YEAR: 2023
LATITUDE: 28 49 N
LONGITUDE: 81 49 W
[TEMPERATURE DATA] [PRECIPITATION DATA] SYMBOLS USED IN COLUMN 16
AVERAGE MONTHLY: 69.4 TOTAL FOR MONTH: 0.30 1 = FOG OR MIST
DPTR FM NORMAL: 6.8 DPTR FM NORMAL: -1.78 2 = FOG REDUCING VISIBILITY
HIGHEST: 88 ON 25,23 GRTST 24HR 0.24 ON 9-10 TO 1/4 MILE OR LESS
LOWEST: 46 ON 14 3 = THUNDER
SNOW, ICE PELLETS, HAIL 4 = ICE PELLETS
TOTAL MONTH: 0.0 INCH 5 = HAIL
GRTST 24HR 0.0 6 = FREEZING RAIN OR DRIZZLE
GRTST DEPTH: 0 7 = DUSTSTORM OR SANDSTORM:
VSBY 1/2 MILE OR LESS
8 = SMOKE OR HAZE
[NO. OF DAYS WITH] [WEATHER - DAYS WITH] 9 = BLOWING SNOW
X = TORNADO
MAX 32 OR BELOW: 0 0.01 INCH OR MORE: 6
MAX 90 OR ABOVE: 0 0.10 INCH OR MORE: 1
MIN 32 OR BELOW: 0 0.50 INCH OR MORE: 0
MIN 0 OR BELOW: 0 1.00 INCH OR MORE: 0
[HDD (BASE 65) ]
TOTAL THIS MO. 23 CLEAR (SCALE 0-3) 18
DPTR FM NORMAL -103 PTCLDY (SCALE 4-7) 9
TOTAL FM JUL 1 347 CLOUDY (SCALE 8-10) 1
DPTR FM NORMAL -208
[CDD (BASE 65) ]
TOTAL THIS MO. 154
DPTR FM NORMAL 94 [PRESSURE DATA]
TOTAL FM JAN 1 227 HIGHEST SLP 30.41 ON 4
DPTR FM NORMAL 130 LOWEST SLP 29.87 ON 12
[REMARKS]
#FINAL-02-23#