000
CXUS53 KLMK 010810
CF6LEX
PRELIMINARY LOCAL CLIMATOLOGICAL DATA (WS FORM: F-6)
STATION: LEXINGTON KY
MONTH: MARCH
YEAR: 2021
LATITUDE: 38 1 N
LONGITUDE: 84 36 W
TEMPERATURE IN F: :PCPN: SNOW: WIND :SUNSHINE: SKY :PK WND
================================================================================
1 2 3 4 5 6A 6B 7 8 9 10 11 12 13 14 15 16 17 18
12Z AVG MX 2MIN
DY MAX MIN AVG DEP HDD CDD WTR SNW DPTH SPD SPD DIR MIN PSBL S-S WX SPD DR
================================================================================
1 54 32 43 2 22 0 0.26 0.0 0 9.8 20 320 M M 4 1 28 320
2 47 22 35 -6 30 0 0.00 0.0 0 4.5 12 50 M M 0 14 40
3 59 23 41 0 24 0 0.00 0.0 0 6.9 15 240 M M 0 21 210
4 56 28 42 0 23 0 0.00 0.0 0 8.1 20 40 M M 0 25 40
5 45 22 34 -8 31 0 0.00 0.0 0 5.7 15 70 M M 0 20 40
6 49 25 37 -5 28 0 0.00 0.0 0 5.9 15 10 M M 0 21 20
7 51 25 38 -5 27 0 0.00 0.0 0 5.0 14 20 M M 1 20 20
8 62 23 43 0 22 0 0.00 0.0 0 8.4 16 210 M M 0 23 210
9 68 37 53 10 12 0 0.00 0.0 0 8.6 21 220 M M 0 26 200
10 70 45 58 14 7 0 0.00 0.0 0 12.5 28 210 M M 0 36 210
11 67 54 61 17 4 0 0.35 0.0 0 13.2 24 210 M M 8 1 39 220
12 60 46 53 9 12 0 0.52 0.0 0 7.0 15 10 M M 8 1 19 10
13 58 39 49 4 16 0 0.00 0.0 0 7.7 15 20 M M 4 22 30
14 50 33 42 -3 23 0 0.01 0.0 0 6.8 20 60 M M 6 26 50
15 46 35 41 -4 24 0 0.44 0.0 0 14.9 24 80 M M 8 1 34 90
16 71 41 56 10 9 0 0.00 0.0 0 9.4 18 250 M M 1 1 24 240
17 62 41 52 6 13 0 0.09 0.0 0 8.1 20 200 M M 3 1 28 190
18 66 41 54 8 11 0 0.71 0.0 0 12.6 22 10 M M 9 1 31 340
19 52 33 43 -3 22 0 T 0.0 0 17.6 29 30 M M 3 40 40
20 60 27 44 -3 21 0 0.00 0.0 0 8.2 16 60 M M 0 20 70
21 65 33 49 2 16 0 0.00 0.0 0 5.1 12 150 M M 0 16 90
22 68 41 55 8 10 0 0.00 0.0 0 5.2 13 170 M M 1 16 180
23 70 45 58 10 7 0 T 0.0 0 8.5 21 160 M M 5 27 150
24 73 56 65 17 0 0 0.00 0.0 0 11.4 23 210 M M 6 34 180
25 67 50 59 11 6 0 1.00 0.0 0 12.6 31 230 M M 6 13 48 210
26 63 47 55 6 10 0 0.00 0.0 0 10.0 29 230 M M 5 41 240
27 68 43 56 7 9 0 0.12 0.0 0 9.1 17 200 M M 2 13 23 190
28 63 36 50 1 15 0 0.38 0.0 0 14.8 28 290 M M 6 13 41 290
29 57 28 43 -7 22 0 0.00 0.0 0 3.4 10 180 M M 0 14 180
30 73 43 58 8 7 0 0.02 0.0 0 14.2 30 230 M M 1 39 220
31 57 37 47 -3 18 0 0.83 0.0 0 9.4 22 320 M M 8 1 32 310
================================================================================
SM 1877 1131 501 0 4.73 0.0 284.6 M 95
================================================================================
AV 60.5 36.5 9.2 FASTST M M 3 MAX(MPH)
MISC ----> 31 230 48 210
================================================================================
NOTES:
# LAST OF SEVERAL OCCURRENCES
COLUMN 17 PEAK WIND IN M.P.H.
PRELIMINARY LOCAL CLIMATOLOGICAL DATA (WS FORM: F-6) , PAGE 2
STATION: LEXINGTON KY
MONTH: MARCH
YEAR: 2021
LATITUDE: 38 1 N
LONGITUDE: 84 36 W
[TEMPERATURE DATA] [PRECIPITATION DATA] SYMBOLS USED IN COLUMN 16
AVERAGE MONTHLY: 48.5 TOTAL FOR MONTH: 4.73 1 = FOG OR MIST
DPTR FM NORMAL: 3.0 DPTR FM NORMAL: 0.66 2 = FOG REDUCING VISIBILITY
HIGHEST: 73 ON 30,24 GRTST 24HR 1.43 ON 28- 1 TO 1/4 MILE OR LESS
LOWEST: 22 ON 5, 2 3 = THUNDER
SNOW, ICE PELLETS, HAIL 4 = ICE PELLETS
TOTAL MONTH: 0.0 INCH 5 = HAIL
GRTST 24HR 0.0 6 = FREEZING RAIN OR DRIZZLE
GRTST DEPTH: 0 7 = DUSTSTORM OR SANDSTORM:
VSBY 1/2 MILE OR LESS
8 = SMOKE OR HAZE
[NO. OF DAYS WITH] [WEATHER - DAYS WITH] 9 = BLOWING SNOW
X = TORNADO
MAX 32 OR BELOW: 0 0.01 INCH OR MORE: 12
MAX 90 OR ABOVE: 0 0.10 INCH OR MORE: 9
MIN 32 OR BELOW: 10 0.50 INCH OR MORE: 4
MIN 0 OR BELOW: 0 1.00 INCH OR MORE: 1
[HDD (BASE 65) ]
TOTAL THIS MO. 501 CLEAR (SCALE 0-3) 18
DPTR FM NORMAL -104 PTCLDY (SCALE 4-7) 10
TOTAL FM JUL 1 4147 CLOUDY (SCALE 8-10) 3
DPTR FM NORMAL -30
[CDD (BASE 65) ]
TOTAL THIS MO. 0
DPTR FM NORMAL -2 [PRESSURE DATA]
TOTAL FM JAN 1 0 HIGHEST SLP 30.54 ON 8
DPTR FM NORMAL -2 LOWEST SLP 29.54 ON 18
[REMARKS]
#FINAL-03-21#