000
CXUS54 KLCH 011514
CF6LFT
PRELIMINARY LOCAL CLIMATOLOGICAL DATA (WS FORM: F-6)
STATION: LAFAYETTE
MONTH: AUGUST
YEAR: 2022
LATITUDE: 30 12 N
LONGITUDE: 92 0 W
TEMPERATURE IN F: :PCPN: SNOW: WIND :SUNSHINE: SKY :PK WND
================================================================================
1 2 3 4 5 6A 6B 7 8 9 10 11 12 13 14 15 16 17 18
12Z AVG MX 2MIN
DY MAX MIN AVG DEP HDD CDD WTR SNW DPTH SPD SPD DIR MIN PSBL S-S WX SPD DR
================================================================================
1 93 76 85 1 0 20 0.01 0.0 M 3.3 14 210 M M 2 3 18 220
2 89 74 82 -2 0 17 0.69 0.0 M 1.5 15 170 M M 3 13 26 160
3 82 74 78 -6 0 13 1.01 0.0 M 2.4 14 190 M M 4 13 20 190
4 89 74 82 -2 0 17 2.25 0.0 M 2.3 29 280 M M 2 138 46 290
5 90 75 83 -1 0 18 0.00 0.0 0 3.4 21 160 M M 7 13 34 180
6 91 75 83 -1 0 18 0.00 0.0 0 2.7 10 170 M M 3 3 18 170
7 94 74 84 0 0 19 0.46 0.0 M 2.1 15 120 M M 3 13 35 100
8 93 74 84 0 0 19 0.00 0.0 M 1.5 13 200 M M 3 3 16 200
9 94 75 85 1 0 20 T 0.0 M 2.0 16 220 M M 2 3 22 210
10 90 76 83 -1 0 18 0.38 0.0 M 1.9 13 260 M M 4 123 16 270
11 89 75 82 -2 0 17 0.49 0.0 M 2.2 20 60 M M 6 123 32 50
12 90 74 82 -2 0 17 0.06 0.0 M 3.6 12 40 M M 5 1238 19 130
13 88 75 82 -2 0 17 0.06 0.0 M 3.3 15 180 M M 6 1 23 180
14 91 75 83 -1 0 18 0.00 0.0 M 3.1 14 240 M M 3 17 250
15 95 76 86 2 0 21 0.00 0.0 M 2.8 10 220 M M 1 1 15 210
16 96 78 87 3 0 22 0.00 0.0 M 5.2 12 250 M M 2 19 200
17 95 79 87 3 0 22 0.00 0.0 M 7.2 15 250 M M 2 27 320
18 89 75 82 -2 0 17 1.17 0.0 M 4.9 23 270 M M 2 13 33 280
19 91 75 83 -1 0 18 0.26 0.0 M 2.2 23 190 M M 4 13 30 190
20 86 75 81 -3 0 16 0.49 0.0 M 2.6 16 250 M M 3 13 21 240
21 90 75 83 0 0 18 0.06 0.0 M 3.4 17 270 M M 2 3 22 270
22 88 76 82 -1 0 17 0.45 0.0 M 2.6 22 220 M M 2 13 31 230
23 87 75 81 -2 0 16 1.17 0.0 M 3.4 18 280 M M 6 1 25 300
24 84 76 80 -3 0 15 0.05 0.0 M 4.0 13 240 M M 5 1 18 220
25 90 74 82 -1 0 17 5.49 0.0 M 5.0 24 250 M M 7 123 35 250
26 84 76 80 -3 0 15 0.74 0.0 M 2.2 13 190 M M 5 13 18 180
27 87 75 81 -2 0 16 T 0.0 M 2.5 14 260 M M 3 13 19 270
28 89 75 82 -1 0 17 0.11 0.0 M 2.4 16 200 M M 2 38 23 130
29 90 76 83 0 0 18 0.40 0.0 M 3.0 17 210 M M 3 38 17 210
30 94 75 85 2 0 20 0.18 0.0 M 2.2 14 330 M M 3 13 19 80
31 94 74 84 2 0 19 0.00 0.0 0 4.1 12 40 M M 1 17 40
================================================================================
SM 2792 2331 0 552 15.98 0.0 95.0 M 106
================================================================================
AV 90.1 75.2 3.1 FASTST M M 3 MAX(MPH)
MISC ----> 29 280 46 290
================================================================================
NOTES:
# LAST OF SEVERAL OCCURRENCES
COLUMN 17 PEAK WIND IN M.P.H.
PRELIMINARY LOCAL CLIMATOLOGICAL DATA (WS FORM: F-6) , PAGE 2
STATION: LAFAYETTE
MONTH: AUGUST
YEAR: 2022
LATITUDE: 30 12 N
LONGITUDE: 92 0 W
[TEMPERATURE DATA] [PRECIPITATION DATA] SYMBOLS USED IN COLUMN 16
AVERAGE MONTHLY: 82.6 TOTAL FOR MONTH: 15.98 1 = FOG OR MIST
DPTR FM NORMAL: -0.9 DPTR FM NORMAL: 9.72 2 = FOG REDUCING VISIBILITY
HIGHEST: 96 ON 16 GRTST 24HR 5.49 ON 25-25 TO 1/4 MILE OR LESS
LOWEST: 74 ON 31,12 3 = THUNDER
SNOW, ICE PELLETS, HAIL 4 = ICE PELLETS
TOTAL MONTH: 0.0 INCH 5 = HAIL
GRTST 24HR 0.0 6 = FREEZING RAIN OR DRIZZLE
GRTST DEPTH: 0 7 = DUSTSTORM OR SANDSTORM:
VSBY 1/2 MILE OR LESS
8 = SMOKE OR HAZE
[NO. OF DAYS WITH] [WEATHER - DAYS WITH] 9 = BLOWING SNOW
X = TORNADO
MAX 32 OR BELOW: 0 0.01 INCH OR MORE: 21
MAX 90 OR ABOVE: 18 0.10 INCH OR MORE: 16
MIN 32 OR BELOW: 0 0.50 INCH OR MORE: 7
MIN 0 OR BELOW: 0 1.00 INCH OR MORE: 5
[HDD (BASE 65) ]
TOTAL THIS MO. 0 CLEAR (SCALE 0-3) 19
DPTR FM NORMAL 0 PTCLDY (SCALE 4-7) 12
TOTAL FM JUL 1 0 CLOUDY (SCALE 8-10) 0
DPTR FM NORMAL 0
[CDD (BASE 65) ]
TOTAL THIS MO. 552
DPTR FM NORMAL -21 [PRESSURE DATA]
TOTAL FM JAN 1 2452 HIGHEST SLP 30.17 ON 7
DPTR FM NORMAL 178 LOWEST SLP 29.86 ON 27
[REMARKS]
#FINAL-08-22#