000
CXUS54 KLCH 011407
CF6LFT
PRELIMINARY LOCAL CLIMATOLOGICAL DATA (WS FORM: F-6)
STATION: LAFAYETTE
MONTH: OCTOBER
YEAR: 2021
LATITUDE: 30 12 N
LONGITUDE: 92 0 W
TEMPERATURE IN F: :PCPN: SNOW: WIND :SUNSHINE: SKY :PK WND
================================================================================
1 2 3 4 5 6A 6B 7 8 9 10 11 12 13 14 15 16 17 18
12Z AVG MX 2MIN
DY MAX MIN AVG DEP HDD CDD WTR SNW DPTH SPD SPD DIR MIN PSBL S-S WX SPD DR
================================================================================
1 84 72 78 2 0 13 0.33 0.0 M 2.4 9 160 M M 6 13 18 170
2 83 73 78 2 0 13 0.22 0.0 M 2.4 13 180 M M 6 123 19 170
3 87 72 80 5 0 15 T 0.0 M 1.9 9 20 M M 6 12 14 10
4 88 70 79 4 0 14 0.00 0.0 M 4.7 13 330 M M 3 18 10
5 86 67 77 2 0 12 0.00 0.0 0 5.7 14 360 M M 1 20 20
6 86 65 76 2 0 11 0.00 0.0 0 1.9 10 10 M M 1 14 290
7 88 65 77 3 0 12 0.00 0.0 M 2.8 8 30 M M 1 8 13 70
8 89 65 77 3 0 12 0.00 0.0 0 1.2 9 10 M M 1 13 30
9 87 66 77 4 0 12 0.00 0.0 0 1.0 8 200 M M 2 18 15 200
10 87 67 77 4 0 12 0.00 0.0 M 4.2 16 190 M M 1 24 200
11 88 70 79 7 0 14 T 0.0 0 5.1 17 200 M M 5 26 200
12 90 74 82 10 0 17 0.00 0.0 M 5.5 13 210 M M 5 19 170
13 88 71 80 8 0 15 0.00 0.0 M 5.0 15 190 M M 2 22 170
14 88 72 80 8 0 15 0.00 0.0 M 3.7 16 200 M M 3 1 22 210
15 91 75 83 12 0 18 0.44 0.0 M 6.2 22 330 M M 6 13 28 330
16 77 54 66 -5 0 1 0.00 0.0 M 15.2 24 360 M M 2 34 10
17 75 50 63 -7 2 0 0.00 0.0 M 5.3 15 30 M M 0 29 20
18 76 53 65 -5 0 0 0.00 0.0 M 2.7 8 50 M M 0 13 40
19 81 54 68 -2 0 3 0.00 0.0 M 2.8 9 50 M M 2 16 40
20 83 64 74 5 0 9 0.00 0.0 M 1.5 6 70 M M 3 1 11 90
21 88 70 79 10 0 14 0.00 0.0 M 1.4 10 10 M M 5 12 14 340
22 88 68 78 9 0 13 0.00 0.0 M 2.1 9 20 M M 3 1 13 20
23 85 68 77 9 0 12 0.00 0.0 M 2.2 10 170 M M 5 12 16 150
24 82 69 76 8 0 11 0.21 0.0 M 2.9 16 160 M M 4 1 27 150
25 89 70 80 12 0 15 0.00 0.0 M 3.3 12 310 M M 5 12 17 300
26 85 66 76 9 0 11 0.00 0.0 M 2.0 8 50 M M 2 1 14 160
27 84 64 74 7 0 9 2.31 0.0 M 7.7 24 170 M M 6 13 42 150
28 73 60 67 1 0 2 T 0.0 M 14.2 28 290 M M 4 40 300
29 69 53 61 -5 4 0 0.00 0.0 0 11.7 24 330 M M 4 38 320
30 72 51 62 -4 3 0 0.00 0.0 0 5.6 16 340 M M 0 1 21 290
31 78 50 64 -1 1 0 0.00 0.0 M 0.5 9 330 M M 0 1 12 330
================================================================================
SM 2595 2008 10 305 3.51 0.0 134.8 M 94
================================================================================
AV 83.7 64.8 4.3 FASTST M M 3 MAX(MPH)
MISC ----> 28 290 42 150
================================================================================
NOTES:
# LAST OF SEVERAL OCCURRENCES
COLUMN 17 PEAK WIND IN M.P.H.
PRELIMINARY LOCAL CLIMATOLOGICAL DATA (WS FORM: F-6) , PAGE 2
STATION: LAFAYETTE
MONTH: OCTOBER
YEAR: 2021
LATITUDE: 30 12 N
LONGITUDE: 92 0 W
[TEMPERATURE DATA] [PRECIPITATION DATA] SYMBOLS USED IN COLUMN 16
AVERAGE MONTHLY: 74.2 TOTAL FOR MONTH: 3.51 1 = FOG OR MIST
DPTR FM NORMAL: 3.5 DPTR FM NORMAL: -1.25 2 = FOG REDUCING VISIBILITY
HIGHEST: 91 ON 15 GRTST 24HR 2.31 ON 27-27 TO 1/4 MILE OR LESS
LOWEST: 50 ON 31,17 3 = THUNDER
SNOW, ICE PELLETS, HAIL 4 = ICE PELLETS
TOTAL MONTH: 0.0 INCH 5 = HAIL
GRTST 24HR 0.0 6 = FREEZING RAIN OR DRIZZLE
GRTST DEPTH: 0 7 = DUSTSTORM OR SANDSTORM:
VSBY 1/2 MILE OR LESS
8 = SMOKE OR HAZE
[NO. OF DAYS WITH] [WEATHER - DAYS WITH] 9 = BLOWING SNOW
X = TORNADO
MAX 32 OR BELOW: 0 0.01 INCH OR MORE: 5
MAX 90 OR ABOVE: 2 0.10 INCH OR MORE: 5
MIN 32 OR BELOW: 0 0.50 INCH OR MORE: 1
MIN 0 OR BELOW: 0 1.00 INCH OR MORE: 1
[HDD (BASE 65) ]
TOTAL THIS MO. 10 CLEAR (SCALE 0-3) 16
DPTR FM NORMAL -24 PTCLDY (SCALE 4-7) 15
TOTAL FM JUL 1 10 CLOUDY (SCALE 8-10) 0
DPTR FM NORMAL -22
[CDD (BASE 65) ]
TOTAL THIS MO. 305
DPTR FM NORMAL 95 [PRESSURE DATA]
TOTAL FM JAN 1 2945 HIGHEST SLP 30.30 ON 17
DPTR FM NORMAL 20 LOWEST SLP 29.51 ON 27
[REMARKS]
#FINAL-10-21#