000
CXUS54 KLCH 010830
CF6LFT
PRELIMINARY LOCAL CLIMATOLOGICAL DATA (WS FORM: F-6)
STATION: LAFAYETTE
MONTH: MARCH
YEAR: 2021
LATITUDE: 30 12 N
LONGITUDE: 92 0 W
TEMPERATURE IN F: :PCPN: SNOW: WIND :SUNSHINE: SKY :PK WND
================================================================================
1 2 3 4 5 6A 6B 7 8 9 10 11 12 13 14 15 16 17 18
12Z AVG MX 2MIN
DY MAX MIN AVG DEP HDD CDD WTR SNW DPTH SPD SPD DIR MIN PSBL S-S WX SPD DR
================================================================================
1 80 56 68 9 0 3 T 0.0 M 10.1 28 20 M M 10 1 35 50
2 56 43 50 -9 15 0 0.50 0.0 M 13.1 21 10 M M 10 13 27 10
3 63 43 53 -6 12 0 0.00 0.0 M 6.6 16 360 M M 3 22 350
4 72 41 57 -3 8 0 0.00 0.0 M 2.4 12 40 M M 0 16 30
5 70 45 58 -2 7 0 0.16 0.0 M 4.9 21 20 M M 4 1 28 10
6 67 47 57 -3 8 0 0.00 0.0 M 11.9 21 10 M M 1 30 30
7 68 39 54 -6 11 0 0.00 0.0 M 5.8 18 30 M M 0 26 20
8 72 40 56 -4 9 0 0.00 0.0 M 4.3 12 190 M M 0 8 22 90
9 74 50 62 1 3 0 0.00 0.0 M 6.4 18 190 M M 3 28 190
10 77 61 69 8 0 4 0.00 0.0 M 8.3 21 170 M M 7 35 170
11 78 63 71 10 0 6 0.00 0.0 M 7.1 17 180 M M 2 26 190
12 80 65 73 12 0 8 0.00 0.0 M 4.4 14 190 M M 5 12 19 180
13 80 63 72 10 0 7 0.00 0.0 M 4.8 14 170 M M 5 1 21 170
14 80 65 73 11 0 8 0.00 0.0 M 8.8 18 170 M M 8 1 28 180
15 84 71 78 16 0 13 0.00 0.0 M 11.1 18 220 M M 8 26 230
16 81 72 77 15 0 12 T 0.0 M 9.0 17 190 M M 9 8 23 190
17 79 62 71 9 0 6 0.45 0.0 M 11.9 30 210 M M 9 13 43 220
18 67 49 58 -5 7 0 0.00 0.0 M 14.5 22 320 M M 0 31 330
19 58 51 55 -8 10 0 0.00 0.0 0 11.1 18 360 M M 10 24 10
20 60 48 54 -9 11 0 0.00 0.0 M 7.1 13 20 M M 8 19 30
21 69 45 57 -6 8 0 0.00 0.0 M 3.1 5 180 M M 6 M M
22 74 48 61 -3 4 0 0.00 0.0 M 5.9 13 160 M M 7 24 150
23 71 61 66 2 0 1 1.82 0.0 M 6.5 21 300 M M 9 13 38 140
24 72 61 67 3 0 2 0.17 0.0 M 5.1 16 170 M M 9 13 27 180
25 79 64 72 8 0 7 T 0.0 M 8.4 21 180 M M 7 128 34 180
26 77 57 67 3 0 2 T 0.0 M 5.1 12 170 M M 8 128 19 150
27 81 72 77 13 0 12 0.00 0.0 M 11.4 21 200 M M 10 1 29 210
28 74 54 64 -1 1 0 0.06 0.0 M 9.8 23 360 M M 8 1 30 10
29 73 48 61 -4 4 0 0.00 0.0 M 4.2 12 70 M M 0 19 80
30 80 58 69 4 0 4 0.00 0.0 0 8.0 20 190 M M 8 28 190
31 81 53 67 2 0 2 0.15 0.0 M 11.0 30 360 M M 10 13 42 350
================================================================================
SM 2277 1695 118 97 3.31 0.0 242.1 M 184
================================================================================
AV 73.5 54.7 7.8 FASTST M M 6 MAX(MPH)
MISC ----> # 30 360 43 220
================================================================================
NOTES:
# LAST OF SEVERAL OCCURRENCES
COLUMN 17 PEAK WIND IN M.P.H.
PRELIMINARY LOCAL CLIMATOLOGICAL DATA (WS FORM: F-6) , PAGE 2
STATION: LAFAYETTE
MONTH: MARCH
YEAR: 2021
LATITUDE: 30 12 N
LONGITUDE: 92 0 W
[TEMPERATURE DATA] [PRECIPITATION DATA] SYMBOLS USED IN COLUMN 16
AVERAGE MONTHLY: 64.1 TOTAL FOR MONTH: 3.31 1 = FOG OR MIST
DPTR FM NORMAL: 1.9 DPTR FM NORMAL: -0.48 2 = FOG REDUCING VISIBILITY
HIGHEST: 84 ON 15 GRTST 24HR 1.82 ON 23-23 TO 1/4 MILE OR LESS
LOWEST: 39 ON 7 3 = THUNDER
SNOW, ICE PELLETS, HAIL 4 = ICE PELLETS
TOTAL MONTH: 0.0 INCH 5 = HAIL
GRTST 24HR 0.0 6 = FREEZING RAIN OR DRIZZLE
GRTST DEPTH: 0 7 = DUSTSTORM OR SANDSTORM:
VSBY 1/2 MILE OR LESS
8 = SMOKE OR HAZE
[NO. OF DAYS WITH] [WEATHER - DAYS WITH] 9 = BLOWING SNOW
X = TORNADO
MAX 32 OR BELOW: 0 0.01 INCH OR MORE: 7
MAX 90 OR ABOVE: 0 0.10 INCH OR MORE: 6
MIN 32 OR BELOW: 0 0.50 INCH OR MORE: 2
MIN 0 OR BELOW: 0 1.00 INCH OR MORE: 1
[HDD (BASE 65) ]
TOTAL THIS MO. 118 CLEAR (SCALE 0-3) 7
DPTR FM NORMAL -32 PTCLDY (SCALE 4-7) 14
TOTAL FM JUL 1 1374 CLOUDY (SCALE 8-10) 10
DPTR FM NORMAL -6
[CDD (BASE 65) ]
TOTAL THIS MO. 97
DPTR FM NORMAL 34 [PRESSURE DATA]
TOTAL FM JAN 1 138 HIGHEST SLP 30.51 ON 8
DPTR FM NORMAL 43 LOWEST SLP 29.64 ON 17
[REMARKS]
#FINAL-03-21#