000
CXUS54 KFWD 010830
CF6LHB
PRELIMINARY LOCAL CLIMATOLOGICAL DATA (WS FORM: F-6)
STATION: HEARNE
MONTH: JANUARY
YEAR: 2023
LATITUDE: 30 52 N
LONGITUDE: 96 36 W
TEMPERATURE IN F: :PCPN: SNOW: WIND :SUNSHINE: SKY :PK WND
================================================================================
1 2 3 4 5 6A 6B 7 8 9 10 11 12 13 14 15 16 17 18
12Z AVG MX 2MIN
DY MAX MIN AVG DEP HDD CDD WTR SNW DPTH SPD SPD DIR MIN PSBL S-S WX SPD DR
================================================================================
1 77 57 67 M 0 2 0.00 M M 7.8 13 170 M M 4 18 170
2 80 67 74 M 0 9 0.08 M M 9.6 18 180 M M 8 24 160
3 74 51 63 M 2 0 0.40 M M 2.1 8 320 M M 4 3 31 190
4 70 41 56 M 9 0 0.00 M M 2.6 9 270 M M 0 17 270
5 67 36 52 M 13 0 0.00 M M 1.3 6 20 M M 0 M M
6 78 41 60 M 5 0 0.00 M M 5.8 17 180 M M 2 23 160
7 76 59 68 M 0 3 0.00 M M 5.9 10 360 M M 9 1 18 280
8 69 42 56 M 9 0 0.00 M M 5.5 12 350 M M 3 16 350
9 70 39 55 M 10 0 0.00 M M 3.7 9 150 M M 0 M M
10 80 55 68 M 0 3 0.00 M M 6.0 12 160 M M 3 1 18 180
11 80 59 70 M 0 5 0.00 M M 7.8 16 170 M M 3 1 22 180
12 67 42 55 M 10 0 0.00 M M 13.2 23 330 M M 0 33 330
13 61 32 47 M 18 0 0.00 M M 4.1 13 330 M M 0 18 310
14 65 30 48 M 17 0 0.00 M M 4.9 13 170 M M 0 18 150
15 75 46 61 M 4 0 0.00 M M 10.9 25 170 M M 4 31 170
16 77 58 68 M 0 3 0.00 M M 5.1 14 190 M M 4 1 18 160
17 75 49 62 M 3 0 0.00 M M 3.8 13 160 M M 5 12 18 160
18 76 47 62 M 3 0 0.55 M M 5.4 15 320 M M 5 1 23 310
19 65 39 52 M 13 0 0.00 M M 3.7 13 340 M M 0 17 330
20 54 44 49 M 16 0 0.00 M M 3.4 8 60 M M 9 M M
21 55 38 47 M 18 0 0.07 M M 2.3 6 100 M M 9 1 M M
22 59 36 48 M 17 0 0.00 M M 6.5 15 330 M M 1 2 18 320
23 59 31 45 M 20 0 0.00 M M 3.4 10 60 M M 3 17 60
24 49 41 45 M 20 0 1.11 M M 9.4 16 320 M M 9 1 25 90
25 52 33 43 M 22 0 0.00 M M 10.1 16 310 M M 6 25 310
26 56 29 43 M 22 0 0.00 M M 3.1 10 310 M M 0 16 310
27 57 30 44 M 21 0 0.00 M M 3.9 10 150 M M 5 17 150
28 67 50 59 M 6 0 0.22 M M 3.5 10 160 M M 10 1 18 160
29 69 38 54 M 11 0 0.44 M M 8.6 18 330 M M 10 1 25 340
30 38 32 35 M 30 0 0.05 M M 12.2 17 350 M M 10 1 24 350
31 34 31 33 M 32 0 M M M 10.5 15 330 M M 10 16 21 330
================================================================================
SM 2031 1323 351 25 2.92 M 186.3 M 136
================================================================================
AV 65.5 42.7 6.0 FASTST M M 4 MAX(MPH)
MISC ----> 25 170 33 330
================================================================================
NOTES:
# LAST OF SEVERAL OCCURRENCES
COLUMN 17 PEAK WIND IN M.P.H.
PRELIMINARY LOCAL CLIMATOLOGICAL DATA (WS FORM: F-6) , PAGE 2
STATION: HEARNE
MONTH: JANUARY
YEAR: 2023
LATITUDE: 30 52 N
LONGITUDE: 96 36 W
[TEMPERATURE DATA] [PRECIPITATION DATA] SYMBOLS USED IN COLUMN 16
AVERAGE MONTHLY: 54.1 TOTAL FOR MONTH: 2.92 1 = FOG OR MIST
DPTR FM NORMAL: 0.0 DPTR FM NORMAL: M 2 = FOG REDUCING VISIBILITY
HIGHEST: 80 ON 11,10 GRTST 24HR 1.11 ON 24-24 TO 1/4 MILE OR LESS
LOWEST: 29 ON 26 3 = THUNDER
SNOW, ICE PELLETS, HAIL 4 = ICE PELLETS
TOTAL MONTH: M 5 = HAIL
GRTST 24HR M ON M 6 = FREEZING RAIN OR DRIZZLE
GRTST DEPTH: M ON M 7 = DUSTSTORM OR SANDSTORM:
VSBY 1/2 MILE OR LESS
8 = SMOKE OR HAZE
[NO. OF DAYS WITH] [WEATHER - DAYS WITH] 9 = BLOWING SNOW
X = TORNADO
MAX 32 OR BELOW: 0 0.01 INCH OR MORE: 8
MAX 90 OR ABOVE: 0 0.10 INCH OR MORE: 5
MIN 32 OR BELOW: 7 0.50 INCH OR MORE: 2
MIN 0 OR BELOW: 0 1.00 INCH OR MORE: 1
[HDD (BASE 65) ]
TOTAL THIS MO. 351 CLEAR (SCALE 0-3) 13
DPTR FM NORMAL M PTCLDY (SCALE 4-7) 10
TOTAL FM JUL 1 1060 CLOUDY (SCALE 8-10) 8
DPTR FM NORMAL M
[CDD (BASE 65) ]
TOTAL THIS MO. 25
DPTR FM NORMAL M [PRESSURE DATA]
TOTAL FM JAN 1 25 HIGHEST SLP M ON M
DPTR FM NORMAL M LOWEST SLP M ON M
[REMARKS]
#FINAL-01-23#