000
CXUS54 KLZK 011130
CF6LIT
PRELIMINARY LOCAL CLIMATOLOGICAL DATA (WS FORM: F-6)
STATION: LITTLE ROCK ADAMS FIELD
MONTH: JUNE
YEAR: 2022
LATITUDE: 34 43 N
LONGITUDE: 92 14 W
TEMPERATURE IN F: :PCPN: SNOW: WIND :SUNSHINE: SKY :PK WND
================================================================================
1 2 3 4 5 6A 6B 7 8 9 10 11 12 13 14 15 16 17 18
12Z AVG MX 2MIN
DY MAX MIN AVG DEP HDD CDD WTR SNW DPTH SPD SPD DIR MIN PSBL S-S WX SPD DR
================================================================================
1 92 69 81 6 0 16 0.12 0.0 0 5.7 25 340 M M 7 3 33 350
2 74 66 70 -5 0 5 1.44 0.0 0 5.2 17 10 M M 8 123 24 10
3 82 61 72 -3 0 7 0.00 0.0 0 5.5 12 50 M M 4 15 70
4 85 63 74 -2 0 9 0.00 0.0 0 3.3 12 100 M M 6 14 120
5 88 63 76 0 0 11 0.00 0.0 0 3.6 13 170 M M 5 16 170
6 87 69 78 2 0 13 1.50 0.0 0 5.1 20 140 M M 8 123 24 310
7 86 69 78 2 0 13 0.08 0.0 0 5.2 21 240 M M 7 138 31 240
8 76 66 71 -5 0 6 0.46 0.0 0 5.7 22 280 M M 7 13 29 290
9 85 65 75 -2 0 10 0.00 0.0 0 4.1 10 40 M M 7 13 80
10 79 67 73 -4 0 8 0.55 0.0 0 4.9 29 140 M M 9 138 35 140
11 88 66 77 0 0 12 0.00 0.0 0 4.6 13 150 M M 5 1 16 190
12 96 77 87 9 0 22 0.00 0.0 0 7.9 17 230 M M 5 1 22 190
13 95 77 86 8 0 21 0.00 0.0 0 7.6 16 240 M M 1 8 20 240
14 94 78 86 8 0 21 0.00 0.0 0 8.9 17 220 M M 1 8 22 220
15 94 78 86 8 0 21 0.00 0.0 0 8.8 16 240 M M 4 23 210
16 97 76 87 9 0 22 0.00 0.0 0 4.3 14 270 M M 3 18 18 240
17 98 78 88 10 0 23 0.00 0.0 0 3.1 10 10 M M 3 13 360
18 97 78 88 9 0 23 0.00 0.0 0 6.1 15 70 M M 4 18 19 80
19 89 69 79 0 0 14 0.00 0.0 0 5.8 13 60 M M 1 19 120
20 94 67 81 2 0 16 0.00 0.0 0 4.7 13 130 M M 1 16 120
21 97 71 84 5 0 19 0.00 0.0 0 3.3 10 180 M M 1 17 210
22 100 76 88 9 0 23 0.00 0.0 0 3.3 13 20 M M 2 8 16 320
23 97 77 87 7 0 22 0.07 0.0 0 4.2 23 210 M M 4 38 29 200
24 97 76 87 7 0 22 0.00 0.0 0 3.6 12 110 M M 3 8 16 120
25 100 75 88 8 0 23 0.00 0.0 0 3.2 17 270 M M 2 3 21 280
26 97 78 88 8 0 23 0.00 0.0 0 6.3 21 120 M M 5 138 24 120
27 86 70 78 -2 0 13 0.00 0.0 0 9.8 20 70 M M 7 25 40
28 88 66 77 -3 0 12 0.00 0.0 0 7.8 16 60 M M 2 20 70
29 91 64 78 -2 0 13 0.00 0.0 0 5.5 13 80 M M 1 17 70
30 93 71 82 2 0 17 0.00 0.0 0 5.4 14 130 M M 3 17 130
================================================================================
SM 2722 2126 0 480 4.22 0.0 162.5 M 126
================================================================================
AV 90.7 70.9 5.4 FASTST M M 4 MAX(MPH)
MISC ----> 29 140 35 140
================================================================================
NOTES:
# LAST OF SEVERAL OCCURRENCES
COLUMN 17 PEAK WIND IN M.P.H.
PRELIMINARY LOCAL CLIMATOLOGICAL DATA (WS FORM: F-6) , PAGE 2
STATION: LITTLE ROCK ADAMS FIELD
MONTH: JUNE
YEAR: 2022
LATITUDE: 34 43 N
LONGITUDE: 92 14 W
[TEMPERATURE DATA] [PRECIPITATION DATA] SYMBOLS USED IN COLUMN 16
AVERAGE MONTHLY: 80.8 TOTAL FOR MONTH: 4.22 1 = FOG OR MIST
DPTR FM NORMAL: 2.8 DPTR FM NORMAL: 0.67 2 = FOG REDUCING VISIBILITY
HIGHEST: 100 ON 25,22 GRTST 24HR 1.55 ON 1- 2 TO 1/4 MILE OR LESS
LOWEST: 61 ON 3 3 = THUNDER
SNOW, ICE PELLETS, HAIL 4 = ICE PELLETS
TOTAL MONTH: 0.0 INCH 5 = HAIL
GRTST 24HR 0.0 6 = FREEZING RAIN OR DRIZZLE
GRTST DEPTH: 0 7 = DUSTSTORM OR SANDSTORM:
VSBY 1/2 MILE OR LESS
8 = SMOKE OR HAZE
[NO. OF DAYS WITH] [WEATHER - DAYS WITH] 9 = BLOWING SNOW
X = TORNADO
MAX 32 OR BELOW: 0 0.01 INCH OR MORE: 7
MAX 90 OR ABOVE: 17 0.10 INCH OR MORE: 5
MIN 32 OR BELOW: 0 0.50 INCH OR MORE: 3
MIN 0 OR BELOW: 0 1.00 INCH OR MORE: 2
[HDD (BASE 65) ]
TOTAL THIS MO. 0 CLEAR (SCALE 0-3) 12
DPTR FM NORMAL 0 PTCLDY (SCALE 4-7) 17
TOTAL FM JUL 1 2527 CLOUDY (SCALE 8-10) 1
DPTR FM NORMAL -636
[CDD (BASE 65) ]
TOTAL THIS MO. 480
DPTR FM NORMAL 91 [PRESSURE DATA]
TOTAL FM JAN 1 852 HIGHEST SLP 30.25 ON 27
DPTR FM NORMAL 220 LOWEST SLP 29.70 ON 6
[REMARKS]
#FINAL-06-22#