000
CXUS56 KMFR 010930
CF6LMT
PRELIMINARY LOCAL CLIMATOLOGICAL DATA (WS FORM: F-6)
STATION: KLAMATH FALLS OR
MONTH: AUGUST
YEAR: 2023
LATITUDE: 42 9 N
LONGITUDE: 121 44 W
TEMPERATURE IN F: :PCPN: SNOW: WIND :SUNSHINE: SKY :PK WND
================================================================================
1 2 3 4 5 6A 6B 7 8 9 10 11 12 13 14 15 16 17 18
12Z AVG MX 2MIN
DY MAX MIN AVG DEP HDD CDD WTR SNW DPTH SPD SPD DIR MIN PSBL S-S WX SPD DR
================================================================================
1 89 48 69 1 0 4 0.00 M M 3.7 13 150 M M 0 8 17 230
2 88 50 69 1 0 4 0.00 M M 5.4 20 330 M M 0 24 340
3 87 50 69 1 0 4 T M M 5.4 20 320 M M 2 8 26 330
4 85 51 68 0 0 3 T M M 6.3 25 320 M M 3 3 33 270
5 82 46 64 -4 1 0 0.00 M M 6.9 20 310 M M 1 24 330
6 81 45 63 -5 2 0 0.00 M M 6.9 20 330 M M 1 30 340
7 81 48 65 -2 0 0 0.00 M M 5.2 17 330 M M 0 8 24 330
8 87 50 69 2 0 4 0.00 M M 4.5 18 330 M M 1 8 24 320
9 86 49 68 1 0 3 0.00 M M 6.8 21 270 M M 0 29 260
10 87 47 67 0 0 2 0.00 M M 5.8 18 330 M M 0 23 320
11 89 50 70 3 0 5 0.00 M M 5.9 18 330 M M 0 27 320
12 92 49 71 4 0 6 0.00 M M 6.6 17 320 M M 0 8 23 310
13 94 51 73 7 0 8 0.00 M M 5.2 13 320 M M 0 18 280
14 97 58 78 12 0 13 0.00 M M 6.8 20 150 M M 0 8 26 140
15 96 60 78 12 0 13 T M M 5.4 18 330 M M 0 8 22 330
16 93 56 75 9 0 10 0.00 M M 5.4 22 330 M M 1 8 27 330
17 86 62 74 8 0 9 T M M 5.7 26 320 M M 5 38 33 300
18 89 54 72 7 0 7 0.00 M M 6.0 26 330 M M 5 18 34 340
19 89 51 70 5 0 5 0.00 M M 3.9 26 220 M M 1 138 33 220
20 78 52 65 0 0 0 T M M 4.6 16 150 M M 2 20 150
21 67 57 62 -3 3 0 0.52 M M 7.4 16 150 M M 9 13 21 160
22 67 56 62 -2 3 0 0.02 M M 5.6 14 180 M M 9 18 18 180
23 78 48 63 -1 2 0 0.00 M M 2.4 9 340 M M 4 128 13 190
24 85 48 67 3 0 2 0.00 M M 5.0 23 210 M M 0 18 33 200
25 83 49 66 2 0 1 0.00 M M 5.2 20 190 M M 1 18 26 190
26 85 45 65 1 0 0 0.00 M M 3.4 12 160 M M M 15 150
27 86 42 64 0 1 0 0.00 M M 1.9 12 240 M M 0 8 14 250
28 86 43 65 2 0 0 0.00 M M 3.4 14 310 M M 1 18 18 310
29 74 44 59 -4 6 0 0.00 M M 7.3 21 330 M M 4 18 32 320
30 79 36 58 -5 7 0 0.00 M M 2.6 15 320 M M 0 1 19 300
31 75 38 57 -6 8 0 0.00 M M 5.8 18 280 M M 1 128 25 290
================================================================================
SM 2621 1533 33 103 0.54 M 162.4 M 51
================================================================================
AV 84.5 49.5 5.2 FASTST M M 2 MAX(MPH)
MISC ----> # 26 320 34 340
================================================================================
NOTES:
# LAST OF SEVERAL OCCURRENCES
COLUMN 17 PEAK WIND IN M.P.H.
PRELIMINARY LOCAL CLIMATOLOGICAL DATA (WS FORM: F-6) , PAGE 2
STATION: KLAMATH FALLS OR
MONTH: AUGUST
YEAR: 2023
LATITUDE: 42 9 N
LONGITUDE: 121 44 W
[TEMPERATURE DATA] [PRECIPITATION DATA] SYMBOLS USED IN COLUMN 16
AVERAGE MONTHLY: 67.0 TOTAL FOR MONTH: 0.54 1 = FOG OR MIST
DPTR FM NORMAL: 1.4 DPTR FM NORMAL: 0.26 2 = FOG REDUCING VISIBILITY
HIGHEST: 97 ON 14 GRTST 24HR 0.54 ON 21-22 TO 1/4 MILE OR LESS
LOWEST: 36 ON 30 3 = THUNDER
SNOW, ICE PELLETS, HAIL 4 = ICE PELLETS
TOTAL MONTH: M 5 = HAIL
GRTST 24HR M ON M 6 = FREEZING RAIN OR DRIZZLE
GRTST DEPTH: M ON M 7 = DUSTSTORM OR SANDSTORM:
VSBY 1/2 MILE OR LESS
8 = SMOKE OR HAZE
[NO. OF DAYS WITH] [WEATHER - DAYS WITH] 9 = BLOWING SNOW
X = TORNADO
MAX 32 OR BELOW: 0 0.01 INCH OR MORE: 2
MAX 90 OR ABOVE: 5 0.10 INCH OR MORE: 1
MIN 32 OR BELOW: 0 0.50 INCH OR MORE: 1
MIN 0 OR BELOW: 0 1.00 INCH OR MORE: 0
[HDD (BASE 65) ]
TOTAL THIS MO. 33 CLEAR (SCALE 0-3) 24
DPTR FM NORMAL -21 PTCLDY (SCALE 4-7) 4
TOTAL FM JUL 1 35 CLOUDY (SCALE 8-10) 3
DPTR FM NORMAL -60
[CDD (BASE 65) ]
TOTAL THIS MO. 103
DPTR FM NORMAL 29 [PRESSURE DATA]
TOTAL FM JAN 1 264 HIGHEST SLP M ON M
DPTR FM NORMAL 62 LOWEST SLP 29.70 ON 21
[REMARKS]
#FINAL-08-23#