000
CXUS55 KRIW 011110
CF6LND
PRELIMINARY LOCAL CLIMATOLOGICAL DATA (WS FORM: F-6)
STATION: LANDER WY
MONTH: FEBRUARY
YEAR: 2021
LATITUDE: 42 49 N
LONGITUDE: 108 44 W
TEMPERATURE IN F: :PCPN: SNOW: WIND :SUNSHINE: SKY :PK WND
================================================================================
1 2 3 4 5 6A 6B 7 8 9 10 11 12 13 14 15 16 17 18
12Z AVG MX 2MIN
DY MAX MIN AVG DEP HDD CDD WTR SNW DPTH SPD SPD DIR MIN PSBL S-S WX SPD DR
================================================================================
1 46 18 32 10 33 0 0.00 0.0 0 2.4 12 280 M M 0 16 280
2 48 19 34 12 31 0 0.00 0.0 0 4.2 18 350 M M 1 25 350
3 47 18 33 11 32 0 T 0.0 0 12.6 31 280 M M 3 45 270
4 38 13 26 3 39 0 0.00 0.0 0 5.7 24 310 M M 1 34 300
5 43 17 30 7 35 0 0.00 0.0 0 7.4 30 310 M M 3 47 300
6 39 15 27 4 38 0 0.00 0.0 0 6.6 29 310 M M 4 37 300
7 37 5 21 -2 44 0 0.00 0.0 0 9.2 28 260 M M 1 35 270
8 30 -1 15 -8 50 0 0.00 0.0 0 2.7 10 40 M M 3 1 14 20
9 39 -1 19 -4 46 0 0.00 0.0 0 6.2 21 40 M M 0 39 10
10 27 -3 12 -12 53 0 0.00 0.0 0 4.2 13 310 M M 0 15 310
11 8 -8 0 -24 65 0 T T 0 5.0 14 60 M M 8 18 18 60
12 6 -9 -1 -25 66 0 T T 0 4.6 12 80 M M 8 8 17 60
13 1 -11 -5 -29 70 0 0.05 0.3 0 3.5 10 80 M M 8 18 12 80
14 8 -13 -2 -27 67 0 0.00 0.0 T 2.1 7 250 M M 3 18 10 130
15 21 -7 7 -18 58 0 0.00 0.0 T 2.4 8 140 M M 0 10 270
16 41 2 22 -3 43 0 0.00 0.0 T 3.2 17 240 M M 1 19 240
17 32 13 23 -3 42 0 0.05 2.0 T 5.5 17 30 M M 6 1 21 30
18 29 1 15 -11 50 0 0.00 0.0 1 3.4 14 230 M M 2 128 18 230
19 44 13 29 3 36 0 0.00 0.0 1 6.6 21 280 M M 1 27 280
20 43 18 31 4 34 0 0.04 0.2 T 6.1 17 360 M M 5 1 24 360
21 44 10 27 0 38 0 0.00 0.0 T 5.5 17 320 M M 0 25 350
22 55 22 39 12 26 0 0.00 0.0 0 6.9 25 320 M M 0 40 280
23 46 19 33 5 32 0 0.00 0.0 0 13.2 37 290 M M 2 50 290
24 34 13 24 -4 41 0 0.00 0.0 0 6.0 20 30 M M 2 24 30
25 42 7 25 -3 40 0 0.00 0.0 0 4.5 30 250 M M 1 47 240
26 39 20 30 1 35 0 0.00 0.0 0 12.1 36 240 M M 1 46 240
27 33 15 24 -5 41 0 0.01 0.1 0 7.2 21 360 M M 7 18 31 10
28 40 8 24 -6 41 0 0.00 0.0 T 5.2 16 150 M M 0 18 150
================================================================================
SM 960 213 1226 0 0.15 2.6 164.2 M 71
================================================================================
AV 34.3 7.6 5.9 FASTST M M 3 MAX(MPH)
MISC ----> 37 290 50 290
================================================================================
NOTES:
# LAST OF SEVERAL OCCURRENCES
COLUMN 17 PEAK WIND IN M.P.H.
PRELIMINARY LOCAL CLIMATOLOGICAL DATA (WS FORM: F-6) , PAGE 2
STATION: LANDER WY
MONTH: FEBRUARY
YEAR: 2021
LATITUDE: 42 49 N
LONGITUDE: 108 44 W
[TEMPERATURE DATA] [PRECIPITATION DATA] SYMBOLS USED IN COLUMN 16
AVERAGE MONTHLY: 20.9 TOTAL FOR MONTH: 0.15 1 = FOG OR MIST
DPTR FM NORMAL: -4.3 DPTR FM NORMAL: -0.43 2 = FOG REDUCING VISIBILITY
HIGHEST: 55 ON 22 GRTST 24HR 0.05 ON 13-13 TO 1/4 MILE OR LESS
LOWEST: -13 ON 14 3 = THUNDER
SNOW, ICE PELLETS, HAIL 4 = ICE PELLETS
TOTAL MONTH: 2.6 INCHES 5 = HAIL
GRTST 24HR 2.0 ON 17-17 6 = FREEZING RAIN OR DRIZZLE
GRTST DEPTH: 1 ON 19,18 7 = DUSTSTORM OR SANDSTORM:
VSBY 1/2 MILE OR LESS
8 = SMOKE OR HAZE
[NO. OF DAYS WITH] [WEATHER - DAYS WITH] 9 = BLOWING SNOW
X = TORNADO
MAX 32 OR BELOW: 9 0.01 INCH OR MORE: 4
MAX 90 OR ABOVE: 0 0.10 INCH OR MORE: 0
MIN 32 OR BELOW: 28 0.50 INCH OR MORE: 0
MIN 0 OR BELOW: 8 1.00 INCH OR MORE: 0
[HDD (BASE 65) ]
TOTAL THIS MO. 1226 CLEAR (SCALE 0-3) 20
DPTR FM NORMAL 112 PTCLDY (SCALE 4-7) 8
TOTAL FM JUL 1 5439 CLOUDY (SCALE 8-10) 0
DPTR FM NORMAL -265
[CDD (BASE 65) ]
TOTAL THIS MO. 0
DPTR FM NORMAL 0 [PRESSURE DATA]
TOTAL FM JAN 1 0 HIGHEST SLP 30.48 ON 24
DPTR FM NORMAL 0 LOWEST SLP 29.53 ON 7
[REMARKS]
#FINAL-02-21#