236
CXUS53 KOAX 011030
CF6LNK
PRELIMINARY LOCAL CLIMATOLOGICAL DATA (WS FORM: F-6)
STATION: LINCOLN NE
MONTH: JANUARY
YEAR: 2021
LATITUDE: 40 50 N
LONGITUDE: 96 45 W
TEMPERATURE IN F: :PCPN: SNOW: WIND :SUNSHINE: SKY :PK WND
================================================================================
1 2 3 4 5 6A 6B 7 8 9 10 11 12 13 14 15 16 17 18
12Z AVG MX 2MIN
DY MAX MIN AVG DEP HDD CDD WTR SNW DPTH SPD SPD DIR MIN PSBL S-S WX SPD DR
================================================================================
1 33 10 22 -3 43 0 0.00 0.0 4 5.1 13 340 M M 3 128 14 340
2 35 9 22 -2 43 0 0.00 0.0 4 1.5 7 160 M M 5 128 9 360
3 39 8 24 0 41 0 0.00 0.0 3 3.7 10 200 M M 3 128 14 220
4 44 15 30 6 35 0 0.00 0.0 3 5.3 17 330 M M 1 12 23 330
5 46 17 32 8 33 0 0.03 0.0 2 7.4 21 150 M M 2 32 160
6 39 33 36 12 29 0 T 0.0 T 6.2 15 110 M M 10 1 19 110
7 36 22 29 5 36 0 0.01 T T 6.5 14 80 M M 9 18 24 70
8 35 19 27 3 38 0 0.00 0.0 0 3.2 8 350 M M 5 128 11 360
9 32 23 28 4 37 0 0.00 0.0 0 4.4 9 340 M M 9 18 13 320
10 37 24 31 7 34 0 0.00 0.0 0 4.1 10 330 M M 9 18 13 350
11 49 24 37 13 28 0 0.00 0.0 0 7.2 22 250 M M 0 1 30 250
12 54 21 38 14 27 0 0.00 0.0 0 3.8 14 230 M M 0 19 230
13 55 28 42 18 23 0 0.00 0.0 0 5.4 12 260 M M 0 14 300
14 48 35 42 18 23 0 T 0.0 0 23.9 41 310 M M 7 56 300
15 35 30 33 9 32 0 0.14 2.0 1 25.9 41 330 M M 10 1 58 320
16 36 20 28 4 37 0 0.00 0.0 1 7.6 20 330 M M 6 25 330
17 45 24 35 11 30 0 0.00 0.0 1 9.6 22 320 M M 4 29 310
18 40 25 33 9 32 0 T T 0 3.8 13 40 M M 7 1 17 30
19 44 19 32 8 33 0 0.00 0.0 0 11.2 32 310 M M 4 45 310
20 54 19 37 13 28 0 0.00 0.0 0 9.3 30 230 M M 0 37 230
21 51 18 35 11 30 0 0.00 0.0 0 5.4 21 350 M M 0 26 350
22 27 14 21 -4 44 0 T T 0 5.9 15 360 M M 6 18 350
23 31 15 23 -2 42 0 0.13 1.5 0 8.1 18 140 M M 8 12 24 140
24 30 25 28 3 37 0 0.00 0.0 1 8.8 20 20 M M 10 24 10
25 27 18 23 -2 42 0 1.13 14.5 1 14.7 26 20 M M 10 12 34 30
26 21 14 18 -7 47 0 0.02 0.3 14 13.2 23 20 M M 9 1 29 20
27 22 8 15 -10 50 0 0.07 0.6 14 6.1 14 30 M M 7 18 17 10
28 28 15 22 -3 43 0 0.00 0.0 14 12.5 21 180 M M 9 18 26 180
29 38 8 23 -2 42 0 0.00 0.0 13 6.3 15 150 M M 0 18 21 160
30 39 28 34 9 31 0 0.00 0.0 12 14.4 32 350 M M 6 18 42 360
31 31 17 24 -1 41 0 T 0.0 11 13.8 30 340 M M 9 18 38 350
================================================================================
SM 1181 605 1111 0 1.53 18.9 264.3 M 168
================================================================================
AV 38.1 19.5 8.5 FASTST M M 5 MAX(MPH)
MISC ----> # 41 310 58 320
================================================================================
NOTES:
# LAST OF SEVERAL OCCURRENCES
COLUMN 17 PEAK WIND IN M.P.H.
PRELIMINARY LOCAL CLIMATOLOGICAL DATA (WS FORM: F-6) , PAGE 2
STATION: LINCOLN NE
MONTH: JANUARY
YEAR: 2021
LATITUDE: 40 50 N
LONGITUDE: 96 45 W
[TEMPERATURE DATA] [PRECIPITATION DATA] SYMBOLS USED IN COLUMN 16
AVERAGE MONTHLY: 28.8 TOTAL FOR MONTH: 1.53 1 = FOG OR MIST
DPTR FM NORMAL: 4.2 DPTR FM NORMAL: 0.89 2 = FOG REDUCING VISIBILITY
HIGHEST: 55 ON 13 GRTST 24HR 1.13 ON 25-25 TO 1/4 MILE OR LESS
LOWEST: 8 ON 27,29 3 = THUNDER
SNOW, ICE PELLETS, HAIL 4 = ICE PELLETS
TOTAL MONTH: 18.9 INCHES 5 = HAIL
GRTST 24HR 14.5 ON 25-25 6 = FREEZING RAIN OR DRIZZLE
GRTST DEPTH: 14 ON 27,26 7 = DUSTSTORM OR SANDSTORM:
VSBY 1/2 MILE OR LESS
8 = SMOKE OR HAZE
[NO. OF DAYS WITH] [WEATHER - DAYS WITH] 9 = BLOWING SNOW
X = TORNADO
MAX 32 OR BELOW: 9 0.01 INCH OR MORE: 7
MAX 90 OR ABOVE: 0 0.10 INCH OR MORE: 3
MIN 32 OR BELOW: 29 0.50 INCH OR MORE: 1
MIN 0 OR BELOW: 0 1.00 INCH OR MORE: 1
[HDD (BASE 65) ]
TOTAL THIS MO. 1111 CLEAR (SCALE 0-3) 10
DPTR FM NORMAL -141 PTCLDY (SCALE 4-7) 11
TOTAL FM JUL 1 3410 CLOUDY (SCALE 8-10) 10
DPTR FM NORMAL -291
[CDD (BASE 65) ]
TOTAL THIS MO. 0
DPTR FM NORMAL 0 [PRESSURE DATA]
TOTAL FM JAN 1 0 HIGHEST SLP 30.60 ON 28
DPTR FM NORMAL 0 LOWEST SLP 29.50 ON 14
[REMARKS]
#FINAL-01-21#