000
CXUS53 KLMK 010810
CF6LOU
PRELIMINARY LOCAL CLIMATOLOGICAL DATA (WS FORM: F-6)
STATION: LOUISVILLE BOWMAN KY
MONTH: DECEMBER
YEAR: 2022
LATITUDE: 38 13 N
LONGITUDE: 85 39 W
TEMPERATURE IN F: :PCPN: SNOW: WIND :SUNSHINE: SKY :PK WND
================================================================================
1 2 3 4 5 6A 6B 7 8 9 10 11 12 13 14 15 16 17 18
12Z AVG MX 2MIN
DY MAX MIN AVG DEP HDD CDD WTR SNW DPTH SPD SPD DIR MIN PSBL S-S WX SPD DR
================================================================================
1 40 22 31 -11 34 0 0.00 M M 2.7 12 280 M M 0 16 290
2 58 28 43 1 22 0 0.14 M M 11.6 24 190 M M 9 3 34 180
3 59 31 45 3 20 0 0.05 M M 9.9 25 310 M M 5 43 320
4 42 25 34 -7 31 0 0.00 M M 1.8 9 200 M M 0 14 340
5 46 25 36 -5 29 0 0.01 M M 3.6 10 190 M M 6 18 13 180
6 62 46 54 13 11 0 0.63 M M 1.9 10 290 M M 10 13 14 300
7 59 49 54 13 11 0 T M M 4.0 9 350 M M 10 1 15 10
8 49 47 48 8 17 0 0.47 M M 5.8 13 100 M M 10 1 17 100
9 50 41 46 6 19 0 0.00 M M 4.1 12 120 M M 10 12 15 80
10 48 43 46 6 19 0 0.02 M M 3.4 12 170 M M 10 12 14 140
11 49 39 44 4 21 0 0.00 M M 3.9 9 330 M M 9 1 16 10
12 49 30 40 0 25 0 0.00 M M 5.7 15 90 M M 2 1 20 80
13 49 33 41 2 24 0 0.00 M M 8.5 15 60 M M 2 20 90
14 55 46 51 12 14 0 1.28 M M 8.9 17 160 M M 10 1 26 130
15 55 40 48 9 17 0 0.01 M M 10.8 25 200 M M 8 1 36 240
16 44 31 38 -1 27 0 0.00 M M 11.6 25 220 M M 6 36 220
17 36 26 31 -7 34 0 0.00 M M 10.8 18 290 M M 8 28 230
18 37 24 31 -7 34 0 0.00 M M 7.7 17 290 M M 5 26 280
19 38 20 29 -9 36 0 0.00 M M 2.4 9 70 M M 2 12 70
20 48 27 38 0 27 0 0.00 M M 3.2 8 360 M M 4 10 350
21 47 22 35 -3 30 0 0.00 M M 4.1 10 70 M M 1 15 60
22 47 7 27 -11 38 0 0.25 M M 8.5 26 280 M M 10 12 38 250
23 7 -7 0 -37 65 0 T M M 18.5 30 280 M M 10 189 42 290
24 17 2 10 -27 55 0 0.00 M M 13.2 22 230 M M 6 8 29 250
25 21 10 16 -21 49 0 0.00 M M 9.4 16 210 M M 0 24 250
26 28 13 21 -16 44 0 0.01 M M 6.4 12 180 M M 9 1 15 170
27 33 27 30 -7 35 0 0.00 M M 4.6 12 210 M M 9 1 16 200
28 52 24 38 2 27 0 0.00 M M 9.2 20 170 M M 0 1 28 200
29 58 46 52 16 13 0 0.01 M M 12.9 22 190 M M 8 32 170
30 67 55 61 25 4 0 0.06 M M 8.5 18 160 M M 7 1 27 130
31 55 40 48 12 17 0 0.31 M M 5.5 12 250 M M 9 12 16 250
================================================================================
SM 1405 912 849 0 3.25 M 223.1 M 195
================================================================================
AV 45.3 29.4 7.2 FASTST M M 6 MAX(MPH)
MISC ----> 30 280 43 320
================================================================================
NOTES:
# LAST OF SEVERAL OCCURRENCES
COLUMN 17 PEAK WIND IN M.P.H.
PRELIMINARY LOCAL CLIMATOLOGICAL DATA (WS FORM: F-6) , PAGE 2
STATION: LOUISVILLE BOWMAN KY
MONTH: DECEMBER
YEAR: 2022
LATITUDE: 38 13 N
LONGITUDE: 85 39 W
[TEMPERATURE DATA] [PRECIPITATION DATA] SYMBOLS USED IN COLUMN 16
AVERAGE MONTHLY: 37.4 TOTAL FOR MONTH: 3.25 1 = FOG OR MIST
DPTR FM NORMAL: -1.4 DPTR FM NORMAL: -0.63 2 = FOG REDUCING VISIBILITY
HIGHEST: 67 ON 30 GRTST 24HR 1.29 ON 14-15 TO 1/4 MILE OR LESS
LOWEST: -7 ON 23 3 = THUNDER
SNOW, ICE PELLETS, HAIL 4 = ICE PELLETS
TOTAL MONTH: M 5 = HAIL
GRTST 24HR M ON M 6 = FREEZING RAIN OR DRIZZLE
GRTST DEPTH: M ON M 7 = DUSTSTORM OR SANDSTORM:
VSBY 1/2 MILE OR LESS
8 = SMOKE OR HAZE
[NO. OF DAYS WITH] [WEATHER - DAYS WITH] 9 = BLOWING SNOW
X = TORNADO
MAX 32 OR BELOW: 4 0.01 INCH OR MORE: 13
MAX 90 OR ABOVE: 0 0.10 INCH OR MORE: 6
MIN 32 OR BELOW: 19 0.50 INCH OR MORE: 2
MIN 0 OR BELOW: 1 1.00 INCH OR MORE: 1
[HDD (BASE 65) ]
TOTAL THIS MO. 849 CLEAR (SCALE 0-3) 8
DPTR FM NORMAL 37 PTCLDY (SCALE 4-7) 9
TOTAL FM JUL 1 1696 CLOUDY (SCALE 8-10) 14
DPTR FM NORMAL 82
[CDD (BASE 65) ]
TOTAL THIS MO. 0
DPTR FM NORMAL 0 [PRESSURE DATA]
TOTAL FM JAN 1 1655 HIGHEST SLP 30.60 ON 1
DPTR FM NORMAL 112 LOWEST SLP 29.52 ON 14
[REMARKS]
#FINAL-12-22#