000
CXUS53 KLMK 010710
CF6LOU
PRELIMINARY LOCAL CLIMATOLOGICAL DATA (WS FORM: F-6)
STATION: LOUISVILLE BOWMAN KY
MONTH: JUNE
YEAR: 2022
LATITUDE: 38 13 N
LONGITUDE: 85 39 W
TEMPERATURE IN F: :PCPN: SNOW: WIND :SUNSHINE: SKY :PK WND
================================================================================
1 2 3 4 5 6A 6B 7 8 9 10 11 12 13 14 15 16 17 18
12Z AVG MX 2MIN
DY MAX MIN AVG DEP HDD CDD WTR SNW DPTH SPD SPD DIR MIN PSBL S-S WX SPD DR
================================================================================
1 91 68 80 8 0 15 T M M 6.4 15 210 M M 2 3 21 270
2 78 63 71 -1 0 6 0.73 M M 5.0 22 270 M M 6 13 34 260
3 81 56 69 -3 0 4 0.00 M M 3.0 13 20 M M 0 1 21 10
4 85 55 70 -3 0 5 0.00 M M 2.9 9 40 M M 0 14 50
5 85 57 71 -2 0 6 0.00 M M 3.1 13 190 M M 1 17 190
6 85 67 76 3 0 11 0.82 M M 10.0 31 210 M M 6 13 43 280
7 84 67 76 2 0 11 0.02 M M 4.3 12 220 M M 6 1 16 240
8 87 67 77 3 0 12 T M M 9.2 24 220 M M 4 37 210
9 81 63 72 -2 0 7 0.00 M M 5.3 13 10 M M 2 20 340
10 74 65 70 -4 0 5 0.11 M M 3.7 13 280 M M 9 18 290
11 83 63 73 -2 0 8 0.00 M M 5.5 14 220 M M 4 19 160
12 88 70 79 4 0 14 0.00 M M 6.9 18 200 M M 3 26 170
13 96 77 87 12 0 22 0.00 M M 9.7 18 210 M M 2 27 190
14 96 80 88 13 0 23 0.02 M M 8.6 21 200 M M 0 8 28 200
15 95 78 87 11 0 22 0.00 M M 6.9 16 160 M M 0 21 160
16 95 81 88 12 0 23 0.00 M M 9.9 18 220 M M 1 25 240
17 88 74 81 5 0 16 T M M 7.0 29 280 M M 2 3 44 240
18 81 60 71 -5 0 6 0.00 M M 6.4 17 40 M M 0 24 40
19 82 59 71 -5 0 6 0.00 M M 6.5 14 50 M M 0 19 60
20 90 56 73 -3 0 8 0.00 M M 3.0 10 230 M M 0 14 230
21 95 60 78 1 0 13 0.00 M M 4.8 13 260 M M 0 19 240
22 98 68 83 6 0 18 0.26 M M 3.6 24 330 M M 1 13 45 320
23 88 67 78 1 0 13 0.00 M M 4.3 13 360 M M 0 1 18 340
24 91 62 77 0 0 12 0.00 M M 4.2 14 60 M M 1 21 20
25 93 64 79 2 0 14 0.00 M M 3.9 12 110 M M 0 15 290
26 87 72 80 2 0 15 1.00 M M 5.5 18 270 M M 3 13 26 290
27 82 64 73 -5 0 8 0.00 M M 5.1 14 50 M M 1 19 50
28 79 55 67 -11 0 2 0.00 M M 3.3 9 350 M M 0 17 10
29 88 53 71 -7 0 6 0.00 M M 1.8 9 30 M M 0 12 100
30 94 60 77 -1 0 12 0.00 M M 4.6 15 160 M M 1 19 160
================================================================================
SM 2620 1951 0 343 2.96 M 164.4 M 55
================================================================================
AV 87.3 65.0 5.5 FASTST M M 2 MAX(MPH)
MISC ----> 31 210 45 320
================================================================================
NOTES:
# LAST OF SEVERAL OCCURRENCES
COLUMN 17 PEAK WIND IN M.P.H.
PRELIMINARY LOCAL CLIMATOLOGICAL DATA (WS FORM: F-6) , PAGE 2
STATION: LOUISVILLE BOWMAN KY
MONTH: JUNE
YEAR: 2022
LATITUDE: 38 13 N
LONGITUDE: 85 39 W
[TEMPERATURE DATA] [PRECIPITATION DATA] SYMBOLS USED IN COLUMN 16
AVERAGE MONTHLY: 76.2 TOTAL FOR MONTH: 2.96 1 = FOG OR MIST
DPTR FM NORMAL: 0.8 DPTR FM NORMAL: -1.72 2 = FOG REDUCING VISIBILITY
HIGHEST: 98 ON 22 GRTST 24HR 1.00 ON 26-26 TO 1/4 MILE OR LESS
LOWEST: 53 ON 29 3 = THUNDER
SNOW, ICE PELLETS, HAIL 4 = ICE PELLETS
TOTAL MONTH: M 5 = HAIL
GRTST 24HR M ON M 6 = FREEZING RAIN OR DRIZZLE
GRTST DEPTH: M ON M 7 = DUSTSTORM OR SANDSTORM:
VSBY 1/2 MILE OR LESS
8 = SMOKE OR HAZE
[NO. OF DAYS WITH] [WEATHER - DAYS WITH] 9 = BLOWING SNOW
X = TORNADO
MAX 32 OR BELOW: 0 0.01 INCH OR MORE: 7
MAX 90 OR ABOVE: 11 0.10 INCH OR MORE: 5
MIN 32 OR BELOW: 0 0.50 INCH OR MORE: 3
MIN 0 OR BELOW: 0 1.00 INCH OR MORE: 1
[HDD (BASE 65) ]
TOTAL THIS MO. 0 CLEAR (SCALE 0-3) 23
DPTR FM NORMAL -3 PTCLDY (SCALE 4-7) 6
TOTAL FM JUL 1 3781 CLOUDY (SCALE 8-10) 1
DPTR FM NORMAL -365
[CDD (BASE 65) ]
TOTAL THIS MO. 343
DPTR FM NORMAL 30 [PRESSURE DATA]
TOTAL FM JAN 1 549 HIGHEST SLP M ON M
DPTR FM NORMAL 53 LOWEST SLP 29.71 ON 8
[REMARKS]
#FINAL-06-22#