182
CXUS53 KARX 091250 CCA
CLSLSE
CLIMATE REPORT...CORRECTED
NATIONAL WEATHER SERVICE
626 AM CST WED DEC 09 2020
...................................
...THE LA CROSSE WI CLIMATE SUMMARY FOR THE SEASON, FROM
9/1/2020 TO 11/30/2020...
CLIMATE NORMAL PERIOD 1981 TO 2010
CLIMATE RECORD PERIOD 1873 TO 2020
WEATHER OBSERVED NORMAL DEPART LAST YEAR`S
VALUE DATE(S) VALUE FROM VALUE DATE(S)
NORMAL
................................................................
TEMPERATURE (F)
RECORD
HIGH 101 09/06/1922
LOW -21 11/29/1875
HIGHEST 84 09/02 91 09/30
LOWEST 19 11/30 6 11/12
AVG. MAXIMUM 59.5 59.0 0.5 57.9
AVG. MINIMUM 40.5 40.3 0.2 42.4
MEAN 50.2 49.6 0.6 50.2
DAYS MAX >= 90 0 1.0 -1.0 1
DAYS MAX <= 32 0 5.0 -5.0 6
DAYS MIN <= 32 29 25.4 3.6 30
DAYS MIN <= 0 0 0.1 -0.1 0
PRECIPITATION (INCHES)
RECORD
MAXIMUM 19.60 1881
MINIMUM 0.82 1976
TOTALS 7.62 7.74 -0.12 14.36
DAYS >= .01 24 27.9 -3.9 40
DAYS >= .10 15 15.3 -0.3 21
DAYS >= .50 8 4.4 3.6 10
DAYS >= 1.00 2 1.7 0.3 4
GREATEST
24 HR. TOTAL 1.33 09/24 1.69
SNOWFALL (INCHES)
RECORDS
TOTAL 31.5 1991
SNOW DEPTH 15 11/29/1991
11/28/1991
11/27/1991
TOTALS 3.3 4.3 -1.0 6.5
SNOWDEPTH AVG. 0 0
DAYS >= TRACE 7 3.0 4.0 19
DAYS >= 1.0 1 1.0 0.0 2
GREATEST
SNOW DEPTH 1 11/25 4 11/07
DEGREE DAYS
HEATING TOTAL 1395 1479 -84 1481
COOLING TOTAL 55 81 -26 153
................................................................
WIND (MPH)
AVERAGE WIND SPEED 8.9
HIGHEST WIND SPEED/DIRECTION 38/310 DATE 11/01
HIGHEST GUST SPEED/DIRECTION 51/320 DATE 09/30
AVERAGE RH (PERCENT) 68
WEATHER CONDITIONS. NUMBER OF DAYS WITH
THUNDERSTORM 3 MIXED PRECIP 0
HEAVY RAIN 4 RAIN 8
LIGHT RAIN 21 FREEZING RAIN 0
LT FREEZING RAIN 0 HAIL 0
HEAVY SNOW 0 SNOW 0
LIGHT SNOW 6 SLEET 0
FOG 20 FOG W/VIS <= 1/4 MILE 5
HAZE 3
- INDICATES NEGATIVE NUMBERS.
R INDICATES RECORD WAS SET OR TIED.
MM INDICATES DATA IS MISSING.
T INDICATES TRACE AMOUNT.
$$
BOYNE