000
CXUS53 KARX 012123
CLSLSE
CLIMATE REPORT
NATIONAL WEATHER SERVICE LA CROSSE WI
423 PM CDT THU SEP 01 2022
...................................
...THE LA CROSSE WI CLIMATE SUMMARY FOR THE SEASON, FROM
6/1/2022 TO 8/31/2022...
CLIMATE NORMAL PERIOD 1991 TO 2020
CLIMATE RECORD PERIOD 1872 TO 2022
WEATHER OBSERVED NORMAL DEPART LAST YEAR`S
VALUE DATE(S) VALUE FROM VALUE DATE(S)
NORMAL
................................................................
TEMPERATURE (F)
RECORD
HIGH 108 07/13/1995
07/14/1936
LOW 33 06/01/1897
HIGHEST 98 06/14 99 06/05
06/20
06/10
LOWEST 50 06/02 49 06/22
06/03
AVG. MAXIMUM 83.4 83.5 -0.1 86.1
AVG. MINIMUM 63.0 62.4 0.6 64.6
MEAN 73.2 72.9 0.3 75.4
DAYS MAX >= 90 12 14.8 -2.8 28
DAYS MAX <= 32 0 0.0 0.0 0
DAYS MIN <= 32 0 0.0 0.0 0
DAYS MIN <= 0 0 0.0 0.0 0
PRECIPITATION (INCHES)
RECORD
MAXIMUM 22.29 2021
MINIMUM 3.01 1894
TOTALS 12.55 13.21 -0.66 22.29
DAYS >= .01 33 31.3 1.7 31
DAYS >= .10 20 21.1 -1.1 20
DAYS >= .50 9 9.5 -0.5 10
DAYS >= 1.00 5 3.5 1.5 8
GREATEST
24 HR. TOTAL 2.09 06/13 TO 06/13 5.74 08/07 TO 08/08
SNOWFALL (INCHES)
RECORDS
TOTAL 0.0 2020
SNOW DEPTH 0 08/31/2020
TOTALS 0.0 0.0 0.0 0.0
SNOWDEPTH AVG. 0 0
DAYS >= TRACE 0 0.0 0.0 0
DAYS >= 1.0 0 0.0 0.0 0
GREATEST
SNOW DEPTH 0 0 MM
DEGREE DAYS
HEATING TOTAL 12 35 -23 5
COOLING TOTAL 792 765 27 970
................................................................
WIND (MPH)
AVERAGE WIND SPEED 7.4
HIGHEST WIND SPEED/DIRECTION 60/310 DATE 07/23
HIGHEST GUST SPEED/DIRECTION 81/310 DATE 07/23
AVERAGE RH (PERCENT) 68
WEATHER CONDITIONS. NUMBER OF DAYS WITH
THUNDERSTORM 25 MIXED PRECIP 0
HEAVY RAIN 14 RAIN 17
LIGHT RAIN 41 FREEZING RAIN 0
LT FREEZING RAIN 0 HAIL 0
HEAVY SNOW 0 SNOW 0
LIGHT SNOW 0 SLEET 0
FOG 38 FOG W/VIS <= 1/4 MILE 10
HAZE 5
- INDICATES NEGATIVE NUMBERS.
R INDICATES RECORD WAS SET OR TIED.
MM INDICATES DATA IS MISSING.
T INDICATES TRACE AMOUNT.
$$
BOYNE