000
CXUS56 KMTR 010900
CF6LVK
PRELIMINARY LOCAL CLIMATOLOGICAL DATA (WS FORM: F-6)
STATION: LIVERMORE AIRPORT
MONTH: JULY
YEAR: 2021
LATITUDE: 37 42 N
LONGITUDE: 121 49 W
TEMPERATURE IN F: :PCPN: SNOW: WIND :SUNSHINE: SKY :PK WND
================================================================================
1 2 3 4 5 6A 6B 7 8 9 10 11 12 13 14 15 16 17 18
12Z AVG MX 2MIN
DY MAX MIN AVG DEP HDD CDD WTR SNW DPTH SPD SPD DIR MIN PSBL S-S WX SPD DR
================================================================================
1 83 56 70 -1 0 5 0.00 M M 11.1 20 290 M M 3 24 290
2 86 57 72 1 0 7 0.00 M M 8.7 18 290 M M 3 25 290
3 85 57 71 0 0 6 0.00 M M 9.9 21 280 M M 4 24 290
4 84 57 71 -1 0 6 0.00 M M 9.8 20 300 M M 3 18 24 310
5 87 56 72 0 0 7 0.00 M M 10.6 22 290 M M 3 1 27 280
6 82 56 69 -3 0 4 0.00 M M 10.8 20 280 M M 4 22 290
7 78 54 66 -6 0 1 0.00 M M 9.4 17 290 M M 3 22 300
8 101 52 77 5 0 12 0.00 M M 3.7 15 290 M M 1 18 290
9 105 68 87 15 0 22 0.00 M M 6.9 20 290 M M 0 25 290
10 106 63 85 13 0 20 0.00 M M 8.1 20 280 M M 0 M M
11 90 57 74 2 0 9 0.00 M M 10.4 16 310 M M 0 19 300
12 82 54 68 -4 0 3 0.00 M M 12.4 21 290 M M 0 26 300
13 78 55 67 -5 0 2 0.00 M M 12.5 22 300 M M 3 27 290
14 88 55 72 0 0 7 0.00 M M 8.0 22 290 M M 1 27 290
15 80 53 67 -5 0 2 0.00 M M 11.5 22 300 M M 2 26 310
16 85 53 69 -3 0 4 0.00 M M 6.6 16 290 M M 3 20 290
17 95 56 76 4 0 11 0.00 M M 5.0 18 280 M M 0 23 260
18 97 57 77 5 0 12 0.00 M M 5.9 17 290 M M 0 21 300
19 98 59 79 7 0 14 0.00 M M 7.7 21 300 M M 0 26 300
20 86 55 71 -1 0 6 0.00 M M 8.6 16 290 M M 0 20 300
21 88 58 73 1 0 8 0.00 M M 9.1 18 290 M M 0 22 300
22 87 55 71 -1 0 6 0.00 M M 7.4 16 280 M M 0 20 270
23 97 54 76 4 0 11 0.00 M M 5.7 17 300 M M 0 20 290
24 95 58 77 5 0 12 0.00 M M 7.6 17 290 M M 0 21 290
25 93 57 75 3 0 10 0.00 M M 8.4 18 300 M M 0 23 310
26 89 58 74 2 0 9 0.00 M M 7.3 17 220 M M 0 22 220
27 98 64 81 9 0 16 0.00 M M 5.5 17 60 M M 0 22 80
28 97 63 80 8 0 15 0.00 M M 6.3 17 280 M M 0 21 280
29 96 62 79 7 0 14 0.00 M M 7.1 16 290 M M 0 21 290
30 97 64 81 9 0 16 0.00 M M 8.8 18 300 M M 0 23 300
31 90 59 75 3 0 10 0.00 M M 9.3 22 300 M M 0 26 300
================================================================================
SM 2803 1782 0 287 0.00 M 260.1 M 33
================================================================================
AV 90.4 57.5 8.4 FASTST M M 1 MAX(MPH)
MISC ----> # 22 290 # 27 280
================================================================================
NOTES:
# LAST OF SEVERAL OCCURRENCES
COLUMN 17 PEAK WIND IN M.P.H.
PRELIMINARY LOCAL CLIMATOLOGICAL DATA (WS FORM: F-6) , PAGE 2
STATION: LIVERMORE AIRPORT
MONTH: JULY
YEAR: 2021
LATITUDE: 37 42 N
LONGITUDE: 121 49 W
[TEMPERATURE DATA] [PRECIPITATION DATA] SYMBOLS USED IN COLUMN 16
AVERAGE MONTHLY: 74.0 TOTAL FOR MONTH: 0.00 1 = FOG OR MIST
DPTR FM NORMAL: 1.8 DPTR FM NORMAL: 0.00 2 = FOG REDUCING VISIBILITY
HIGHEST: 106 ON 10 GRTST 24HR 0.00 ON 1- 1 TO 1/4 MILE OR LESS
LOWEST: 52 ON 8 3 = THUNDER
SNOW, ICE PELLETS, HAIL 4 = ICE PELLETS
TOTAL MONTH: M 5 = HAIL
GRTST 24HR M ON M 6 = FREEZING RAIN OR DRIZZLE
GRTST DEPTH: M ON M 7 = DUSTSTORM OR SANDSTORM:
VSBY 1/2 MILE OR LESS
8 = SMOKE OR HAZE
[NO. OF DAYS WITH] [WEATHER - DAYS WITH] 9 = BLOWING SNOW
X = TORNADO
MAX 32 OR BELOW: 0 0.01 INCH OR MORE: 0
MAX 90 OR ABOVE: 15 0.10 INCH OR MORE: 0
MIN 32 OR BELOW: 0 0.50 INCH OR MORE: 0
MIN 0 OR BELOW: 0 1.00 INCH OR MORE: 0
[HDD (BASE 65) ]
TOTAL THIS MO. 0 CLEAR (SCALE 0-3) 27
DPTR FM NORMAL -4 PTCLDY (SCALE 4-7) 4
TOTAL FM JUL 1 0 CLOUDY (SCALE 8-10) 0
DPTR FM NORMAL 0
[CDD (BASE 65) ]
TOTAL THIS MO. 287
DPTR FM NORMAL 61 [PRESSURE DATA]
TOTAL FM JAN 1 542 HIGHEST SLP M ON M
DPTR FM NORMAL 139 LOWEST SLP 29.76 ON 8
[REMARKS]
#FINAL-07-21#