000
CXUS55 KBYZ 011100
CF6LVM
PRELIMINARY LOCAL CLIMATOLOGICAL DATA (WS FORM: F-6)
STATION: LIVINGSTON MT
MONTH: FEBRUARY
YEAR: 2023
LATITUDE: 45 41 N
LONGITUDE: 110 26 W
TEMPERATURE IN F: :PCPN: SNOW: WIND :SUNSHINE: SKY :PK WND
================================================================================
1 2 3 4 5 6A 6B 7 8 9 10 11 12 13 14 15 16 17 18
12Z AVG MX 2MIN
DY MAX MIN AVG DEP HDD CDD WTR SNW DPTH SPD SPD DIR MIN PSBL S-S WX SPD DR
================================================================================
1 36 19 28 0 37 0 0.00 M M 36.1 51 220 M M 5 9 68 210
2 41 29 35 7 30 0 0.00 M M 33.2 49 210 M M 1 62 210
3 51 36 44 16 21 0 0.00 M M 35.3 53 210 M M 0 67 210
4 49 37 43 15 22 0 0.00 M M 25.4 49 230 M M 5 60 230
5 50 32 41 13 24 0 0.00 M M 18.7 38 220 M M 7 48 220
6 44 34 39 11 26 0 0.00 M M 20.9 31 260 M M 7 37 270
7 50 36 43 15 22 0 0.00 M M 28.3 51 210 M M 2 67 220
8 40 27 34 6 31 0 T M M 19.2 49 210 M M 8 18 61 220
9 39 19 29 1 36 0 T M M 20.1 40 220 M M 2 8 49 220
10 48 30 39 11 26 0 0.00 M M 27.7 43 220 M M 0 55 210
11 49 19 34 6 31 0 0.00 M M 12.8 25 310 M M 0 33 300
12 51 21 36 8 29 0 0.00 M M 22.0 37 240 M M 0 45 240
13 51 28 40 12 25 0 0.03 M M 27.5 45 210 M M 2 1 59 200
14 29 4 17 -11 48 0 0.24 M M 9.6 23 320 M M 10 128 30 320
15 23 -11 6 -22 59 0 0.00 M M 12.7 21 320 M M 0 89 23 260
16 33 8 21 -8 44 0 0.00 M M 27.5 48 220 M M 0 9 67 220
17 39 25 32 3 33 0 0.00 M M 27.6 53 210 M M 3 9 69 220
18 36 25 31 2 34 0 T M M 27.6 45 220 M M 8 12 56 220
19 35 26 31 2 34 0 0.01 M M 31.7 51 210 M M 10 1 64 220
20 45 29 37 8 28 0 0.01 M M 23.0 52 210 M M 10 1 64 210
21 46 1 24 -6 41 0 0.08 M M 26.2 51 220 M M 9 12 71 220
22 1 -10 -4 -34 69 0 0.01 M M 25.3 32 80 M M 10 8 39 90
23 -6 -14 -10 -40 75 0 T M M 13.9 21 80 M M 6 8 25 80
24 28 -19 5 -25 60 0 0.00 M M 11.3 35 270 M M 1 45 260
25 44 26 35 5 30 0 0.00 M M 26.4 41 280 M M 1 8 54 280
26 51 35 43 12 22 0 T M M 27.6 46 230 M M 3 55 230
27 39 22 31 0 34 0 T M M 10.9 22 240 M M 6 28 250
28 38 22 30 -1 35 0 T M M 18.5 33 290 M M 5 42 290
================================================================================
SM 1080 536 1006 0 0.38 M 647.0 M 121
================================================================================
AV 38.6 19.1 23.1 FASTST M M 4 MAX(MPH)
MISC ----> # 53 210 71 220
================================================================================
NOTES:
# LAST OF SEVERAL OCCURRENCES
COLUMN 17 PEAK WIND IN M.P.H.
PRELIMINARY LOCAL CLIMATOLOGICAL DATA (WS FORM: F-6) , PAGE 2
STATION: LIVINGSTON MT
MONTH: FEBRUARY
YEAR: 2023
LATITUDE: 45 41 N
LONGITUDE: 110 26 W
[TEMPERATURE DATA] [PRECIPITATION DATA] SYMBOLS USED IN COLUMN 16
AVERAGE MONTHLY: 28.9 TOTAL FOR MONTH: 0.38 1 = FOG OR MIST
DPTR FM NORMAL: 0.0 DPTR FM NORMAL: -0.09 2 = FOG REDUCING VISIBILITY
HIGHEST: 51 ON 26,13 GRTST 24HR 0.27 ON 13-14 TO 1/4 MILE OR LESS
LOWEST: -19 ON 24 3 = THUNDER
SNOW, ICE PELLETS, HAIL 4 = ICE PELLETS
TOTAL MONTH: M 5 = HAIL
GRTST 24HR M ON M 6 = FREEZING RAIN OR DRIZZLE
GRTST DEPTH: M ON M 7 = DUSTSTORM OR SANDSTORM:
VSBY 1/2 MILE OR LESS
8 = SMOKE OR HAZE
[NO. OF DAYS WITH] [WEATHER - DAYS WITH] 9 = BLOWING SNOW
X = TORNADO
MAX 32 OR BELOW: 5 0.01 INCH OR MORE: 6
MAX 90 OR ABOVE: 0 0.10 INCH OR MORE: 1
MIN 32 OR BELOW: 23 0.50 INCH OR MORE: 0
MIN 0 OR BELOW: 4 1.00 INCH OR MORE: 0
[HDD (BASE 65) ]
TOTAL THIS MO. 1006 CLEAR (SCALE 0-3) 14
DPTR FM NORMAL -5 PTCLDY (SCALE 4-7) 9
TOTAL FM JUL 1 5193 CLOUDY (SCALE 8-10) 5
DPTR FM NORMAL 26
[CDD (BASE 65) ]
TOTAL THIS MO. 0
DPTR FM NORMAL 0 [PRESSURE DATA]
TOTAL FM JAN 1 0 HIGHEST SLP 30.57 ON 9
DPTR FM NORMAL 0 LOWEST SLP 29.17 ON 21
[REMARKS]
#FINAL-02-23#