000
CXUS55 KBYZ 011000
CF6LVM
PRELIMINARY LOCAL CLIMATOLOGICAL DATA (WS FORM: F-6)
STATION: LIVINGSTON MT
MONTH: SEPTEMBER
YEAR: 2021
LATITUDE: 45 41 N
LONGITUDE: 110 26 W
TEMPERATURE IN F: :PCPN: SNOW: WIND :SUNSHINE: SKY :PK WND
================================================================================
1 2 3 4 5 6A 6B 7 8 9 10 11 12 13 14 15 16 17 18
12Z AVG MX 2MIN
DY MAX MIN AVG DEP HDD CDD WTR SNW DPTH SPD SPD DIR MIN PSBL S-S WX SPD DR
================================================================================
1 79 36 58 -4 7 0 0.00 M M 5.8 14 330 M M 0 17 340
2 71 38 55 -7 10 0 0.00 M M 9.7 21 70 M M 1 26 70
3 75 45 60 -2 5 0 0.03 M M 6.7 16 90 M M 1 21 80
4 81 36 59 -2 6 0 0.00 M M 9.4 22 270 M M 0 27 250
5 89 45 67 6 0 2 0.00 M M 14.5 28 210 M M 0 8 35 220
6 89 48 69 8 0 4 0.00 M M 14.9 32 210 M M 3 8 40 210
7 87 40 64 4 1 0 0.00 M M 8.0 16 110 M M 0 8 25 220
8 85 41 63 3 2 0 0.00 M M 5.8 14 310 M M 0 17 70
9 90 48 69 9 0 4 0.00 M M 8.0 23 320 M M 4 8 29 320
10 91 47 69 10 0 4 0.06 M M 10.0 41 200 M M 2 8 50 210
11 78 46 62 3 3 0 0.00 M M 15.5 36 270 M M 2 44 270
12 84 41 63 4 2 0 0.00 M M 9.5 23 200 M M 0 30 220
13 76 41 59 1 6 0 0.00 M M 5.7 17 330 M M 1 22 320
14 78 37 58 0 7 0 0.00 M M 8.4 20 250 M M 0 28 260
15 84 47 66 8 0 1 0.00 M M 17.6 36 270 M M 1 8 44 240
16 64 31 48 -9 17 0 0.01 M M 10.6 25 80 M M 3 31 80
17 84 22 53 -4 12 0 0.00 M M 13.4 32 210 M M 0 40 220
18 85 61 73 16 0 8 0.00 M M 26.9 44 210 M M 0 8 53 200
19 61 47 54 -2 11 0 0.19 M M 15.1 35 210 M M 9 18 42 220
20 58 36 47 -9 18 0 0.00 M M 17.4 30 240 M M 6 37 240
21 72 29 51 -5 14 0 0.00 M M 19.3 33 210 M M 0 44 210
22 81 55 68 13 0 3 0.00 M M 19.7 32 210 M M 1 39 200
23 71 42 57 2 8 0 0.00 M M 10.5 24 240 M M 1 29 250
24 76 36 56 2 9 0 0.00 M M 9.8 21 310 M M 0 26 250
25 86 43 65 11 0 0 0.00 M M 18.1 33 230 M M 0 41 290
26 86 48 67 13 0 2 0.00 M M 18.4 29 210 M M 0 38 210
27 88 46 67 14 0 2 0.00 M M 16.7 29 210 M M 0 34 220
28 81 42 62 9 3 0 0.00 M M 14.3 38 230 M M 2 45 220
29 63 27 45 -7 20 0 0.00 M M 10.9 23 240 M M 0 29 240
30 71 26 49 -3 16 0 0.00 M M 9.0 25 240 M M 0 30 240
================================================================================
SM 2364 1227 177 30 0.29 M 379.6 M 37
================================================================================
AV 78.8 40.9 12.7 FASTST M M 1 MAX(MPH)
MISC ----> 44 210 53 200
================================================================================
NOTES:
# LAST OF SEVERAL OCCURRENCES
COLUMN 17 PEAK WIND IN M.P.H.
PRELIMINARY LOCAL CLIMATOLOGICAL DATA (WS FORM: F-6) , PAGE 2
STATION: LIVINGSTON MT
MONTH: SEPTEMBER
YEAR: 2021
LATITUDE: 45 41 N
LONGITUDE: 110 26 W
[TEMPERATURE DATA] [PRECIPITATION DATA] SYMBOLS USED IN COLUMN 16
AVERAGE MONTHLY: 59.9 TOTAL FOR MONTH: 0.29 1 = FOG OR MIST
DPTR FM NORMAL: 2.6 DPTR FM NORMAL: -0.91 2 = FOG REDUCING VISIBILITY
HIGHEST: 91 ON 10 GRTST 24HR 0.19 ON 19-19 TO 1/4 MILE OR LESS
LOWEST: 22 ON 17 3 = THUNDER
SNOW, ICE PELLETS, HAIL 4 = ICE PELLETS
TOTAL MONTH: M 5 = HAIL
GRTST 24HR M ON M 6 = FREEZING RAIN OR DRIZZLE
GRTST DEPTH: M ON M 7 = DUSTSTORM OR SANDSTORM:
VSBY 1/2 MILE OR LESS
8 = SMOKE OR HAZE
[NO. OF DAYS WITH] [WEATHER - DAYS WITH] 9 = BLOWING SNOW
X = TORNADO
MAX 32 OR BELOW: 0 0.01 INCH OR MORE: 4
MAX 90 OR ABOVE: 2 0.10 INCH OR MORE: 1
MIN 32 OR BELOW: 5 0.50 INCH OR MORE: 0
MIN 0 OR BELOW: 0 1.00 INCH OR MORE: 0
[HDD (BASE 65) ]
TOTAL THIS MO. 177 CLEAR (SCALE 0-3) 26
DPTR FM NORMAL -73 PTCLDY (SCALE 4-7) 3
TOTAL FM JUL 1 250 CLOUDY (SCALE 8-10) 1
DPTR FM NORMAL -96
[CDD (BASE 65) ]
TOTAL THIS MO. 30
DPTR FM NORMAL 10 [PRESSURE DATA]
TOTAL FM JAN 1 519 HIGHEST SLP 30.48 ON 21
DPTR FM NORMAL 243 LOWEST SLP 29.49 ON 28
[REMARKS]
#FINAL-09-21#