000
CXUS55 KBYZ 011000
CF6LVM
PRELIMINARY LOCAL CLIMATOLOGICAL DATA (WS FORM: F-6)
STATION: LIVINGSTON MT
MONTH: MAY
YEAR: 2021
LATITUDE: 45 41 N
LONGITUDE: 110 26 W
TEMPERATURE IN F: :PCPN: SNOW: WIND :SUNSHINE: SKY :PK WND
================================================================================
1 2 3 4 5 6A 6B 7 8 9 10 11 12 13 14 15 16 17 18
12Z AVG MX 2MIN
DY MAX MIN AVG DEP HDD CDD WTR SNW DPTH SPD SPD DIR MIN PSBL S-S WX SPD DR
================================================================================
1 73 38 56 10 9 0 0.40 M M 9.8 25 270 M M 3 1 31 270
2 53 39 46 0 19 0 0.10 M M 13.0 23 70 M M 10 1 27 80
3 57 30 44 -3 21 0 0.00 M M 5.9 15 50 M M 3 12 22 40
4 61 36 49 2 16 0 0.01 M M 11.3 29 220 M M 8 39 230
5 64 33 49 2 16 0 0.00 M M 11.4 23 230 M M 6 30 240
6 71 26 49 1 16 0 0.00 M M 11.4 26 60 M M 0 33 60
7 71 38 55 7 10 0 0.30 M M 9.5 36 250 M M 3 13 47 240
8 45 34 40 -8 25 0 0.01 M M 19.2 35 260 M M 8 1 42 250
9 50 37 44 -5 21 0 T M M 14.2 24 250 M M 9 28 240
10 53 36 45 -4 20 0 0.00 M M 14.9 25 50 M M 6 31 50
11 60 31 46 -4 19 0 T M M 5.2 20 350 M M 7 26 310
12 66 31 49 -1 16 0 0.00 M M 9.2 18 320 M M 4 23 320
13 71 38 55 5 10 0 T M M 11.2 26 80 M M 5 35 270
14 69 34 52 2 13 0 0.21 M M 7.0 28 140 M M 1 3 35 140
15 70 35 53 2 12 0 0.00 M M 5.5 15 90 M M 2 20 60
16 74 34 54 3 11 0 0.00 M M 6.0 14 40 M M 0 20 80
17 81 38 60 8 5 0 0.00 M M 5.0 17 250 M M 0 21 260
18 83 43 63 11 2 0 T M M 14.6 29 280 M M 3 3 36 200
19 65 36 51 -1 14 0 T M M 19.8 36 80 M M 4 43 80
20 53 31 42 -10 23 0 0.43 M M 12.5 28 80 M M 10 1238 36 80
21 33 28 31 -22 34 0 0.11 M M 17.0 26 60 M M 10 1268 31 50
22 38 30 34 -19 31 0 T M M 15.4 26 80 M M 10 1 34 80
23 57 38 48 -5 17 0 0.03 M M 17.6 36 250 M M 9 1 46 210
24 67 47 57 3 8 0 T M M 26.9 43 230 M M 9 55 210
25 69 47 58 4 7 0 0.13 M M 12.3 25 70 M M 8 1 31 70
26 59 42 51 -3 14 0 0.12 M M 12.1 32 250 M M 9 13 38 220
27 73 35 54 0 11 0 0.00 M M 9.4 22 210 M M 1 27 230
28 71 39 55 0 10 0 0.00 M M 9.8 23 330 M M 1 28 330
29 66 29 48 -7 17 0 0.00 M M 7.2 20 250 M M 0 28 270
30 71 27 49 -6 16 0 0.00 M M 6.1 14 70 M M 0 19 50
31 79 35 57 2 8 0 0.00 M M 8.8 22 250 M M 0 26 270
================================================================================
SM 1973 1095 471 0 1.85 M 359.2 M 149
================================================================================
AV 63.6 35.3 11.6 FASTST M M 5 MAX(MPH)
MISC ----> 43 230 55 210
================================================================================
NOTES:
# LAST OF SEVERAL OCCURRENCES
COLUMN 17 PEAK WIND IN M.P.H.
PRELIMINARY LOCAL CLIMATOLOGICAL DATA (WS FORM: F-6) , PAGE 2
STATION: LIVINGSTON MT
MONTH: MAY
YEAR: 2021
LATITUDE: 45 41 N
LONGITUDE: 110 26 W
[TEMPERATURE DATA] [PRECIPITATION DATA] SYMBOLS USED IN COLUMN 16
AVERAGE MONTHLY: 49.5 TOTAL FOR MONTH: 1.85 1 = FOG OR MIST
DPTR FM NORMAL: -1.5 DPTR FM NORMAL: -0.81 2 = FOG REDUCING VISIBILITY
HIGHEST: 83 ON 18 GRTST 24HR 0.50 ON 1- 2 TO 1/4 MILE OR LESS
LOWEST: 26 ON 6 3 = THUNDER
SNOW, ICE PELLETS, HAIL 4 = ICE PELLETS
TOTAL MONTH: M 5 = HAIL
GRTST 24HR M ON M 6 = FREEZING RAIN OR DRIZZLE
GRTST DEPTH: M ON M 7 = DUSTSTORM OR SANDSTORM:
VSBY 1/2 MILE OR LESS
8 = SMOKE OR HAZE
[NO. OF DAYS WITH] [WEATHER - DAYS WITH] 9 = BLOWING SNOW
X = TORNADO
MAX 32 OR BELOW: 0 0.01 INCH OR MORE: 11
MAX 90 OR ABOVE: 0 0.10 INCH OR MORE: 8
MIN 32 OR BELOW: 9 0.50 INCH OR MORE: 0
MIN 0 OR BELOW: 0 1.00 INCH OR MORE: 0
[HDD (BASE 65) ]
TOTAL THIS MO. 471 CLEAR (SCALE 0-3) 11
DPTR FM NORMAL 36 PTCLDY (SCALE 4-7) 11
TOTAL FM JUL 1 6953 CLOUDY (SCALE 8-10) 9
DPTR FM NORMAL -231
[CDD (BASE 65) ]
TOTAL THIS MO. 0
DPTR FM NORMAL -1 [PRESSURE DATA]
TOTAL FM JAN 1 1 HIGHEST SLP 30.32 ON 22
DPTR FM NORMAL 0 LOWEST SLP 29.54 ON 18
[REMARKS]
#FINAL-05-21#