000
CXUS55 KBYZ 011000
CF6LVM
PRELIMINARY LOCAL CLIMATOLOGICAL DATA (WS FORM: F-6)
STATION: LIVINGSTON MT
MONTH: JULY
YEAR: 2023
LATITUDE: 45 41 N
LONGITUDE: 110 26 W
TEMPERATURE IN F: :PCPN: SNOW: WIND :SUNSHINE: SKY :PK WND
================================================================================
1 2 3 4 5 6A 6B 7 8 9 10 11 12 13 14 15 16 17 18
12Z AVG MX 2MIN
DY MAX MIN AVG DEP HDD CDD WTR SNW DPTH SPD SPD DIR MIN PSBL S-S WX SPD DR
================================================================================
1 87 51 69 5 0 4 0.12 M M 14.4 37 200 M M 1 3 45 200
2 87 60 74 10 0 9 0.00 M M 11.8 25 220 M M 0 32 230
3 70 48 59 -6 6 0 T M M 14.7 25 80 M M 3 3 30 90
4 66 48 57 -8 8 0 0.41 M M 11.4 23 90 M M 5 13 30 80
5 77 42 60 -5 5 0 0.00 M M 5.0 18 60 M M 1 1 23 60
6 71 45 58 -8 7 0 0.02 M M 6.2 21 140 M M 4 3 25 140
7 77 43 60 -6 5 0 0.00 M M 10.6 25 70 M M 0 32 70
8 80 47 64 -2 1 0 0.00 M M 6.6 16 90 M M 0 19 70
9 88 49 69 2 0 4 T M M 6.1 31 210 M M 1 3 38 200
10 89 55 72 5 0 7 0.29 M M 7.0 35 250 M M 3 13 65 270
11 86 53 70 3 0 5 0.01 M M 10.5 25 290 M M 1 1 32 300
12 85 44 65 -3 0 0 0.00 M M 8.6 24 310 M M 0 30 270
13 84 49 67 -1 0 2 T M M 8.6 24 320 M M 2 3 31 320
14 82 48 65 -3 0 0 0.00 M M 6.9 18 250 M M 1 24 260
15 87 46 67 -1 0 2 0.00 M M 7.6 21 320 M M 0 27 320
16 92 51 72 3 0 7 0.00 M M 9.0 20 260 M M 0 25 270
17 92 52 72 3 0 7 0.00 M M 8.9 33 220 M M 2 38 42 220
18 88 49 69 0 0 4 0.00 M M 10.3 24 270 M M 0 31 260
19 82 40 61 -8 4 0 0.00 M M 8.5 20 80 M M 0 8 25 80
20 85 51 68 -1 0 3 T M M 10.2 32 200 M M 0 3 42 210
21 93 53 73 3 0 8 0.00 M M 6.5 28 260 M M 0 32 260
22 98 54 76 6 0 11 0.00 M M 7.7 20 290 M M 0 24 290
23 96 52 74 4 0 9 T M M 5.8 31 210 M M 0 3 41 190
24 96 60 78 8 0 13 0.06 M M 11.1 36 200 M M 2 3 45 200
25 93 57 75 5 0 10 T M M 17.1 31 230 M M 2 3 40 220
26 92 50 71 1 0 6 0.00 M M 5.7 16 270 M M 0 23 310
27 89 47 68 -2 0 3 0.03 M M 8.4 25 100 M M 1 3 33 160
28 83 49 66 -4 0 1 0.04 M M 10.2 23 70 M M 1 3 32 80
29 88 50 69 -1 0 4 0.00 M M 6.7 16 90 M M 0 23 90
30 94 55 75 5 0 10 0.02 M M 5.3 35 300 M M 1 3 45 280
31 92 51 72 2 0 7 0.00 M M 6.9 15 70 M M 0 23 50
================================================================================
SM 2669 1549 36 136 1.00 M 274.3 M 31
================================================================================
AV 86.1 50.0 8.8 FASTST M M 1 MAX(MPH)
MISC ----> 37 200 65 270
================================================================================
NOTES:
# LAST OF SEVERAL OCCURRENCES
COLUMN 17 PEAK WIND IN M.P.H.
PRELIMINARY LOCAL CLIMATOLOGICAL DATA (WS FORM: F-6) , PAGE 2
STATION: LIVINGSTON MT
MONTH: JULY
YEAR: 2023
LATITUDE: 45 41 N
LONGITUDE: 110 26 W
[TEMPERATURE DATA] [PRECIPITATION DATA] SYMBOLS USED IN COLUMN 16
AVERAGE MONTHLY: 68.0 TOTAL FOR MONTH: 1.00 1 = FOG OR MIST
DPTR FM NORMAL: 0.1 DPTR FM NORMAL: -0.31 2 = FOG REDUCING VISIBILITY
HIGHEST: 98 ON 22 GRTST 24HR 0.41 ON 3- 4 TO 1/4 MILE OR LESS
LOWEST: 40 ON 19 3 = THUNDER
SNOW, ICE PELLETS, HAIL 4 = ICE PELLETS
TOTAL MONTH: M 5 = HAIL
GRTST 24HR M ON M 6 = FREEZING RAIN OR DRIZZLE
GRTST DEPTH: M ON M 7 = DUSTSTORM OR SANDSTORM:
VSBY 1/2 MILE OR LESS
8 = SMOKE OR HAZE
[NO. OF DAYS WITH] [WEATHER - DAYS WITH] 9 = BLOWING SNOW
X = TORNADO
MAX 32 OR BELOW: 0 0.01 INCH OR MORE: 9
MAX 90 OR ABOVE: 10 0.10 INCH OR MORE: 3
MIN 32 OR BELOW: 0 0.50 INCH OR MORE: 0
MIN 0 OR BELOW: 0 1.00 INCH OR MORE: 0
[HDD (BASE 65) ]
TOTAL THIS MO. 36 CLEAR (SCALE 0-3) 28
DPTR FM NORMAL -3 PTCLDY (SCALE 4-7) 3
TOTAL FM JUL 1 36 CLOUDY (SCALE 8-10) 0
DPTR FM NORMAL -1
[CDD (BASE 65) ]
TOTAL THIS MO. 136
DPTR FM NORMAL 6 [PRESSURE DATA]
TOTAL FM JAN 1 140 HIGHEST SLP 30.21 ON 20
DPTR FM NORMAL -13 LOWEST SLP 29.72 ON 17
[REMARKS]
#FINAL-07-23#