000
CXUS53 KTOP 010810
CF6LWC
PRELIMINARY LOCAL CLIMATOLOGICAL DATA (WS FORM: F-6)
STATION: LAWRENCE KS
MONTH: JULY
YEAR: 2022
LATITUDE: 39 0 N
LONGITUDE: 95 13 W
TEMPERATURE IN F: :PCPN: SNOW: WIND :SUNSHINE: SKY :PK WND
================================================================================
1 2 3 4 5 6A 6B 7 8 9 10 11 12 13 14 15 16 17 18
12Z AVG MX 2MIN
DY MAX MIN AVG DEP HDD CDD WTR SNW DPTH SPD SPD DIR MIN PSBL S-S WX SPD DR
================================================================================
1 88 70 79 1 0 14 0.04 M M 5.1 15 40 M M 2 3 19 20
2 83 68 76 -2 0 11 0.54 M M 4.5 13 90 M M 6 1 17 80
3 91 71 81 3 0 16 0.00 M M 6.2 25 160 M M 6 13 33 160
4 96 72 84 6 0 19 0.00 M M 9.2 21 190 M M 0 1 28 200
5 96 76 86 8 0 21 0.00 M M 7.8 17 160 M M 1 24 190
6 93 75 84 6 0 19 0.00 M M 8.9 20 120 M M 1 1 25 120
7 93 74 84 6 0 19 0.02 M M 7.7 18 40 M M 2 3 29 40
8 90 73 82 3 0 17 0.00 M M 8.8 20 330 M M 3 24 320
9 88 69 79 0 0 14 0.00 M M 7.7 16 30 M M 2 22 20
10 93 63 78 -1 0 13 0.00 M M 5.6 15 160 M M 0 12 21 150
11 97 66 82 3 0 17 T M M 6.1 20 360 M M 0 8 27 360
12 89 62 76 -3 0 11 0.00 M M 5.6 16 350 M M 2 1 25 10
13 95 57 76 -3 0 11 0.00 M M 1.8 9 120 M M 0 18 13 190
14 99 65 82 3 0 17 0.11 M M 7.2 16 150 M M 1 38 20 150
15 102 72 87 8 0 22 0.01 M M 8.1 22 210 M M 1 3 31 230
16 91 71 81 2 0 16 T M M 4.3 15 70 M M 0 18 21 80
17 89 69 79 0 0 14 0.13 M M 7.4 16 20 M M 3 138 21 90
18 94 64 79 0 0 14 0.00 M M 2.8 8 100 M M 1 128 12 100
19 102 64 83 4 0 18 0.00 M M 5.4 15 200 M M 0 18 21 180
20 95 67 81 2 0 16 0.00 M M 6.7 18 330 M M 0 24 320
21 100 60 80 1 0 15 0.00 M M 1.9 12 360 M M 0 128 15 360
22 102 68 85 6 0 20 0.00 M M 6.2 16 170 M M 0 18 23 210
23 103 76 90 11 0 25 0.00 M M 11.5 26 180 M M 0 40 180
24 94 71 83 3 0 18 0.13 M M 8.3 21 240 M M 3 13 29 230
25 75 67 71 -9 0 6 0.69 M M 7.1 15 80 M M 8 13 24 70
26 81 67 74 -6 0 9 0.22 M M 5.4 18 280 M M 4 13 26 280
27 89 70 80 0 0 15 0.11 M M 3.3 13 90 M M 5 13 18 220
28 87 65 76 -4 0 11 0.14 M M 5.8 15 20 M M 4 13 20 20
29 82 60 71 -9 0 6 0.00 M M 3.6 12 30 M M 1 15 20
30 84 57 71 -9 0 6 0.00 M M 5.6 14 100 M M 5 1 18 140
31 M 69 M M M M M M M M M M M M M 1 M M
================================================================================
SM 2761 2098 0 450 2.14 M 185.6 M 61
================================================================================
AV 92.0 67.7 6.2 FASTST M M 2 MAX(MPH)
MISC ----> 26 180 40 180
================================================================================
NOTES:
# LAST OF SEVERAL OCCURRENCES
COLUMN 17 PEAK WIND IN M.P.H.
PRELIMINARY LOCAL CLIMATOLOGICAL DATA (WS FORM: F-6) , PAGE 2
STATION: LAWRENCE KS
MONTH: JULY
YEAR: 2022
LATITUDE: 39 0 N
LONGITUDE: 95 13 W
[TEMPERATURE DATA] [PRECIPITATION DATA] SYMBOLS USED IN COLUMN 16
AVERAGE MONTHLY: 79.9 TOTAL FOR MONTH: 2.14 1 = FOG OR MIST
DPTR FM NORMAL: 0.9 DPTR FM NORMAL: -1.80 2 = FOG REDUCING VISIBILITY
HIGHEST: 103 ON 23 GRTST 24HR 0.82 ON 24-25 TO 1/4 MILE OR LESS
LOWEST: 57 ON 30,13 3 = THUNDER
SNOW, ICE PELLETS, HAIL 4 = ICE PELLETS
TOTAL MONTH: M 5 = HAIL
GRTST 24HR M ON M 6 = FREEZING RAIN OR DRIZZLE
GRTST DEPTH: M ON M 7 = DUSTSTORM OR SANDSTORM:
VSBY 1/2 MILE OR LESS
8 = SMOKE OR HAZE
[NO. OF DAYS WITH] [WEATHER - DAYS WITH] 9 = BLOWING SNOW
X = TORNADO
MAX 32 OR BELOW: 0 0.01 INCH OR MORE: 11
MAX 90 OR ABOVE: 19 0.10 INCH OR MORE: 8
MIN 32 OR BELOW: 0 0.50 INCH OR MORE: 2
MIN 0 OR BELOW: 0 1.00 INCH OR MORE: 0
[HDD (BASE 65) ]
TOTAL THIS MO. 0 CLEAR (SCALE 0-3) 22
DPTR FM NORMAL 0 PTCLDY (SCALE 4-7) 8
TOTAL FM JUL 1 0 CLOUDY (SCALE 8-10) 1
DPTR FM NORMAL 0
[CDD (BASE 65) ]
TOTAL THIS MO. 450
DPTR FM NORMAL 16 [PRESSURE DATA]
TOTAL FM JAN 1 993 HIGHEST SLP M ON M
DPTR FM NORMAL 116 LOWEST SLP 29.69 ON 19
[REMARKS]
#FINAL-07-22#