000
CXUS53 KTOP 010810
CF6LWC
PRELIMINARY LOCAL CLIMATOLOGICAL DATA (WS FORM: F-6)
STATION: LAWRENCE KS
MONTH: MARCH
YEAR: 2022
LATITUDE: 39 0 N
LONGITUDE: 95 13 W
TEMPERATURE IN F: :PCPN: SNOW: WIND :SUNSHINE: SKY :PK WND
================================================================================
1 2 3 4 5 6A 6B 7 8 9 10 11 12 13 14 15 16 17 18
12Z AVG MX 2MIN
DY MAX MIN AVG DEP HDD CDD WTR SNW DPTH SPD SPD DIR MIN PSBL S-S WX SPD DR
================================================================================
1 77 24 51 11 14 0 0.00 M M 3.8 15 300 M M 0 8 19 300
2 87 30 59 19 6 0 0.00 M M 5.5 22 280 M M 0 8 28 250
3 61 39 50 10 15 0 0.00 M M 11.5 17 110 M M 0 8 26 60
4 75 34 55 14 10 0 0.00 M M 12.7 25 170 M M 0 36 170
5 80 35 58 17 7 0 T M M 20.4 36 230 M M 5 53 230
6 44 23 34 -8 31 0 0.52 M M 10.4 22 340 M M 4 1368 29 20
7 35 18 27 -15 38 0 T M M 10.1 25 320 M M 5 18 33 320
8 46 14 30 -12 35 0 0.00 M M 3.5 10 330 M M 3 18 16 240
9 45 26 36 -7 29 0 0.00 M M 8.1 17 30 M M 4 23 360
10 31 21 26 -17 39 0 0.06 M M 10.0 17 30 M M 10 1 25 30
11 35 14 25 -18 40 0 0.00 M M 8.7 22 320 M M 3 27 320
12 37 2 20 -24 45 0 0.00 M M 6.4 18 190 M M 1 25 190
13 68 34 51 7 14 0 0.00 M M 10.9 21 170 M M 0 29 170
14 59 41 50 6 15 0 0.00 M M 9.9 25 190 M M 5 8 34 190
15 65 33 49 4 16 0 0.00 M M 5.1 10 280 M M 1 18 15 310
16 76 29 53 8 12 0 0.00 M M 8.3 21 210 M M 0 18 27 190
17 77 45 61 15 4 0 0.07 M M 10.2 26 30 M M 2 36 40
18 45 35 40 -6 25 0 0.46 M M 14.8 30 340 M M 9 18 38 340
19 65 25 45 -1 20 0 0.00 M M 4.6 9 300 M M 0 18 13 260
20 79 35 57 10 8 0 0.00 M M 11.3 26 190 M M 0 38 170
21 65 50 58 11 7 0 0.94 M M 11.5 26 170 M M 6 18 34 160
22 61 39 50 3 15 0 0.22 M M 14.1 30 350 M M 10 1 44 340
23 41 38 40 -8 25 0 0.03 M M 17.7 30 320 M M 10 39 340
24 44 29 37 -11 28 0 T M M 8.5 17 320 M M 9 22 330
25 58 26 42 -6 23 0 0.00 M M 10.0 32 330 M M 1 18 41 320
26 59 25 42 -7 23 0 0.00 M M 8.3 20 330 M M 0 26 330
27 52 35 44 -5 21 0 0.00 M M 8.7 18 50 M M 2 25 40
28 61 32 47 -2 18 0 0.00 M M 12.7 24 100 M M 1 38 130
29 81 46 64 14 1 0 1.67 M M 17.3 30 160 M M 3 13 42 160
30 59 38 49 -1 16 0 0.01 M M 17.4 26 330 M M 9 35 290
31 46 29 38 -12 27 0 0.00 M M 10.8 20 340 M M 7 26 310
================================================================================
SM 1814 944 627 0 3.98 M 323.2 M 110
================================================================================
AV 58.5 30.5 10.4 FASTST M M 4 MAX(MPH)
MISC ----> 36 230 53 230
================================================================================
NOTES:
# LAST OF SEVERAL OCCURRENCES
COLUMN 17 PEAK WIND IN M.P.H.
PRELIMINARY LOCAL CLIMATOLOGICAL DATA (WS FORM: F-6) , PAGE 2
STATION: LAWRENCE KS
MONTH: MARCH
YEAR: 2022
LATITUDE: 39 0 N
LONGITUDE: 95 13 W
[TEMPERATURE DATA] [PRECIPITATION DATA] SYMBOLS USED IN COLUMN 16
AVERAGE MONTHLY: 44.5 TOTAL FOR MONTH: 3.98 1 = FOG OR MIST
DPTR FM NORMAL: -0.6 DPTR FM NORMAL: 1.78 2 = FOG REDUCING VISIBILITY
HIGHEST: 87 ON 2 GRTST 24HR 1.68 ON 29-30 TO 1/4 MILE OR LESS
LOWEST: 2 ON 12 3 = THUNDER
SNOW, ICE PELLETS, HAIL 4 = ICE PELLETS
TOTAL MONTH: M 5 = HAIL
GRTST 24HR M ON M 6 = FREEZING RAIN OR DRIZZLE
GRTST DEPTH: M ON M 7 = DUSTSTORM OR SANDSTORM:
VSBY 1/2 MILE OR LESS
8 = SMOKE OR HAZE
[NO. OF DAYS WITH] [WEATHER - DAYS WITH] 9 = BLOWING SNOW
X = TORNADO
MAX 32 OR BELOW: 1 0.01 INCH OR MORE: 9
MAX 90 OR ABOVE: 0 0.10 INCH OR MORE: 5
MIN 32 OR BELOW: 16 0.50 INCH OR MORE: 3
MIN 0 OR BELOW: 0 1.00 INCH OR MORE: 1
[HDD (BASE 65) ]
TOTAL THIS MO. 627 CLEAR (SCALE 0-3) 18
DPTR FM NORMAL 6 PTCLDY (SCALE 4-7) 7
TOTAL FM JUL 1 4140 CLOUDY (SCALE 8-10) 6
DPTR FM NORMAL -426
[CDD (BASE 65) ]
TOTAL THIS MO. 0
DPTR FM NORMAL -4 [PRESSURE DATA]
TOTAL FM JAN 1 0 HIGHEST SLP M ON M
DPTR FM NORMAL -4 LOWEST SLP 29.32 ON 29
[REMARKS]
#FINAL-03-22#