000
CXUS53 KDMX 021530
CF6LWD
PRELIMINARY LOCAL CLIMATOLOGICAL DATA (WS FORM: F-6)
STATION: LAMONI IA
MONTH: NOVEMBER
YEAR: 2023
LATITUDE: 40 37 N
LONGITUDE: 93 56 W
TEMPERATURE IN F: :PCPN: SNOW: WIND :SUNSHINE: SKY :PK WND
================================================================================
1 2 3 4 5 6A 6B 7 8 9 10 11 12 13 14 15 16 17 18
12Z AVG MX 2MIN
DY MAX MIN AVG DEP HDD CDD WTR SNW DPTH SPD SPD DIR MIN PSBL S-S WX SPD DR
================================================================================
1 47 19 33 -14 32 0 0.00 0.0 M 9.9 22 200 M M 0 30 200
2 57 28 43 -3 22 0 0.00 0.0 M 9.3 16 200 M M 0 23 210
3 58 43 51 5 14 0 T 0.0 M 11.6 22 210 M M 1 30 190
4 58 34 46 1 19 0 0.00 0.0 M 5.7 10 260 M M 0 18 13 260
5 65 37 51 6 14 0 0.00 0.0 M 10.0 18 180 M M 0 1 26 180
6 72 50 61 17 4 0 0.00 0.0 M 9.0 15 290 M M 0 8 21 310
7 70 40 55 11 10 0 0.00 0.0 M 6.9 15 120 M M 2 18 24 120
8 60 46 53 9 12 0 0.00 0.0 M 10.4 21 350 M M 5 30 350
9 60 30 45 2 20 0 0.00 0.0 M 9.0 22 360 M M 2 35 300
10 50 27 39 -4 26 0 0.00 0.0 M 6.0 12 10 M M 0 18 340
11 51 29 40 -2 25 0 0.00 0.0 M 7.5 17 180 M M 5 26 180
12 67 36 52 10 13 0 0.00 0.0 M 10.7 23 210 M M 1 31 200
13 67 36 52 11 13 0 0.00 0.0 M 5.5 14 330 M M 0 8 19 330
14 68 39 54 13 11 0 0.00 0.0 M 11.5 22 210 M M 0 30 190
15 68 41 55 15 10 0 0.00 0.0 M 8.0 13 210 M M 0 16 180
16 63 45 54 14 11 0 0.00 0.0 M 12.3 26 340 M M 5 36 210
17 52 33 43 3 22 0 0.00 0.0 M 7.5 26 350 M M 0 35 350
18 63 32 48 9 17 0 0.00 0.0 M 6.9 13 280 M M 0 18 300
19 56 38 47 8 18 0 0.00 0.0 M 5.6 13 140 M M 4 20 140
20 47 40 44 6 21 0 0.17 0.0 M 8.9 16 50 M M 10 1 24 60
21 45 27 36 -2 29 0 0.00 0.0 M 11.5 23 310 M M 8 1 32 330
22 49 21 35 -3 30 0 0.00 0.0 M 9.5 17 210 M M 0 23 210
23 46 28 37 0 28 0 0.00 0.0 M 13.8 22 10 M M 0 31 20
24 32 24 28 -9 37 0 0.00 0.0 M 12.8 20 40 M M 4 29 30
25 35 24 30 -6 35 0 0.32 M M 3.4 9 70 M M 9 1 18 80
26 34 17 26 -10 39 0 0.02 M M 12.7 28 320 M M 7 1 38 310
27 28 12 20 -16 45 0 T M M 9.3 17 320 M M 2 22 310
28 32 11 22 -13 43 0 0.00 0.0 M 8.8 17 180 M M 0 1 26 160
29 50 28 39 4 26 0 0.00 0.0 M 8.5 15 240 M M 0 25 240
30 51 36 44 10 21 0 0.00 0.0 M 10.3 20 30 M M 4 27 30
================================================================================
SM 1601 951 667 0 0.51 0.0 272.8 M 69
================================================================================
AV 53.4 31.7 9.1 FASTST M M 2 MAX(MPH)
MISC ----> 28 320 38 310
================================================================================
NOTES:
# LAST OF SEVERAL OCCURRENCES
COLUMN 17 PEAK WIND IN M.P.H.
PRELIMINARY LOCAL CLIMATOLOGICAL DATA (WS FORM: F-6) , PAGE 2
STATION: LAMONI IA
MONTH: NOVEMBER
YEAR: 2023
LATITUDE: 40 37 N
LONGITUDE: 93 56 W
[TEMPERATURE DATA] [PRECIPITATION DATA] SYMBOLS USED IN COLUMN 16
AVERAGE MONTHLY: 42.5 TOTAL FOR MONTH: 0.51 1 = FOG OR MIST
DPTR FM NORMAL: 2.1 DPTR FM NORMAL: -1.58 2 = FOG REDUCING VISIBILITY
HIGHEST: 72 ON 6 GRTST 24HR 0.34 ON 25-26 TO 1/4 MILE OR LESS
LOWEST: 11 ON 28 3 = THUNDER
SNOW, ICE PELLETS, HAIL 4 = ICE PELLETS
TOTAL MONTH: 0.0 INCH 5 = HAIL
GRTST 24HR 0.0 6 = FREEZING RAIN OR DRIZZLE
GRTST DEPTH: 0 7 = DUSTSTORM OR SANDSTORM:
VSBY 1/2 MILE OR LESS
8 = SMOKE OR HAZE
[NO. OF DAYS WITH] [WEATHER - DAYS WITH] 9 = BLOWING SNOW
X = TORNADO
MAX 32 OR BELOW: 3 0.01 INCH OR MORE: 3
MAX 90 OR ABOVE: 0 0.10 INCH OR MORE: 2
MIN 32 OR BELOW: 15 0.50 INCH OR MORE: 0
MIN 0 OR BELOW: 0 1.00 INCH OR MORE: 0
[HDD (BASE 65) ]
TOTAL THIS MO. 667 CLEAR (SCALE 0-3) 20
DPTR FM NORMAL -71 PTCLDY (SCALE 4-7) 8
TOTAL FM JUL 1 990 CLOUDY (SCALE 8-10) 2
DPTR FM NORMAL -209
[CDD (BASE 65) ]
TOTAL THIS MO. 0
DPTR FM NORMAL 0 [PRESSURE DATA]
TOTAL FM JAN 1 1126 HIGHEST SLP 30.56 ON 24
DPTR FM NORMAL 88 LOWEST SLP 29.63 ON 8
[REMARKS]
#FINAL-11-23#