000
CXUS53 KILX 010900
CF6LWV
PRELIMINARY LOCAL CLIMATOLOGICAL DATA (WS FORM: F-6)
STATION: LAWRENCEVILLE IL AIRPORT
MONTH: AUGUST
YEAR: 2023
LATITUDE: 38 45 N
LONGITUDE: 87 36 W
TEMPERATURE IN F: :PCPN: SNOW: WIND :SUNSHINE: SKY :PK WND
================================================================================
1 2 3 4 5 6A 6B 7 8 9 10 11 12 13 14 15 16 17 18
12Z AVG MX 2MIN
DY MAX MIN AVG DEP HDD CDD WTR SNW DPTH SPD SPD DIR MIN PSBL S-S WX SPD DR
================================================================================
1 87 60 74 -3 0 9 0.00 M M 5.0 13 80 M M 0 19 80
2 77 65 71 -6 0 6 0.12 M M 4.4 12 40 M M 5 1 15 30
3 87 70 79 2 0 14 0.19 M M 2.7 8 310 M M 7 13 11 230
4 91 69 80 3 0 15 0.00 M M 2.5 10 110 M M 2 1 14 120
5 89 71 80 3 0 15 0.01 M M 9.7 18 210 M M 5 1 25 210
6 86 68 77 0 0 12 2.37 M M 8.3 29 330 M M 6 13 47 240
7 81 68 75 -2 0 10 0.21 M M 10.4 22 290 M M 9 138 32 280
8 85 61 73 -4 0 8 1.04 M M 5.5 15 150 M M 4 1238 23 250
9 81 67 74 -3 0 9 0.29 M M 6.4 17 210 M M 7 1 22 210
10 84 68 76 -1 0 11 0.00 M M 5.9 13 310 M M 5 1 18 270
11 88 66 77 0 0 12 T M M 7.0 17 200 M M 2 12 23 210
12 88 71 80 3 0 15 0.00 M M 7.1 17 230 M M 2 13 23 240
13 89 62 76 0 0 11 0.17 M M 3.3 10 70 M M 3 12 14 70
14 84 68 76 0 0 11 0.20 M M 8.1 23 270 M M 7 13 34 270
15 77 63 70 -6 0 5 T M M 8.9 17 320 M M 7 22 300
16 82 58 70 -6 0 5 0.00 M M 3.5 8 180 M M 2 12 11 240
17 83 59 71 -5 0 6 0.00 M M 8.9 22 240 M M 1 30 240
18 81 56 69 -7 0 4 0.00 M M 2.0 8 50 M M 0 14 30
19 84 58 71 -5 0 6 0.00 M M 6.6 13 170 M M 0 1 20 160
20 91 65 78 2 0 13 0.00 M M 6.6 15 200 M M 0 22 190
21 93 76 85 9 0 20 0.00 M M 1.5 8 110 M M 6 1 12 110
22 95 76 86 10 0 21 0.00 M M 2.5 10 60 M M 4 12 14 70
23 94 72 83 8 0 18 0.00 M M 4.9 12 210 M M 1 1 16 250
24 97 77 87 12 0 22 0.00 M M 7.4 16 220 M M 0 18 22 220
25 101 76 89 14 0 24 0.01 M M 7.5 37 340 M M 1 38 47 340
26 87 71 79 4 0 14 1.52 M M 8.4 26 360 M M 4 13 37 10
27 84 67 76 1 0 11 0.00 M M 9.8 17 40 M M 2 24 50
28 84 63 74 0 0 9 0.00 M M 7.8 15 40 M M 1 21 40
29 84 59 72 -2 0 7 0.00 M M 3.8 14 310 M M 1 17 310
30 78 59 69 -5 0 4 0.00 M M 10.9 18 30 M M 1 25 30
31 80 56 68 -6 0 3 0.00 M M 6.9 15 80 M M 0 21 50
================================================================================
SM 2672 2045 0 350 6.13 M 194.2 M 95
================================================================================
AV 86.2 66.0 6.3 FASTST M M 3 MAX(MPH)
MISC ----> 37 340 # 47 240
================================================================================
NOTES:
# LAST OF SEVERAL OCCURRENCES
COLUMN 17 PEAK WIND IN M.P.H.
PRELIMINARY LOCAL CLIMATOLOGICAL DATA (WS FORM: F-6) , PAGE 2
STATION: LAWRENCEVILLE IL AIRPORT
MONTH: AUGUST
YEAR: 2023
LATITUDE: 38 45 N
LONGITUDE: 87 36 W
[TEMPERATURE DATA] [PRECIPITATION DATA] SYMBOLS USED IN COLUMN 16
AVERAGE MONTHLY: 76.1 TOTAL FOR MONTH: 6.13 1 = FOG OR MIST
DPTR FM NORMAL: 0.1 DPTR FM NORMAL: 3.19 2 = FOG REDUCING VISIBILITY
HIGHEST: 101 ON 25 GRTST 24HR 2.58 ON 6- 7 TO 1/4 MILE OR LESS
LOWEST: 56 ON 31,18 3 = THUNDER
SNOW, ICE PELLETS, HAIL 4 = ICE PELLETS
TOTAL MONTH: M 5 = HAIL
GRTST 24HR M ON M 6 = FREEZING RAIN OR DRIZZLE
GRTST DEPTH: M ON M 7 = DUSTSTORM OR SANDSTORM:
VSBY 1/2 MILE OR LESS
8 = SMOKE OR HAZE
[NO. OF DAYS WITH] [WEATHER - DAYS WITH] 9 = BLOWING SNOW
X = TORNADO
MAX 32 OR BELOW: 0 0.01 INCH OR MORE: 11
MAX 90 OR ABOVE: 7 0.10 INCH OR MORE: 9
MIN 32 OR BELOW: 0 0.50 INCH OR MORE: 3
MIN 0 OR BELOW: 0 1.00 INCH OR MORE: 3
[HDD (BASE 65) ]
TOTAL THIS MO. 0 CLEAR (SCALE 0-3) 18
DPTR FM NORMAL -1 PTCLDY (SCALE 4-7) 12
TOTAL FM JUL 1 0 CLOUDY (SCALE 8-10) 1
DPTR FM NORMAL 0
[CDD (BASE 65) ]
TOTAL THIS MO. 350
DPTR FM NORMAL 10 [PRESSURE DATA]
TOTAL FM JAN 1 1184 HIGHEST SLP 30.21 ON 1
DPTR FM NORMAL 8 LOWEST SLP 29.72 ON 10
[REMARKS]
#FINAL-08-23#