000
CXUS53 KEAX 010736
CF6LXT
PRELIMINARY LOCAL CLIMATOLOGICAL DATA (WS FORM: F-6)
STATION: LEE`S SUMMIT MO
MONTH: APRIL
YEAR: 2022
LATITUDE: 38 57 N
LONGITUDE: 94 22 W
TEMPERATURE IN F: :PCPN: SNOW: WIND :SUNSHINE: SKY :PK WND
================================================================================
1 2 3 4 5 6A 6B 7 8 9 10 11 12 13 14 15 16 17 18
12Z AVG MX 2MIN
DY MAX MIN AVG DEP HDD CDD WTR SNW DPTH SPD SPD DIR MIN PSBL S-S WX SPD DR
================================================================================
1 58 28 43 -8 22 0 0.00 M M 6.7 15 160 M M 0 21 110
2 62 47 55 4 10 0 T M M 11.0 23 340 M M 2 32 330
3 69 43 56 4 9 0 0.05 M M 10.0 21 200 M M 4 28 180
4 61 41 51 -1 14 0 0.00 M M 6.3 15 20 M M 1 12 18 360
5 70 44 57 5 8 0 0.57 M M 12.0 37 320 M M 9 13 50 310
6 61 42 52 -1 13 0 0.10 M M 14.0 32 330 M M 5 1 45 290
7 48 35 42 -11 23 0 0.03 M M 18.2 31 300 M M 6 47 310
8 50 33 42 -11 23 0 T M M 15.8 24 330 M M 7 38 330
9 61 28 45 -9 20 0 0.00 M M 7.8 16 150 M M 0 26 120
10 79 51 65 11 0 0 0.00 M M 16.7 36 220 M M 0 47 220
11 66 49 58 4 7 0 T M M 7.6 16 330 M M 4 3 21 120
12 84 48 66 12 0 1 T M M 20.8 39 190 M M 5 1 53 190
13 70 36 53 -2 12 0 0.22 M M 13.1 28 310 M M 6 13 38 310
14 60 33 47 -8 18 0 0.00 M M 11.6 26 220 M M 0 35 250
15 65 42 54 -1 11 0 T M M 10.0 18 20 M M 2 24 30
16 55 37 46 -10 19 0 0.00 M M 11.7 23 360 M M 1 30 10
17 47 36 42 -14 23 0 0.19 M M 11.0 18 70 M M 10 1 26 70
18 56 34 45 -11 20 0 0.00 M M 10.7 23 350 M M 4 33 310
19 57 31 44 -13 21 0 T M M 9.8 17 140 M M 3 24 120
20 58 49 54 -3 11 0 0.08 M M 11.2 21 190 M M 10 138 33 200
21 76 47 62 5 3 0 0.04 M M 8.1 17 80 M M 3 13 25 130
22 82 66 74 16 0 9 0.00 M M 18.9 32 200 M M 6 46 190
23 73 56 65 7 0 0 0.44 M M 23.9 41 190 M M 4 13 55 210
24 66 50 58 0 7 0 0.14 M M 9.4 18 330 M M 4 1 25 350
25 59 41 50 -8 15 0 0.00 M M 11.9 21 310 M M 1 29 320
26 65 37 51 -8 14 0 0.00 M M 5.5 14 150 M M 0 20 190
27 75 49 62 3 3 0 0.00 M M 15.0 26 210 M M 2 37 190
28 69 56 63 4 2 0 0.12 M M 12.9 24 180 M M 7 13 32 180
29 73 55 64 4 1 0 2.55 M M 13.6 30 270 M M 6 123 44 280
30 63 53 58 -2 7 0 0.09 M M 16.5 30 160 M M 6 13 53 190
================================================================================
SM 1938 1297 336 10 4.62 M 371.7 M 118
================================================================================
AV 64.6 43.2 12.4 FASTST M M 4 MAX(MPH)
MISC ----> 41 190 55 210
================================================================================
NOTES:
# LAST OF SEVERAL OCCURRENCES
COLUMN 17 PEAK WIND IN M.P.H.
PRELIMINARY LOCAL CLIMATOLOGICAL DATA (WS FORM: F-6) , PAGE 2
STATION: LEE`S SUMMIT MO
MONTH: APRIL
YEAR: 2022
LATITUDE: 38 57 N
LONGITUDE: 94 22 W
[TEMPERATURE DATA] [PRECIPITATION DATA] SYMBOLS USED IN COLUMN 16
AVERAGE MONTHLY: 53.9 TOTAL FOR MONTH: 4.62 1 = FOG OR MIST
DPTR FM NORMAL: -1.6 DPTR FM NORMAL: 0.43 2 = FOG REDUCING VISIBILITY
HIGHEST: 84 ON 12 GRTST 24HR 2.64 ON 29-30 TO 1/4 MILE OR LESS
LOWEST: 28 ON 9, 1 3 = THUNDER
SNOW, ICE PELLETS, HAIL 4 = ICE PELLETS
TOTAL MONTH: M 5 = HAIL
GRTST 24HR M ON M 6 = FREEZING RAIN OR DRIZZLE
GRTST DEPTH: M ON M 7 = DUSTSTORM OR SANDSTORM:
VSBY 1/2 MILE OR LESS
8 = SMOKE OR HAZE
[NO. OF DAYS WITH] [WEATHER - DAYS WITH] 9 = BLOWING SNOW
X = TORNADO
MAX 32 OR BELOW: 0 0.01 INCH OR MORE: 13
MAX 90 OR ABOVE: 0 0.10 INCH OR MORE: 8
MIN 32 OR BELOW: 3 0.50 INCH OR MORE: 2
MIN 0 OR BELOW: 0 1.00 INCH OR MORE: 1
[HDD (BASE 65) ]
TOTAL THIS MO. 336 CLEAR (SCALE 0-3) 11
DPTR FM NORMAL 30 PTCLDY (SCALE 4-7) 16
TOTAL FM JUL 1 4301 CLOUDY (SCALE 8-10) 3
DPTR FM NORMAL -382
[CDD (BASE 65) ]
TOTAL THIS MO. 10
DPTR FM NORMAL -11 [PRESSURE DATA]
TOTAL FM JAN 1 10 HIGHEST SLP M ON M
DPTR FM NORMAL -14 LOWEST SLP 29.38 ON 12
[REMARKS]
#FINAL-04-22#