000
CXUS53 KEAX 010736
CF6LXT
PRELIMINARY LOCAL CLIMATOLOGICAL DATA (WS FORM: F-6)
STATION: LEE`S SUMMIT MO
MONTH: OCTOBER
YEAR: 2021
LATITUDE: 38 57 N
LONGITUDE: 94 22 W
TEMPERATURE IN F: :PCPN: SNOW: WIND :SUNSHINE: SKY :PK WND
================================================================================
1 2 3 4 5 6A 6B 7 8 9 10 11 12 13 14 15 16 17 18
12Z AVG MX 2MIN
DY MAX MIN AVG DEP HDD CDD WTR SNW DPTH SPD SPD DIR MIN PSBL S-S WX SPD DR
================================================================================
1 78 66 72 9 0 7 0.00 M M 6.0 13 210 M M 5 1 16 190
2 77 63 70 7 0 5 0.03 M M 2.8 9 220 M M 6 12 14 220
3 77 57 67 5 0 2 0.00 M M 5.6 14 330 M M 7 18 320
4 80 51 66 4 0 1 0.00 M M 4.6 15 350 M M 0 22 360
5 77 53 65 3 0 0 T M M 4.5 16 60 M M 4 18 21 70
6 73 58 66 5 0 1 0.28 M M 6.8 16 40 M M 7 1 22 30
7 77 62 70 9 0 5 0.01 M M 2.7 9 240 M M 4 1 12 200
8 84 63 74 14 0 9 0.00 M M 8.0 14 170 M M 1 23 160
9 M 66 M M M M 0.00 M M 9.5 22 200 M M 0 29 200
10 M M M M M M M M M M M M M M 0 3 M M
11 64 53 59 0 6 0 M M M 10.4 23 320 M M 2 138 30 320
12 77 52 65 6 0 0 0.02 M M 6.3 14 130 M M 1 3 23 160
13 74 57 66 8 0 1 0.67 M M 11.1 22 210 M M 4 13 35 160
14 72 53 63 5 2 0 0.32 M M 5.9 12 90 M M 5 13 15 80
15 M 44 M M M M 0.69 M M 9.4 8 270 M M 4 13 13 270
16 65 41 53 -4 12 0 0.00 M M 7.6 17 280 M M 0 22 300
17 72 46 59 2 6 0 0.00 M M 6.0 12 180 M M 0 16 200
18 72 48 60 4 5 0 0.00 M M 10.2 21 180 M M 0 28 190
19 74 52 63 7 2 0 0.00 M M 12.6 20 180 M M 0 28 180
20 70 49 60 4 5 0 T M M 10.9 20 220 M M 2 30 150
21 60 43 52 -3 13 0 0.00 M M 7.8 17 310 M M 0 24 300
22 66 38 52 -3 13 0 0.00 M M 4.0 13 90 M M 0 1 16 150
23 59 47 53 -1 12 0 T M M 9.6 15 100 M M 8 18 20 100
24 75 48 62 8 3 0 0.33 M M 15.4 30 250 M M 7 13 41 250
25 49 47 48 -6 17 0 0.00 M M 9.4 23 320 M M 10 30 310
26 61 43 52 -1 13 0 0.00 M M 11.2 16 120 M M 6 30 120
27 58 51 55 2 10 0 0.54 M M 10.9 20 140 M M 10 1 30 140
28 51 44 48 -4 17 0 0.69 M M 16.6 26 340 M M 10 18 38 360
29 51 42 47 -5 18 0 0.17 M M 13.2 25 350 M M 7 36 350
30 63 37 50 -2 15 0 0.00 M M 4.1 10 290 M M 0 15 300
31 57 42 50 -1 15 0 0.00 M M 12.1 24 10 M M 3 31 350
================================================================================
SM 1913 1516 184 31 3.75 M 255.2 M 113
================================================================================
AV 68.3 50.5 8.5 FASTST M M 4 MAX(MPH)
MISC ----> 30 250 41 250
================================================================================
NOTES:
# LAST OF SEVERAL OCCURRENCES
COLUMN 17 PEAK WIND IN M.P.H.
PRELIMINARY LOCAL CLIMATOLOGICAL DATA (WS FORM: F-6) , PAGE 2
STATION: LEE`S SUMMIT MO
MONTH: OCTOBER
YEAR: 2021
LATITUDE: 38 57 N
LONGITUDE: 94 22 W
[TEMPERATURE DATA] [PRECIPITATION DATA] SYMBOLS USED IN COLUMN 16
AVERAGE MONTHLY: 59.4 TOTAL FOR MONTH: 3.75 1 = FOG OR MIST
DPTR FM NORMAL: 2.2 DPTR FM NORMAL: 0.36 2 = FOG REDUCING VISIBILITY
HIGHEST: 84 ON 8 GRTST 24HR 1.07 ON 27-28 TO 1/4 MILE OR LESS
LOWEST: 37 ON 30 3 = THUNDER
SNOW, ICE PELLETS, HAIL 4 = ICE PELLETS
TOTAL MONTH: M 5 = HAIL
GRTST 24HR M ON M 6 = FREEZING RAIN OR DRIZZLE
GRTST DEPTH: M ON M 7 = DUSTSTORM OR SANDSTORM:
VSBY 1/2 MILE OR LESS
8 = SMOKE OR HAZE
[NO. OF DAYS WITH] [WEATHER - DAYS WITH] 9 = BLOWING SNOW
X = TORNADO
MAX 32 OR BELOW: 0 0.01 INCH OR MORE: 11
MAX 90 OR ABOVE: 0 0.10 INCH OR MORE: 8
MIN 32 OR BELOW: 0 0.50 INCH OR MORE: 4
MIN 0 OR BELOW: 0 1.00 INCH OR MORE: 0
[HDD (BASE 65) ]
TOTAL THIS MO. 184 CLEAR (SCALE 0-3) 15
DPTR FM NORMAL -92 PTCLDY (SCALE 4-7) 12
TOTAL FM JUL 1 196 CLOUDY (SCALE 8-10) 4
DPTR FM NORMAL -129
[CDD (BASE 65) ]
TOTAL THIS MO. 31
DPTR FM NORMAL -2 [PRESSURE DATA]
TOTAL FM JAN 1 1554 HIGHEST SLP M ON M
DPTR FM NORMAL 110 LOWEST SLP 29.45 ON 28
[REMARKS]
#FINAL-10-21#