000
CXUS55 KPUB 011210
CF6LXV
PRELIMINARY LOCAL CLIMATOLOGICAL DATA (WS FORM: F-6)
STATION: LEADVILLE CO
MONTH: APRIL
YEAR: 2023
LATITUDE: 39 15 N
LONGITUDE: 106 18 W
TEMPERATURE IN F: :PCPN: SNOW: WIND :SUNSHINE: SKY :PK WND
================================================================================
1 2 3 4 5 6A 6B 7 8 9 10 11 12 13 14 15 16 17 18
12Z AVG MX 2MIN
DY MAX MIN AVG DEP HDD CDD WTR SNW DPTH SPD SPD DIR MIN PSBL S-S WX SPD DR
================================================================================
1 42 17 30 2 35 0 0.00 M M 9.0 20 260 M M 2 31 260
2 42 20 31 3 34 0 0.00 M M 9.9 28 300 M M 1 40 270
3 38 28 33 5 32 0 0.00 M M 16.7 33 190 M M 7 49 180
4 30 5 18 -11 47 0 0.01 M M 11.8 30 180 M M 9 18 47 190
5 21 -2 10 -19 55 0 T M M 8.3 22 300 M M 5 8 27 290
6 36 -8 14 -15 51 0 0.00 M M 5.0 14 20 M M 0 20 20
7 42 1 22 -7 43 0 0.00 M M 6.0 17 220 M M 1 26 230
8 42 17 30 1 35 0 0.00 M M 5.7 21 230 M M 3 31 230
9 46 17 32 2 33 0 0.00 M M 7.6 17 10 M M 1 26 360
10 59 15 37 7 28 0 0.00 M M 4.6 13 300 M M 0 17 20
11 56 19 38 8 27 0 0.00 M M 6.0 15 250 M M 0 24 220
12 54 22 38 8 27 0 0.00 M M 6.5 24 200 M M 3 37 190
13 50 27 39 9 26 0 0.00 M M 10.5 28 190 M M 4 52 190
14 37 19 28 -2 37 0 0.03 M M 9.1 24 180 M M 8 18 33 180
15 29 13 21 -10 44 0 0.02 M M 10.9 23 290 M M 6 18 37 320
16 46 9 28 -3 37 0 0.00 M M 6.9 17 290 M M 0 25 310
17 50 18 34 3 31 0 0.00 M M 6.0 22 280 M M 0 32 300
18 49 23 36 5 29 0 0.00 M M 13.3 28 210 M M 4 45 210
19 37 13 25 -7 40 0 0.01 M M 11.4 25 220 M M 8 18 39 210
20 24 8 16 -16 49 0 0.04 M M 9.2 24 280 M M 8 128 39 270
21 25 3 14 -18 51 0 0.32 M M 8.6 20 360 M M 8 128 32 250
22 32 19 26 -6 39 0 T M M 6.6 20 300 M M 9 18 27 280
23 44 15 30 -3 35 0 T M M 4.7 16 300 M M 5 12 23 280
24 46 23 35 2 30 0 0.24 M M 5.5 16 270 M M 5 12 24 270
25 36 19 28 -5 37 0 0.55 M M 6.5 21 180 M M 6 12 25 190
26 46 25 36 2 29 0 0.02 M M 8.4 17 10 M M 6 1 26 20
27 47 24 36 2 29 0 0.08 M M 10.8 28 280 M M 7 1 43 280
28 41 18 30 -4 35 0 0.06 M M 11.4 25 10 M M 2 1 37 10
29 55 23 39 4 26 0 0.00 M M 8.9 24 310 M M 1 36 300
30 54 25 40 5 25 0 0.00 M M 7.9 22 310 M M 1 34 300
================================================================================
SM 1256 475 1076 0 1.38 M 253.7 M 120
================================================================================
AV 41.9 15.8 8.5 FASTST M M 4 MAX(MPH)
MISC ----> 33 190 52 190
================================================================================
NOTES:
# LAST OF SEVERAL OCCURRENCES
COLUMN 17 PEAK WIND IN M.P.H.
PRELIMINARY LOCAL CLIMATOLOGICAL DATA (WS FORM: F-6) , PAGE 2
STATION: LEADVILLE CO
MONTH: APRIL
YEAR: 2023
LATITUDE: 39 15 N
LONGITUDE: 106 18 W
[TEMPERATURE DATA] [PRECIPITATION DATA] SYMBOLS USED IN COLUMN 16
AVERAGE MONTHLY: 28.9 TOTAL FOR MONTH: 1.38 1 = FOG OR MIST
DPTR FM NORMAL: -2.3 DPTR FM NORMAL: 0.02 2 = FOG REDUCING VISIBILITY
HIGHEST: 59 ON 10 GRTST 24HR 0.75 ON 24-25 TO 1/4 MILE OR LESS
LOWEST: -8 ON 6 3 = THUNDER
SNOW, ICE PELLETS, HAIL 4 = ICE PELLETS
TOTAL MONTH: M 5 = HAIL
GRTST 24HR M ON M 6 = FREEZING RAIN OR DRIZZLE
GRTST DEPTH: M ON M 7 = DUSTSTORM OR SANDSTORM:
VSBY 1/2 MILE OR LESS
8 = SMOKE OR HAZE
[NO. OF DAYS WITH] [WEATHER - DAYS WITH] 9 = BLOWING SNOW
X = TORNADO
MAX 32 OR BELOW: 6 0.01 INCH OR MORE: 11
MAX 90 OR ABOVE: 0 0.10 INCH OR MORE: 3
MIN 32 OR BELOW: 30 0.50 INCH OR MORE: 1
MIN 0 OR BELOW: 2 1.00 INCH OR MORE: 0
[HDD (BASE 65) ]
TOTAL THIS MO. 1076 CLEAR (SCALE 0-3) 13
DPTR FM NORMAL 58 PTCLDY (SCALE 4-7) 14
TOTAL FM JUL 1 10079 CLOUDY (SCALE 8-10) 3
DPTR FM NORMAL 214
[CDD (BASE 65) ]
TOTAL THIS MO. 0
DPTR FM NORMAL 0 [PRESSURE DATA]
TOTAL FM JAN 1 0 HIGHEST SLP 30.36 ON 15
DPTR FM NORMAL 0 LOWEST SLP 29.03 ON 4
[REMARKS]
#FINAL-04-23#