000
CXUS51 KRNK 010853
CF6LYH
PRELIMINARY LOCAL CLIMATOLOGICAL DATA (WS FORM: F-6)
STATION: LYNCHBURG VA
MONTH: MARCH
YEAR: 2022
LATITUDE: 37 19 N
LONGITUDE: 79 12 W
TEMPERATURE IN F: :PCPN: SNOW: WIND :SUNSHINE: SKY :PK WND
================================================================================
1 2 3 4 5 6A 6B 7 8 9 10 11 12 13 14 15 16 17 18
12Z AVG MX 2MIN
DY MAX MIN AVG DEP HDD CDD WTR SNW DPTH SPD SPD DIR MIN PSBL S-S WX SPD DR
================================================================================
1 65 29 47 5 18 0 0.00 0.0 0 4.6 14 190 M M 0 19 230
2 73 35 54 12 11 0 0.00 0.0 0 4.4 14 290 M M 0 20 290
3 77 47 62 19 3 0 0.00 0.0 0 7.9 16 10 M M 4 25 30
4 54 32 43 0 22 0 0.00 0.0 0 5.0 16 50 M M 0 21 100
5 73 35 54 11 11 0 0.00 0.0 0 7.0 18 200 M M 0 24 180
6 75 58 67 24 0 2 0.00 0.0 0 10.3 22 200 M M 5 38 180
7 81 56 69 25 0 4 0.12 0.0 0 11.0 30 200 M M 5 44 200
8 60 42 51 7 14 0 0.19 0.0 0 5.7 14 30 M M 2 1 21 290
9 57 42 50 6 15 0 0.53 0.0 0 5.2 14 60 M M 8 1 18 50
10 55 37 46 2 19 0 0.00 0.0 0 5.8 15 50 M M 5 19 50
11 64 31 48 3 17 0 T 0.0 0 4.6 16 180 M M 1 12 19 190
12 51 24 38 -7 27 0 0.43 T 0 9.3 22 300 M M 7 1 37 320
13 49 18 34 -11 31 0 0.00 0.0 0 7.8 20 190 M M 0 25 200
14 64 27 46 0 19 0 0.00 0.0 0 2.9 14 180 M M 0 18 180
15 72 34 53 7 12 0 0.00 0.0 0 3.9 14 200 M M 0 21 200
16 72 40 56 10 9 0 0.39 0.0 0 3.7 16 190 M M 4 1 20 200
17 71 48 60 13 5 0 0.31 0.0 0 4.1 13 330 M M 7 12 19 310
18 74 44 59 12 6 0 0.00 0.0 0 5.3 18 180 M M 2 12 23 180
19 79 53 66 19 0 1 0.00 0.0 0 10.3 25 200 M M 4 33 220
20 60 39 50 2 15 0 0.00 0.0 0 8.3 20 310 M M 2 31 290
21 72 32 52 4 13 0 0.00 0.0 0 3.9 14 200 M M 0 20 190
22 74 40 57 9 8 0 0.00 0.0 0 4.4 16 190 M M 0 21 200
23 62 49 56 8 9 0 1.66 0.0 0 7.0 20 20 M M 8 13 29 30
24 69 55 62 13 3 0 0.00 0.0 0 3.8 12 180 M M 4 12 15 180
25 63 39 51 2 14 0 0.00 0.0 0 5.6 16 240 M M 3 24 260
26 52 39 46 -4 19 0 T 0.0 0 8.8 28 260 M M 4 45 250
27 48 33 41 -9 24 0 0.00 0.0 0 8.1 18 250 M M 1 28 260
28 50 28 39 -11 26 0 0.00 0.0 0 8.1 20 280 M M 0 35 300
29 53 23 38 -12 27 0 T 0.0 0 4.1 10 170 M M 2 15 200
30 63 39 51 0 14 0 0.00 0.0 0 6.0 16 160 M M 8 21 180
31 76 56 66 15 0 1 0.30 0.0 0 14.3 33 170 M M 10 13 47 170
================================================================================
SM 2008 1204 411 8 3.93 T 201.2 M 96
================================================================================
AV 64.8 38.8 6.5 FASTST M M 3 MAX(MPH)
MISC ----> 33 170 47 170
================================================================================
NOTES:
# LAST OF SEVERAL OCCURRENCES
COLUMN 17 PEAK WIND IN M.P.H.
PRELIMINARY LOCAL CLIMATOLOGICAL DATA (WS FORM: F-6) , PAGE 2
STATION: LYNCHBURG VA
MONTH: MARCH
YEAR: 2022
LATITUDE: 37 19 N
LONGITUDE: 79 12 W
[TEMPERATURE DATA] [PRECIPITATION DATA] SYMBOLS USED IN COLUMN 16
AVERAGE MONTHLY: 51.8 TOTAL FOR MONTH: 3.93 1 = FOG OR MIST
DPTR FM NORMAL: 5.4 DPTR FM NORMAL: 0.17 2 = FOG REDUCING VISIBILITY
HIGHEST: 81 ON 7 GRTST 24HR 1.66 ON 23-23 TO 1/4 MILE OR LESS
LOWEST: 18 ON 13 3 = THUNDER
SNOW, ICE PELLETS, HAIL 4 = ICE PELLETS
TOTAL MONTH: T 5 = HAIL
GRTST 24HR T ON 12-12 6 = FREEZING RAIN OR DRIZZLE
GRTST DEPTH: 0 7 = DUSTSTORM OR SANDSTORM:
VSBY 1/2 MILE OR LESS
8 = SMOKE OR HAZE
[NO. OF DAYS WITH] [WEATHER - DAYS WITH] 9 = BLOWING SNOW
X = TORNADO
MAX 32 OR BELOW: 0 0.01 INCH OR MORE: 8
MAX 90 OR ABOVE: 0 0.10 INCH OR MORE: 8
MIN 32 OR BELOW: 9 0.50 INCH OR MORE: 2
MIN 0 OR BELOW: 0 1.00 INCH OR MORE: 1
[HDD (BASE 65) ]
TOTAL THIS MO. 411 CLEAR (SCALE 0-3) 17
DPTR FM NORMAL -167 PTCLDY (SCALE 4-7) 12
TOTAL FM JUL 1 3163 CLOUDY (SCALE 8-10) 2
DPTR FM NORMAL -730
[CDD (BASE 65) ]
TOTAL THIS MO. 8
DPTR FM NORMAL 6 [PRESSURE DATA]
TOTAL FM JAN 1 8 HIGHEST SLP 30.54 ON 4
DPTR FM NORMAL 6 LOWEST SLP 29.40 ON 12
[REMARKS]
DUE TO EQUIPMENT FAILURE ON NOVEMBER 4, 2021, ALL HEATING
DEGREE DAY INFORMATION WILL BE CALCULATED WITHOUT DATA FROM THIS
DATE.
#FINAL-03-22#