000
CXUS54 KLZK 221230
CF6LZK
PRELIMINARY LOCAL CLIMATOLOGICAL DATA (WS FORM: F-6)
STATION: NORTH LITTLE ROCK
MONTH: APRIL
YEAR: 2024
LATITUDE: 34 50 N
LONGITUDE: 92 16 W
TEMPERATURE IN F: :PCPN: SNOW: WIND :SUNSHINE: SKY :PK WND
================================================================================
1 2 3 4 5 6A 6B 7 8 9 10 11 12 13 14 15 16 17 18
12Z AVG MX 2MIN
DY MAX MIN AVG DEP HDD CDD WTR SNW DPTH SPD SPD DIR MIN PSBL S-S WX SPD DR
================================================================================
1 75 66 71 13 0 6 0.00 0.0 0 M M M M M M M M
2 75 48 62 4 3 0 T 0.0 0 M M M M M M M M
3 60 42 51 -7 14 0 0.00 0.0 0 M M M M M M M M
4 68 40 54 -5 11 0 0.00 0.0 0 M M M M M M M M
5 68 42 55 -4 10 0 0.00 0.0 0 M M M M M M M M
6 70 48 59 0 6 0 0.00 0.0 0 M M M M M M M M
7 80 58 69 9 0 4 T 0.0 0 M M M M M M M M
8 82 53 68 8 0 3 0.09 0.0 0 M M M M M M 3 M M
9 65 58 62 2 3 0 0.52 0.0 0 M M M M M M 1 M M
10 67 54 61 1 4 0 0.19 0.0 0 M M M M M M 1 M M
11 69 50 60 -1 5 0 0.58 0.0 0 M M M M M M M M
12 75 47 61 0 4 0 0.00 0.0 0 M M M M M M M M
13 82 57 70 9 0 5 0.00 0.0 0 M M M M M M M M
14 76 62 69 8 0 4 0.00 0.0 0 M M M M M M M M
15 78 61 70 8 0 5 T 0.0 0 M M M M M M M M
16 75 65 70 8 0 5 0.63 0.0 0 M M M M M M 3 M M
17 82 68 75 13 0 10 T 0.0 0 M M M M M M M M
18 78 68 73 11 0 8 T 0.0 0 M M M M M M 3 M M
19 73 55 64 1 1 0 0.07 0.0 0 M M M M M M 3 M M
20 57 50 54 -9 11 0 0.02 0.0 0 M M M M M M M M
21 64 46 55 -8 10 0 0.03 0.0 0 M M M M M M M M
================================================================================
SM 1519 1138 82 50 2.13 0.0 M M M
================================================================================
AV 72.3 54.2 M FASTST M M M MAX(MPH)
MISC ----> M M M M
================================================================================
NOTES:
# LAST OF SEVERAL OCCURRENCES
COLUMN 17 PEAK WIND IN M.P.H.
PRELIMINARY LOCAL CLIMATOLOGICAL DATA (WS FORM: F-6) , PAGE 2
STATION: NORTH LITTLE ROCK
MONTH: APRIL
YEAR: 2024
LATITUDE: 34 50 N
LONGITUDE: 92 16 W
[TEMPERATURE DATA] [PRECIPITATION DATA] SYMBOLS USED IN COLUMN 16
AVERAGE MONTHLY: 63.3 TOTAL FOR MONTH: 2.13 1 = FOG OR MIST
DPTR FM NORMAL: 2.7 DPTR FM NORMAL: -1.57 2 = FOG REDUCING VISIBILITY
HIGHEST: 82 ON 13,17 GRTST 24HR 0.63 ON 16-16 TO 1/4 MILE OR LESS
LOWEST: 40 ON 4 3 = THUNDER
SNOW, ICE PELLETS, HAIL 4 = ICE PELLETS
TOTAL MONTH: 0.0 INCH 5 = HAIL
GRTST 24HR 0.0 6 = FREEZING RAIN OR DRIZZLE
GRTST DEPTH: 0 7 = DUSTSTORM OR SANDSTORM:
VSBY 1/2 MILE OR LESS
8 = SMOKE OR HAZE
[NO. OF DAYS WITH] [WEATHER - DAYS WITH] 9 = BLOWING SNOW
X = TORNADO
MAX 32 OR BELOW: 0 0.01 INCH OR MORE: 8
MAX 90 OR ABOVE: 0 0.10 INCH OR MORE: 4
MIN 32 OR BELOW: 0 0.50 INCH OR MORE: 3
MIN 0 OR BELOW: 0 1.00 INCH OR MORE: 0
[HDD (BASE 65) ]
TOTAL THIS MO. 82 CLEAR (SCALE 0-3) 0
DPTR FM NORMAL -44 PTCLDY (SCALE 4-7) 0
TOTAL FM JUL 1 2587 CLOUDY (SCALE 8-10) 21
DPTR FM NORMAL -497
[CDD (BASE 65) ]
TOTAL THIS MO. 50
DPTR FM NORMAL 16 [PRESSURE DATA]
TOTAL FM JAN 1 73 HIGHEST SLP M ON M
DPTR FM NORMAL 25 LOWEST SLP M ON M
[REMARKS]