000
CXUS54 KLZK 011230
CF6LZK
PRELIMINARY LOCAL CLIMATOLOGICAL DATA (WS FORM: F-6)
STATION: NORTH LITTLE ROCK
MONTH: AUGUST
YEAR: 2023
LATITUDE: 34 50 N
LONGITUDE: 92 16 W
TEMPERATURE IN F: :PCPN: SNOW: WIND :SUNSHINE: SKY :PK WND
================================================================================
1 2 3 4 5 6A 6B 7 8 9 10 11 12 13 14 15 16 17 18
12Z AVG MX 2MIN
DY MAX MIN AVG DEP HDD CDD WTR SNW DPTH SPD SPD DIR MIN PSBL S-S WX SPD DR
================================================================================
1 94 75 85 3 0 20 T 0.0 0 M M M M M M M M
2 98 75 87 5 0 22 0.00 0.0 0 M M M M M M M M
3 102 81 92 10 0 27 0.00 0.0 0 M M M M M M M M
4 96 81 89 7 0 24 0.00 0.0 0 M M M M M M M M
5 99 76 88 6 0 23 0.01 0.0 0 M M M M M M 3 M M
6 91 72 82 0 0 17 0.03 0.0 0 M M M M M M 3 M M
7 83 69 76 -6 0 11 0.69 0.0 0 M M M M M M 3 M M
8 83 70 77 -5 0 12 0.47 0.0 0 M M M M M M 3 M M
9 89 72 81 -1 0 16 0.04 0.0 0 M M M M M M M M
10 88 69 79 -3 0 14 0.01 0.0 0 M M M M M M M M
11 93 74 84 2 0 19 0.04 0.0 0 M M M M M M 3 M M
12 92 79 86 4 0 21 0.04 0.0 0 M M M M M M M M
13 98 77 88 7 0 23 0.00 0.0 0 M M M M M M M M
14 92 73 83 2 0 18 0.00 0.0 0 M M M M M M M M
15 85 66 76 -5 0 11 0.00 0.0 0 M M M M M M M M
16 86 64 75 -6 0 10 0.00 0.0 0 M M M M M M M M
17 91 66 79 -2 0 14 0.00 0.0 0 M M M M M M M M
18 94 72 83 2 0 18 0.00 0.0 0 M M M M M M M M
19 98 71 85 4 0 20 0.00 0.0 0 M M M M M M M M
20 101 78 90 10 0 25 0.00 0.0 0 M M M M M M M M
21 100 75 88 8 0 23 0.00 0.0 0 M M M M M M M M
22 101 77 89 9 0 24 0.00 0.0 0 M M M M M M M M
23 100 77 89 9 0 24 0.00 0.0 0 M M M M M M M M
24 101 76 89 9 0 24 0.00 0.0 0 M M M M M M M M
25 103 79 91 11 0 26 T 0.0 0 M M M M M M 3 M M
26 103 76 90 10 0 25 0.24 0.0 0 M M M M M M 3 M M
27 90 73 82 3 0 17 0.00 0.0 0 M M M M M M M M
28 90 73 82 3 0 17 0.00 0.0 0 M M M M M M M M
29 92 66 79 0 0 14 0.00 0.0 0 M M M M M M M M
30 92 69 81 2 0 16 0.00 0.0 0 M M M M M M M M
31 89 63 76 -2 0 11 0.00 0.0 0 M M M M M M M M
================================================================================
SM 2914 2264 0 586 1.57 0.0 M M M
================================================================================
AV 94.0 73.0 M FASTST M M M MAX(MPH)
MISC ----> M M M M
================================================================================
NOTES:
# LAST OF SEVERAL OCCURRENCES
COLUMN 17 PEAK WIND IN M.P.H.
PRELIMINARY LOCAL CLIMATOLOGICAL DATA (WS FORM: F-6) , PAGE 2
STATION: NORTH LITTLE ROCK
MONTH: AUGUST
YEAR: 2023
LATITUDE: 34 50 N
LONGITUDE: 92 16 W
[TEMPERATURE DATA] [PRECIPITATION DATA] SYMBOLS USED IN COLUMN 16
AVERAGE MONTHLY: 83.5 TOTAL FOR MONTH: 1.57 1 = FOG OR MIST
DPTR FM NORMAL: 2.7 DPTR FM NORMAL: -2.00 2 = FOG REDUCING VISIBILITY
HIGHEST: 103 ON 26,25 GRTST 24HR 0.69 ON 7- 7 TO 1/4 MILE OR LESS
LOWEST: 63 ON 31 3 = THUNDER
SNOW, ICE PELLETS, HAIL 4 = ICE PELLETS
TOTAL MONTH: 0.0 INCH 5 = HAIL
GRTST 24HR 0.0 6 = FREEZING RAIN OR DRIZZLE
GRTST DEPTH: 0 7 = DUSTSTORM OR SANDSTORM:
VSBY 1/2 MILE OR LESS
8 = SMOKE OR HAZE
[NO. OF DAYS WITH] [WEATHER - DAYS WITH] 9 = BLOWING SNOW
X = TORNADO
MAX 32 OR BELOW: 0 0.01 INCH OR MORE: 9
MAX 90 OR ABOVE: 24 0.10 INCH OR MORE: 3
MIN 32 OR BELOW: 0 0.50 INCH OR MORE: 1
MIN 0 OR BELOW: 0 1.00 INCH OR MORE: 0
[HDD (BASE 65) ]
TOTAL THIS MO. 0 CLEAR (SCALE 0-3) 0
DPTR FM NORMAL 0 PTCLDY (SCALE 4-7) 0
TOTAL FM JUL 1 0 CLOUDY (SCALE 8-10) 31
DPTR FM NORMAL 0
[CDD (BASE 65) ]
TOTAL THIS MO. 586
DPTR FM NORMAL 98 [PRESSURE DATA]
TOTAL FM JAN 1 1827 HIGHEST SLP M ON M
DPTR FM NORMAL 183 LOWEST SLP M ON M
[REMARKS]
#FINAL-08-23#