000
CXUS54 KLZK 011130
CF6M19
PRELIMINARY LOCAL CLIMATOLOGICAL DATA (WS FORM: F-6)
STATION: Newport Airport
MONTH: AUGUST
YEAR: 2020
LATITUDE: 35 35 N
LONGITUDE: 91 16 W
TEMPERATURE IN F: :PCPN: SNOW: WIND :SUNSHINE: SKY :PK WND
================================================================================
1 2 3 4 5 6A 6B 7 8 9 10 11 12 13 14 15 16 17 18
12Z AVG MX 2MIN
DY MAX MIN AVG DEP HDD CDD WTR SNW DPTH SPD SPD DIR MIN PSBL S-S WX SPD DR
================================================================================
1 84 68 76 -5 0 11 0.01 M M 9.0 17 330 M M 7 20 350
2 90 66 78 -3 0 13 T M M 5.4 13 260 M M 3 M M
3 87 66 77 -4 0 12 T M M 6.1 15 350 M M 4 23 350
4 83 64 74 -7 0 9 0.00 M M 7.7 13 20 M M 2 M M
5 82 59 71 -10 0 6 0.00 M M 5.7 12 70 M M 2 M M
6 84 60 72 -9 0 7 0.00 M M 4.7 9 20 M M 0 M M
7 90 67 79 -2 0 14 0.00 M M 4.8 7 110 M M 1 M M
8 94 68 81 0 0 16 0.00 M M 5.9 12 180 M M 0 1 M M
9 96 72 84 3 0 19 0.00 M M 7.8 15 200 M M 0 M M
10 98 73 86 5 0 21 0.00 M M 9.6 16 190 M M 0 22 190
11 91 71 81 0 0 16 T M M 6.8 14 270 M M 3 13 M M
12 84 71 78 -3 0 13 0.01 M M 3.8 7 60 M M 7 13 M M
13 89 72 81 0 0 16 0.00 M M 3.9 9 30 M M 4 12 M M
14 89 71 80 -1 0 15 0.00 M M 4.8 8 10 M M 2 1 M M
15 93 72 83 2 0 18 T M M 2.8 6 170 M M 0 13 M M
16 87 65 76 -4 0 11 M M M 9.0 15 10 M M 1 3 M M
17 91 63 77 -3 0 12 M M M 5.1 8 200 M M 0 1 M M
18 88 67 78 -2 0 13 M M M 9.1 14 330 M M 1 20 360
19 83 63 73 -7 0 8 0.00 M M 9.8 15 50 M M 1 20 20
20 87 62 75 -5 0 10 0.00 M M 6.8 10 10 M M 2 M M
21 88 65 77 -3 0 12 M M M 6.5 12 110 M M 0 1 M M
22 88 66 77 -3 0 12 0.00 M M 3.5 6 150 M M 4 12 M M
23 94 67 81 1 0 16 0.00 M M 6.0 9 170 M M 1 M M
24 93 69 81 1 0 16 M M M 3.4 7 80 M M 0 8 M M
25 94 68 81 2 0 16 M M M 6.5 12 90 M M 1 M M
26 90 72 81 2 0 16 T M M 5.3 28 170 M M 6 13 39 170
27 81 70 76 -3 0 11 3.42 M M 10.0 28 50 M M 3 13 41 70
28 86 71 79 0 0 14 0.05 M M 11.7 24 140 M M 7 1 35 140
29 93 72 83 5 0 18 0.52 M M 5.1 10 70 M M 3 123 M M
30 82 70 76 -2 0 11 0.02 M M 2.1 7 60 M M 6 13 M M
31 88 70 79 1 0 14 0.01 M M 5.3 13 350 M M 3 13 M M
================================================================================
SM 2747 2100 0 416 4.04 M 194.0 M 74
================================================================================
AV 88.6 67.7 6.3 FASTST M M 2 MAX(MPH)
MISC ----> # 28 170 # 41 70
================================================================================
NOTES:
# LAST OF SEVERAL OCCURRENCES
COLUMN 17 PEAK WIND IN M.P.H.
PRELIMINARY LOCAL CLIMATOLOGICAL DATA (WS FORM: F-6) , PAGE 2
STATION: Newport Airport
MONTH: AUGUST
YEAR: 2020
LATITUDE: 35 35 N
LONGITUDE: 91 16 W
[TEMPERATURE DATA] [PRECIPITATION DATA] SYMBOLS USED IN COLUMN 16
AVERAGE MONTHLY: 78.2 TOTAL FOR MONTH: 4.04 1 = FOG OR MIST
DPTR FM NORMAL: -1.9 DPTR FM NORMAL: 1.38 2 = FOG REDUCING VISIBILITY
HIGHEST: 98 ON 10 GRTST 24HR 3.42 ON 27-27 TO 1/4 MILE OR LESS
LOWEST: 59 ON 5 3 = THUNDER
SNOW, ICE PELLETS, HAIL 4 = ICE PELLETS
TOTAL MONTH: M 5 = HAIL
GRTST 24HR M ON M 6 = FREEZING RAIN OR DRIZZLE
GRTST DEPTH: M ON M 7 = DUSTSTORM OR SANDSTORM:
VSBY 1/2 MILE OR LESS
8 = SMOKE OR HAZE
[NO. OF DAYS WITH] [WEATHER - DAYS WITH] 9 = BLOWING SNOW
X = TORNADO
MAX 32 OR BELOW: 0 0.01 INCH OR MORE: 7
MAX 90 OR ABOVE: 13 0.10 INCH OR MORE: 2
MIN 32 OR BELOW: 0 0.50 INCH OR MORE: 2
MIN 0 OR BELOW: 0 1.00 INCH OR MORE: 1
[HDD (BASE 65) ]
TOTAL THIS MO. 0 CLEAR (SCALE 0-3) 22
DPTR FM NORMAL 0 PTCLDY (SCALE 4-7) 9
TOTAL FM JUL 1 0 CLOUDY (SCALE 8-10) 0
DPTR FM NORMAL 0
[CDD (BASE 65) ]
TOTAL THIS MO. 416
DPTR FM NORMAL -54 [PRESSURE DATA]
TOTAL FM JAN 1 1501 HIGHEST SLP M ON M
DPTR FM NORMAL -79 LOWEST SLP M ON M
[REMARKS]
#FINAL-08-20#