000
CXUS54 KMAF 011803
CF6MAF
PRELIMINARY LOCAL CLIMATOLOGICAL DATA (WS FORM: F-6)
STATION: MIDLAND INTERNATIONAL AIRPORT
MONTH: DECEMBER
YEAR: 2023
LATITUDE: 31 57 N
LONGITUDE: 102 11 W
TEMPERATURE IN F: :PCPN: SNOW: WIND :SUNSHINE: SKY :PK WND
================================================================================
1 2 3 4 5 6A 6B 7 8 9 10 11 12 13 14 15 16 17 18
12Z AVG MX 2MIN
DY MAX MIN AVG DEP HDD CDD WTR SNW DPTH SPD SPD DIR MIN PSBL S-S WX SPD DR
================================================================================
1 66 35 51 2 14 0 0.00 0.0 0 7.0 22 270 M M 0 28 240
2 63 39 51 2 14 0 0.00 0.0 0 10.9 26 280 M M 3 37 290
3 67 35 51 2 14 0 0.00 0.0 0 11.4 23 270 M M 0 29 270
4 63 33 48 0 17 0 0.00 0.0 0 7.3 18 150 M M 0 23 160
5 69 35 52 4 13 0 0.00 0.0 0 5.3 10 70 M M 0 14 90
6 65 35 50 2 15 0 0.00 0.0 0 8.1 20 170 M M 0 22 160
7 75 45 60 12 5 0 0.00 0.0 0 11.6 21 240 M M 0 24 210
8 77 49 63 15 2 0 0.00 0.0 0 15.5 31 250 M M 0 38 240
9 62 35 49 2 16 0 0.00 0.0 0 14.3 28 350 M M 0 36 350
10 52 26 39 -8 26 0 0.00 0.0 0 9.7 22 230 M M 0 29 220
11 66 30 48 1 17 0 0.00 0.0 0 6.3 13 180 M M 0 15 170
12 57 33 45 -2 20 0 0.01 0.0 0 14.5 29 140 M M 6 35 140
13 55 48 52 6 13 0 0.08 0.0 0 16.8 28 120 M M 10 1 35 130
14 54 43 49 3 16 0 0.09 0.0 0 12.9 23 160 M M 10 12 30 170
15 52 34 43 -3 22 0 T 0.0 0 8.1 15 330 M M 3 12 20 340
16 62 35 49 3 16 0 0.00 0.0 0 5.9 12 250 M M 0 19 260
17 69 33 51 5 14 0 0.00 0.0 0 6.0 14 280 M M 0 19 290
18 59 34 47 1 18 0 0.00 0.0 0 7.5 13 130 M M 0 15 120
19 63 42 53 7 12 0 0.00 0.0 0 13.1 25 170 M M 0 30 170
20 62 45 54 8 11 0 0.00 0.0 0 13.2 20 170 M M 1 25 180
21 68 50 59 13 6 0 0.00 0.0 0 5.5 12 200 M M 4 15 200
22 66 46 56 11 9 0 0.00 0.0 0 6.6 18 170 M M 5 12 26 170
23 61 50 56 11 9 0 0.39 T 0 16.1 26 180 M M 9 135 38 170
24 59 37 48 3 17 0 0.00 0.0 0 15.0 30 320 M M 0 37 320
25 43 31 37 -8 28 0 0.00 0.0 0 6.8 21 20 M M 4 26 30
26 54 30 42 -3 23 0 0.00 0.0 0 8.3 21 310 M M 0 26 320
27 55 30 43 -2 22 0 0.00 0.0 0 8.3 18 30 M M 0 23 20
28 54 31 43 -2 22 0 0.00 0.0 0 7.6 20 40 M M 0 24 40
29 58 26 42 -3 23 0 0.00 0.0 0 8.8 17 270 M M 0 21 270
30 64 29 47 2 18 0 0.00 0.0 0 7.0 20 240 M M 0 25 240
31 67 33 50 5 15 0 0.00 0.0 0 7.2 20 50 M M 0 8 25 60
================================================================================
SM 1907 1137 487 0 0.57 T 302.6 M 55
================================================================================
AV 61.5 36.7 9.8 FASTST M M 2 MAX(MPH)
MISC ----> 31 250 # 38 240
================================================================================
NOTES:
# LAST OF SEVERAL OCCURRENCES
COLUMN 17 PEAK WIND IN M.P.H.
PRELIMINARY LOCAL CLIMATOLOGICAL DATA (WS FORM: F-6) , PAGE 2
STATION: MIDLAND INTERNATIONAL AIRPORT
MONTH: DECEMBER
YEAR: 2023
LATITUDE: 31 57 N
LONGITUDE: 102 11 W
[TEMPERATURE DATA] [PRECIPITATION DATA] SYMBOLS USED IN COLUMN 16
AVERAGE MONTHLY: 49.1 TOTAL FOR MONTH: 0.57 1 = FOG OR MIST
DPTR FM NORMAL: 2.7 DPTR FM NORMAL: -0.02 2 = FOG REDUCING VISIBILITY
HIGHEST: 77 ON 8 GRTST 24HR 0.39 ON 23-23 TO 1/4 MILE OR LESS
LOWEST: 26 ON 29,10 3 = THUNDER
SNOW, ICE PELLETS, HAIL 4 = ICE PELLETS
TOTAL MONTH: T 5 = HAIL
GRTST 24HR T ON 23-23 6 = FREEZING RAIN OR DRIZZLE
GRTST DEPTH: 0 7 = DUSTSTORM OR SANDSTORM:
VSBY 1/2 MILE OR LESS
8 = SMOKE OR HAZE
[NO. OF DAYS WITH] [WEATHER - DAYS WITH] 9 = BLOWING SNOW
X = TORNADO
MAX 32 OR BELOW: 0 0.01 INCH OR MORE: 4
MAX 90 OR ABOVE: 0 0.10 INCH OR MORE: 1
MIN 32 OR BELOW: 8 0.50 INCH OR MORE: 0
MIN 0 OR BELOW: 0 1.00 INCH OR MORE: 0
[HDD (BASE 65) ]
TOTAL THIS MO. 487 CLEAR (SCALE 0-3) 23
DPTR FM NORMAL -90 PTCLDY (SCALE 4-7) 5
TOTAL FM JUL 1 904 CLOUDY (SCALE 8-10) 3
DPTR FM NORMAL -97
[CDD (BASE 65) ]
TOTAL THIS MO. 0
DPTR FM NORMAL 0 [PRESSURE DATA]
TOTAL FM JAN 1 3079 HIGHEST SLP 30.48 ON 10
DPTR FM NORMAL 407 LOWEST SLP 29.64 ON 8
[REMARKS]
#FINAL-12-23#