264
CXUS53 KABR 021642
CLAMBG
CLIMATE REPORT
NATIONAL WEATHER SERVICE ABERDEEN SD
1020 AM CST THU JAN 2 2020
...................................
...THE MOBRIDGE SD CLIMATE SUMMARY FOR THE YEAR OF 2019...
CLIMATE NORMAL PERIOD 1981 TO 2010
CLIMATE RECORD PERIOD 1911 TO 2020
WEATHER OBSERVED NORMAL DEPART LAST YEAR`S
VALUE DATE(S) VALUE FROM VALUE DATE(S)
NORMAL
................................................................
TEMPERATURE (F)
RECORD
HIGH 116 07/15/2006
07/16/1936
LOW -44 02/19/1929
HIGHEST 95 06/29 MM MM 103 08/10
LOWEST -29 02/08 MM MM -30 01/01
AVG. MAXIMUM 52.5 56.8 -4.3 56.1
AVG. MINIMUM 32.2 33.1 -0.9 33.8
MEAN 42.3 44.9 -2.6 44.9
DAYS MAX >= 90 9 22.3 -13.3 35
DAYS MAX <= 32 96 65.2 30.8 71
DAYS MIN <= 32 180 172.0 8.0 175
DAYS MIN <= 0 41 30.2 10.8 30
PRECIPITATION (INCHES)
RECORD
MAXIMUM 29.53 2019
MINIMUM 6.15 1934
TOTALS 29.53 17.87 11.66 19.17
DAILY AVG. 0.08 0.05 0.03 0.05
DAYS >= .01 123 MM MM 103
DAYS >= .10 69 MM MM 50
DAYS >= .50 17 MM MM 6
DAYS >= 1.00 5 MM MM 3
SNOWFALL (INCHES)
RECORDS
TOTAL 104.1 2019
TOTALS 104.1R MM MM 51.8
LIQUID EQUIV 10.41 MM MM 5.18
SINCE 7/1 28.3 MM MM 11.0
LIQUID 7/1 2.83 MM MM 1.10
DAYS >= TRACE 76 MM MM 68
DAYS >= 1.0 28 MM MM 15
DEGREE_DAYS
HEATING TOTAL 8758 7960 798 8119
SINCE 7/1 MM 3216 MM MM
COOLING TOTAL 648 643 5 966
SINCE 1/1 648 644 4 966
.................................................................
WIND (MPH)
AVERAGE WIND SPEED 9.9
HIGHEST WIND SPEED/DIRECTION 45/330 DATE 01/27
HIGHEST GUST SPEED/DIRECTION 63/340 DATE 01/27
- INDICATES NEGATIVE NUMBERS.
R INDICATES RECORD WAS SET OR TIED.
MM INDICATES DATA IS MISSING.
T INDICATES TRACE AMOUNT.
$$