000
CXUS53 KABR 011410
CLMMBG
CLIMATE REPORT
NATIONAL WEATHER SERVICE ABERDEEN SD
910 AM CDT SAT JUL 01 2023
...................................
...THE MOBRIDGE SD CLIMATE SUMMARY FOR THE MONTH OF JUNE 2023...
CLIMATE NORMAL PERIOD 1991 TO 2020
CLIMATE RECORD PERIOD 1911 TO 2023
WEATHER OBSERVED NORMAL DEPART LAST YEAR`S
VALUE DATE(S) VALUE FROM VALUE DATE(S)
NORMAL
................................................................
TEMPERATURE (F)
RECORD
HIGH 110 06/28/1931
LOW 32 06/02/1946
06/07/1915
HIGHEST 98 06/19 79 19 99 06/29
LOWEST 47 06/12 MM MM 36 06/03
AVG. MAXIMUM 84.2 80.1 4.1 80.4
AVG. MINIMUM 59.2 55.7 3.5 54.4
MEAN 71.7 67.9 3.8 67.4
DAYS MAX >= 90 7 4.0 3.0 4
DAYS MAX <= 32 0 0.0 0.0 0
DAYS MIN <= 32 0 0.0 0.0 0
DAYS MIN <= 0 0 0.0 0.0 0
PRECIPITATION (INCHES)
RECORD
MAXIMUM 8.06 1968
MINIMUM 0.26 1974
TOTALS 5.57 3.08 2.49 3.78
DAYS >= .01 12 11.6 0.4 11
DAYS >= .10 7 6.0 1.0 6
DAYS >= .50 3 1.7 1.3 2
DAYS >= 1.00 2 0.5 1.5 1
SNOWFALL (INCHES)
RECORDS
TOTAL MM 0
SNOW DEPTH MM MM
TOTALS 0.0 0.0 0.0 0.0
SINCE 7/1 45.2 31.0 14.2 MM
SNOWDEPTH AVG. 0 0
DAYS >= TRACE 0 0.0 0.0 0
DAYS >= 1.0 0 0.0 0.0 0
GREATEST
SNOW DEPTH 0 0 MM
DEGREE DAYS
HEATING TOTAL 8 52 -44 63
SINCE 7/1 8007 7553 454 MM
COOLING TOTAL 215 139 76 141
SINCE 1/1 294 167 127 MM
FREEZE DATES
RECORD
EARLIEST MM
LATEST MM
EARLIEST 10/07 10/07
LATEST 05/02 05/22
................................................................
WIND (MPH)
AVERAGE WIND SPEED 8.7
RESULTANT WIND SPEED/DIRECTION 3/100
HIGHEST WIND SPEED/DIRECTION 31/130 DATE 06/04
31/180 06/20
31/330 06/24
HIGHEST GUST SPEED/DIRECTION 46/190 DATE 06/20
SKY COVER
POSSIBLE SUNSHINE (PERCENT) MM
AVERAGE SKY COVER 0.26
NUMBER OF DAYS FAIR 22
NUMBER OF DAYS PC 4
NUMBER OF DAYS CLOUDY 4
AVERAGE RH (PERCENT) 64
WEATHER CONDITIONS. NUMBER OF DAYS WITH
THUNDERSTORM 13 MIXED PRECIP 0
HEAVY RAIN 5 RAIN 9
LIGHT RAIN 13 FREEZING RAIN 0
LT FREEZING RAIN 0 HAIL 0
HEAVY SNOW 0 SNOW 0
LIGHT SNOW 0 SLEET 0
FOG 10 FOG W/VIS <= 1/4 MILE 1
HAZE 5
- INDICATES NEGATIVE NUMBERS.
R INDICATES RECORD WAS SET OR TIED.
MM INDICATES DATA IS MISSING.
T INDICATES TRACE AMOUNT.
$$