000
CXUS53 KABR 011552
CLMMBG
CLIMATE REPORT
NATIONAL WEATHER SERVICE ABERDEEN SD
952 AM CST FRI MAR 01 2024
...................................
...THE MOBRIDGE SD CLIMATE SUMMARY FOR THE MONTH OF FEBRUARY 2024...
CLIMATE NORMAL PERIOD 1991 TO 2020
CLIMATE RECORD PERIOD 1911 TO 2024
WEATHER OBSERVED NORMAL DEPART LAST YEAR`S
VALUE DATE(S) VALUE FROM VALUE DATE(S)
NORMAL
................................................................
TEMPERATURE (F)
RECORD
HIGH 73 02/27/2016
LOW -44 02/19/1929
HIGHEST 71 02/26 31 40 55 02/13
LOWEST -2 02/28 MM MM -22 02/24
AVG. MAXIMUM 43.9 31.6 12.3 35.9
AVG. MINIMUM 22.1 10.7 11.4 10.9
MEAN 33.0 21.2 11.8 23.4
DAYS MAX >= 90 0 0.0 0.0 0
DAYS MAX <= 32 4 14.9 -10.9 8
DAYS MIN <= 32 24 27.3 -3.3 28
DAYS MIN <= 0 2 8.9 -6.9 4
PRECIPITATION (INCHES)
RECORD
MAXIMUM 2.60 1930
MINIMUM 0.03 1934
TOTALS 0.16 0.65 -0.49 0.77
DAYS >= .01 5 6.7 -1.7 4
DAYS >= .10 0 1.8 -1.8 4
DAYS >= .50 0 0.1 -0.1 0
DAYS >= 1.00 0 0.0 0.0 0
SNOWFALL (INCHES)
RECORDS
TOTAL 39.0 2019
SNOW DEPTH 4 02/26/2023
02/25/2023
02/24/2023
TOTALS T 6.4 -6.4 6.0
SINCE 7/1 5.5 23.7 -18.2 MM
SNOWDEPTH AVG. T 1
DAYS >= TRACE 7 4.9 2.1 9
DAYS >= 1.0 0 2.0 -2.0 3
GREATEST
SNOW DEPTH MM 4 02/24
02/25
02/26
DEGREE DAYS
HEATING TOTAL 919 1228 -309 1157
SINCE 7/1 4937 5763 -826 MM
COOLING TOTAL 0 0 0 0
SINCE 1/1 0 0 0 MM
FREEZE DATES
RECORD
EARLIEST MM
LATEST MM
EARLIEST 10/06
LATEST 05/02
................................................................
WIND (MPH)
AVERAGE WIND SPEED 9.6
RESULTANT WIND SPEED/DIRECTION 2/350
HIGHEST WIND SPEED/DIRECTION 39/340 DATE 02/27
HIGHEST GUST SPEED/DIRECTION 55/340 DATE 02/27
SKY COVER
POSSIBLE SUNSHINE (PERCENT) MM
AVERAGE SKY COVER 0.45
NUMBER OF DAYS FAIR 13
NUMBER OF DAYS PC 8
NUMBER OF DAYS CLOUDY 8
AVERAGE RH (PERCENT) 70
WEATHER CONDITIONS. NUMBER OF DAYS WITH
THUNDERSTORM 0 MIXED PRECIP 0
HEAVY RAIN 0 RAIN 0
LIGHT RAIN 2 FREEZING RAIN 0
LT FREEZING RAIN 0 HAIL 0
HEAVY SNOW 0 SNOW 0
LIGHT SNOW 6 SLEET 0
FOG 13 FOG W/VIS <= 1/4 MILE 5
HAZE 1
- INDICATES NEGATIVE NUMBERS.
R INDICATES RECORD WAS SET OR TIED.
MM INDICATES DATA IS MISSING.
T INDICATES TRACE AMOUNT.
$$