000
CXUS53 KDTX 032143
CF6MBS
PRELIMINARY LOCAL CLIMATOLOGICAL DATA (WS FORM: F-6)
STATION: TRI CITIES MI
MONTH: MARCH
YEAR: 2024
LATITUDE: 43 31 N
LONGITUDE: 84 5 W
TEMPERATURE IN F: :PCPN: SNOW: WIND :SUNSHINE: SKY :PK WND
================================================================================
1 2 3 4 5 6A 6B 7 8 9 10 11 12 13 14 15 16 17 18
12Z AVG MX 2MIN
DY MAX MIN AVG DEP HDD CDD WTR SNW DPTH SPD SPD DIR MIN PSBL S-S WX SPD DR
================================================================================
1 49 28 39 11 26 0 0.00 0.0 0 10.3 18 170 M M 2 26 210
2 54 39 47 18 18 0 0.00 0.0 0 6.7 13 220 M M 6 17 190
3 62 38 50 21 15 0 0.00 0.0 0 12.4 21 140 M M 2 1 29 140
4 70 46 58 28 7 0 0.00 0.0 0 10.9 23 200 M M 3 32 210
5 63 41 52 22 13 0 0.39 0.0 0 12.2 24 320 M M 8 13 30 310
6 44 36 40 10 25 0 0.00 0.0 0 15.9 26 40 M M 6 36 40
7 45 33 39 8 26 0 0.00 0.0 0 10.6 17 40 M M 4 22 50
8 46 33 40 9 25 0 0.68 0.0 0 7.0 13 40 M M 9 1 15 40
9 42 31 37 6 28 0 0.05 0.2 0 15.1 21 310 M M 8 1 28 300
10 38 28 33 1 32 0 0.02 0.8 1 18.0 31 320 M M 6 1 43 300
11 57 26 42 10 23 0 0.00 0.0 0 9.9 22 220 M M 0 28 220
12 71 38 55 23 10 0 0.00 0.0 0 10.5 26 220 M M 0 36 240
13 67 40 54 21 11 0 0.00 0.0 0 5.6 12 30 M M 0 15 230
14 49 41 45 12 20 0 0.80 0.0 0 12.7 25 30 M M 10 1 33 30
15 50 33 42 8 23 0 0.00 0.0 0 6.6 15 350 M M 4 18 350
16 54 32 43 9 22 0 T 0.0 0 14.9 31 220 M M 5 43 260
17 38 28 33 -1 32 0 T T 0 12.3 21 290 M M 10 29 320
18 35 26 31 -4 34 0 T 0.2 T 12.4 20 330 M M 10 26 300
19 42 30 36 1 29 0 0.00 0.0 0 15.1 28 250 M M 8 35 250
20 36 23 30 -6 35 0 0.01 0.5 T 16.3 30 320 M M 7 1 39 300
21 35 19 27 -9 38 0 0.00 0.0 0 6.4 17 310 M M 6 22 320
22 31 23 27 -9 38 0 0.24 4.5 1 5.9 13 140 M M 9 12 16 140
23 37 19 28 -9 37 0 0.00 0.0 5 7.0 15 340 M M 4 1 19 320
24 39 20 30 -7 35 0 0.00 0.0 0 10.7 16 90 M M 6 22 130
25 62 30 46 9 19 0 0.00 0.0 0 11.8 21 150 M M 2 29 170
26 60 43 52 14 13 0 0.42 0.0 0 18.3 29 170 M M 8 1 43 170
27 43 31 37 -1 28 0 0.00 0.0 0 15.4 25 250 M M 9 34 240
28 46 28 37 -1 28 0 0.00 0.0 0 11.3 26 250 M M 1 36 230
29 51 24 38 -1 27 0 0.00 0.0 0 6.4 15 30 M M 0 25 280
30 42 32 37 -2 28 0 0.01 0.0 0 8.8 15 30 M M 10 1 19 20
31 41 35 38 -2 27 0 0.00 0.0 0 3.8 10 350 M M 10 13 340
================================================================================
SM 1499 974 772 0 2.62 6.2 341.2 M 173
================================================================================
AV 48.4 31.4 11.0 FASTST M M 6 MAX(MPH)
MISC ----> # 31 320 # 43 300
================================================================================
NOTES:
# LAST OF SEVERAL OCCURRENCES
COLUMN 17 PEAK WIND IN M.P.H.
PRELIMINARY LOCAL CLIMATOLOGICAL DATA (WS FORM: F-6) , PAGE 2
STATION: TRI CITIES MI
MONTH: MARCH
YEAR: 2024
LATITUDE: 43 31 N
LONGITUDE: 84 5 W
[TEMPERATURE DATA] [PRECIPITATION DATA] SYMBOLS USED IN COLUMN 16
AVERAGE MONTHLY: 39.9 TOTAL FOR MONTH: 2.62 1 = FOG OR MIST
DPTR FM NORMAL: 5.9 DPTR FM NORMAL: 0.60 2 = FOG REDUCING VISIBILITY
HIGHEST: 71 ON 12 GRTST 24HR 0.80 ON 14-14 TO 1/4 MILE OR LESS
LOWEST: 19 ON 23,21 3 = THUNDER
SNOW, ICE PELLETS, HAIL 4 = ICE PELLETS
TOTAL MONTH: 6.2 INCHES 5 = HAIL
GRTST 24HR 4.5 ON 22-22 6 = FREEZING RAIN OR DRIZZLE
GRTST DEPTH: 5 ON 23 7 = DUSTSTORM OR SANDSTORM:
VSBY 1/2 MILE OR LESS
8 = SMOKE OR HAZE
[NO. OF DAYS WITH] [WEATHER - DAYS WITH] 9 = BLOWING SNOW
X = TORNADO
MAX 32 OR BELOW: 1 0.01 INCH OR MORE: 9
MAX 90 OR ABOVE: 0 0.10 INCH OR MORE: 5
MIN 32 OR BELOW: 18 0.50 INCH OR MORE: 2
MIN 0 OR BELOW: 0 1.00 INCH OR MORE: 0
[HDD (BASE 65) ]
TOTAL THIS MO. 772 CLEAR (SCALE 0-3) 9
DPTR FM NORMAL -190 PTCLDY (SCALE 4-7) 13
TOTAL FM JUL 1 4899 CLOUDY (SCALE 8-10) 9
DPTR FM NORMAL -1005
[CDD (BASE 65) ]
TOTAL THIS MO. 0
DPTR FM NORMAL -1 [PRESSURE DATA]
TOTAL FM JAN 1 0 HIGHEST SLP 30.38 ON 24
DPTR FM NORMAL -1 LOWEST SLP 29.49 ON 26
[REMARKS]
#FINAL-03-24#
CORRECTED SNOWFALL ON 3/22.