000
CXUS54 KLIX 010810
CF6MCB
PRELIMINARY LOCAL CLIMATOLOGICAL DATA (WS FORM: F-6)
STATION: MCCOMB
MONTH: MAY
YEAR: 2022
LATITUDE: 31 10 N
LONGITUDE: 90 28 W
TEMPERATURE IN F: :PCPN: SNOW: WIND :SUNSHINE: SKY :PK WND
================================================================================
1 2 3 4 5 6A 6B 7 8 9 10 11 12 13 14 15 16 17 18
12Z AVG MX 2MIN
DY MAX MIN AVG DEP HDD CDD WTR SNW DPTH SPD SPD DIR MIN PSBL S-S WX SPD DR
================================================================================
1 86 67 77 8 0 12 0.04 0.0 M 4.7 17 340 M M 4 13 22 340
2 86 68 77 8 0 12 0.00 M M 8.5 20 160 M M 4 12 26 160
3 85 67 76 6 0 11 0.00 M M 5.8 14 170 M M 3 1 21 270
4 88 62 75 5 0 10 0.00 M M 4.5 13 150 M M 2 128 17 170
5 88 65 77 7 0 12 0.30 M M 6.3 21 330 M M 5 123 28 170
6 85 61 73 3 0 8 0.05 M M 7.0 21 310 M M 3 1 28 310
7 87 57 72 1 0 7 0.00 M M 4.0 14 320 M M 0 18 320
8 88 61 75 4 0 10 0.00 M M 5.0 12 180 M M 2 15 170
9 89 71 80 9 0 15 0.00 M M 9.6 16 160 M M 6 18 21 160
10 88 68 78 6 0 13 0.00 M M 4.4 12 140 M M 2 1 17 160
11 90 62 76 4 0 11 0.00 M M 2.0 12 80 M M 1 1 16 20
12 92 68 80 8 0 15 0.19 0.0 M 4.2 23 80 M M 4 138 32 70
13 84 65 75 3 0 10 0.29 0.0 M 3.6 31 330 M M 5 13 37 320
14 88 63 76 3 0 11 0.00 0.0 M 3.4 12 60 M M 2 13 16 360
15 90 65 78 5 0 13 0.05 0.0 M 3.8 31 350 M M 2 13 45 350
16 91 67 79 6 0 14 T M M 3.2 9 210 M M 4 3 13 290
17 91 68 80 7 0 15 0.00 M M 3.1 12 330 M M 1 19 300
18 91 67 79 5 0 14 0.00 M M 5.5 14 190 M M 4 12 18 190
19 91 67 79 5 0 14 0.00 M M 7.5 17 190 M M 3 12 22 180
20 91 69 80 6 0 15 0.00 M M 9.8 21 180 M M 2 1 30 160
21 91 69 80 6 0 15 T M M 8.5 25 160 M M 5 13 30 170
22 88 68 78 3 0 13 0.82 0.0 M 5.4 15 340 M M 6 13 20 330
23 85 70 78 3 0 13 0.03 0.0 M 3.5 9 360 M M 6 1 12 120
24 87 69 78 3 0 13 0.49 0.0 M 8.0 31 160 M M 6 138 39 160
25 80 67 74 -2 0 9 0.67 0.0 M 7.9 28 160 M M 5 138 38 160
26 85 66 76 0 0 11 T 0.0 M 4.8 15 250 M M 3 3 21 250
27 84 61 73 -3 0 8 0.00 0.0 M 5.7 18 320 M M 0 25 320
28 86 57 72 -4 0 7 0.00 0.0 M 2.5 10 320 M M 0 14 350
29 87 57 72 -4 0 7 0.00 0.0 M 2.6 10 170 M M 0 1 16 140
30 90 68 79 2 0 14 0.00 M M 7.8 17 160 M M 2 1 23 160
31 91 73 82 5 0 17 0.00 M M 5.2 17 150 M M 6 138 23 150
================================================================================
SM 2723 2033 0 369 2.93 0.0 167.8 M 98
================================================================================
AV 87.8 65.6 5.4 FASTST M M 3 MAX(MPH)
MISC ----> # 31 330 45 350
================================================================================
NOTES:
# LAST OF SEVERAL OCCURRENCES
COLUMN 17 PEAK WIND IN M.P.H.
PRELIMINARY LOCAL CLIMATOLOGICAL DATA (WS FORM: F-6) , PAGE 2
STATION: MCCOMB
MONTH: MAY
YEAR: 2022
LATITUDE: 31 10 N
LONGITUDE: 90 28 W
[TEMPERATURE DATA] [PRECIPITATION DATA] SYMBOLS USED IN COLUMN 16
AVERAGE MONTHLY: 76.7 TOTAL FOR MONTH: 2.93 1 = FOG OR MIST
DPTR FM NORMAL: 3.6 DPTR FM NORMAL: -1.62 2 = FOG REDUCING VISIBILITY
HIGHEST: 92 ON 12 GRTST 24HR 1.14 ON 24-25 TO 1/4 MILE OR LESS
LOWEST: 57 ON 29,28 3 = THUNDER
SNOW, ICE PELLETS, HAIL 4 = ICE PELLETS
TOTAL MONTH: 0.0 INCH 5 = HAIL
GRTST 24HR 0.0 6 = FREEZING RAIN OR DRIZZLE
GRTST DEPTH: M ON M 7 = DUSTSTORM OR SANDSTORM:
VSBY 1/2 MILE OR LESS
8 = SMOKE OR HAZE
[NO. OF DAYS WITH] [WEATHER - DAYS WITH] 9 = BLOWING SNOW
X = TORNADO
MAX 32 OR BELOW: 0 0.01 INCH OR MORE: 10
MAX 90 OR ABOVE: 11 0.10 INCH OR MORE: 6
MIN 32 OR BELOW: 0 0.50 INCH OR MORE: 2
MIN 0 OR BELOW: 0 1.00 INCH OR MORE: 0
[HDD (BASE 65) ]
TOTAL THIS MO. 0 CLEAR (SCALE 0-3) 17
DPTR FM NORMAL -9 PTCLDY (SCALE 4-7) 14
TOTAL FM JUL 1 1613 CLOUDY (SCALE 8-10) 0
DPTR FM NORMAL -306
[CDD (BASE 65) ]
TOTAL THIS MO. 369
DPTR FM NORMAL 109 [PRESSURE DATA]
TOTAL FM JAN 1 556 HIGHEST SLP M ON M
DPTR FM NORMAL 143 LOWEST SLP 29.73 ON 6
[REMARKS]
#FINAL-05-22#