000
CXUS54 KLIX 010810
CF6MCB
PRELIMINARY LOCAL CLIMATOLOGICAL DATA (WS FORM: F-6)
STATION: MCCOMB
MONTH: APRIL
YEAR: 2022
LATITUDE: 31 10 N
LONGITUDE: 90 28 W
TEMPERATURE IN F: :PCPN: SNOW: WIND :SUNSHINE: SKY :PK WND
================================================================================
1 2 3 4 5 6A 6B 7 8 9 10 11 12 13 14 15 16 17 18
12Z AVG MX 2MIN
DY MAX MIN AVG DEP HDD CDD WTR SNW DPTH SPD SPD DIR MIN PSBL S-S WX SPD DR
================================================================================
1 75 46 61 -2 4 0 0.00 M M 3.6 10 360 M M 0 13 350
2 80 46 63 0 2 0 0.01 M M 3.2 10 100 M M 2 14 20
3 82 52 67 4 0 2 0.00 M M 3.1 9 310 M M 0 12 330
4 83 49 66 3 0 1 0.06 0.0 M 6.1 16 170 M M 2 1 21 170
5 75 62 69 6 0 4 2.16 0.0 M 7.9 32 320 M M 9 123 41 310
6 86 61 74 10 0 9 0.00 0.0 M 9.5 22 330 M M 8 18 27 340
7 69 48 59 -5 6 0 0.00 0.0 M 10.0 25 300 M M 2 36 290
8 67 41 54 -10 11 0 0.00 0.0 M 9.1 31 320 M M 1 40 310
9 72 35 54 -10 11 0 0.00 0.0 M 3.6 18 330 M M 0 23 330
10 79 45 62 -2 3 0 0.00 M M 9.7 25 170 M M 0 32 170
11 74 60 67 3 0 2 0.14 M M 10.6 29 170 M M 9 13 40 150
12 78 65 72 7 0 7 0.44 M M 13.9 28 150 M M 9 13 35 150
13 81 64 73 8 0 8 1.47 M M 11.2 29 320 M M 10 13 39 320
14 79 55 67 2 0 2 0.00 M M 5.5 16 360 M M 2 22 320
15 78 57 68 3 0 3 0.57 M M 7.1 20 170 M M 7 13 24 170
16 83 65 74 8 0 9 0.12 M M 6.7 15 100 M M 10 13 21 100
17 85 65 75 9 0 10 0.07 M M 4.9 15 210 M M 8 123 20 30
18 68 53 61 -5 4 0 0.01 M M 10.3 18 350 M M 6 1 23 350
19 73 48 61 -5 4 0 0.00 M M 4.0 13 80 M M 0 19 110
20 78 50 64 -2 1 0 0.00 M M 10.2 24 160 M M 2 1 31 160
21 85 62 74 7 0 9 0.00 M M 8.3 17 160 M M 4 1 22 160
22 83 61 72 5 0 7 0.00 M M 7.2 17 160 M M 3 12 23 140
23 84 59 72 5 0 7 0.00 M M 9.7 21 170 M M 4 18 28 130
24 85 65 75 8 0 10 0.00 M M 10.3 20 170 M M 6 1 26 170
25 86 65 76 8 0 11 0.34 M M 6.3 26 310 M M 9 138 33 310
26 77 55 66 -2 0 1 T M M 8.7 14 10 M M 5 20 350
27 78 50 64 -4 1 0 0.00 0.0 M 3.9 10 10 M M 0 15 10
28 81 48 65 -3 0 0 0.00 0.0 M 1.9 9 150 M M 0 13 150
29 83 51 67 -1 0 2 0.00 0.0 M 5.3 16 170 M M 1 18 22 170
30 85 57 71 2 0 6 0.00 0.0 M 5.5 14 200 M M 2 12 18 240
================================================================================
SM 2372 1640 47 110 5.39 0.0 217.3 M 121
================================================================================
AV 79.1 54.7 7.2 FASTST M M 4 MAX(MPH)
MISC ----> 32 320 41 310
================================================================================
NOTES:
# LAST OF SEVERAL OCCURRENCES
COLUMN 17 PEAK WIND IN M.P.H.
PRELIMINARY LOCAL CLIMATOLOGICAL DATA (WS FORM: F-6) , PAGE 2
STATION: MCCOMB
MONTH: APRIL
YEAR: 2022
LATITUDE: 31 10 N
LONGITUDE: 90 28 W
[TEMPERATURE DATA] [PRECIPITATION DATA] SYMBOLS USED IN COLUMN 16
AVERAGE MONTHLY: 66.9 TOTAL FOR MONTH: 5.39 1 = FOG OR MIST
DPTR FM NORMAL: 1.4 DPTR FM NORMAL: 0.37 2 = FOG REDUCING VISIBILITY
HIGHEST: 86 ON 25, 6 GRTST 24HR 2.22 ON 4- 5 TO 1/4 MILE OR LESS
LOWEST: 35 ON 9 3 = THUNDER
SNOW, ICE PELLETS, HAIL 4 = ICE PELLETS
TOTAL MONTH: 0.0 INCH 5 = HAIL
GRTST 24HR 0.0 6 = FREEZING RAIN OR DRIZZLE
GRTST DEPTH: M ON M 7 = DUSTSTORM OR SANDSTORM:
VSBY 1/2 MILE OR LESS
8 = SMOKE OR HAZE
[NO. OF DAYS WITH] [WEATHER - DAYS WITH] 9 = BLOWING SNOW
X = TORNADO
MAX 32 OR BELOW: 0 0.01 INCH OR MORE: 11
MAX 90 OR ABOVE: 0 0.10 INCH OR MORE: 7
MIN 32 OR BELOW: 0 0.50 INCH OR MORE: 3
MIN 0 OR BELOW: 0 1.00 INCH OR MORE: 2
[HDD (BASE 65) ]
TOTAL THIS MO. 47 CLEAR (SCALE 0-3) 15
DPTR FM NORMAL -32 PTCLDY (SCALE 4-7) 9
TOTAL FM JUL 1 1613 CLOUDY (SCALE 8-10) 6
DPTR FM NORMAL -299
[CDD (BASE 65) ]
TOTAL THIS MO. 110
DPTR FM NORMAL 16 [PRESSURE DATA]
TOTAL FM JAN 1 187 HIGHEST SLP M ON M
DPTR FM NORMAL 34 LOWEST SLP 29.60 ON 5
[REMARKS]
#FINAL-04-22#